Uname:Linux duemilacom6.interac.it 5.10.0-28-amd64 #1 SMP Debian 5.10.209-2 (2024-01-31) x86_64

403WebShell
403Webshell
Server IP : 212.183.175.188  /  Your IP : 216.73.216.82
Web Server : nginx/1.30.4
System : Linux duemilacom6.interac.it 5.10.0-28-amd64 #1 SMP Debian 5.10.209-2 (2024-01-31) x86_64
User : cvevolpi ( 10022)
PHP Version : 7.4.33
Disable Function : opcache_get_status
MySQL : OFF  |  cURL : ON  |  WGET : OFF  |  Perl : OFF  |  Python : OFF  |  Sudo : OFF  |  Pkexec : OFF
Directory :  /var/www/vhosts/cvevolpi.it/logs/

Upload File :
current_dir [ Writeable ] document_root [ Writeable ]

 

Command :


[ Back ]     

Current File : /var/www/vhosts/cvevolpi.it/logs/access_ssl_log
192.178.4.166 - - [15/Sep/2026:06:38:49 +0200] "GET /?v=11266117029700 HTTP/1.1" 200 8761 "-" "Mozilla/5.0 (Linux; Android 6.0.1; Nexus 5X Build/MMB29P) AppleWebKit/537.36 (KHTML, like Gecko) Chrome/152.0.7977.82 Mobile Safari/537.36 (compatible; Googlebot/2.1; +http://www.google.com/bot.html)"
192.178.4.167 - - [15/Sep/2026:06:38:50 +0200] "GET /?v=87882165306702 HTTP/1.1" 200 8777 "-" "Mozilla/5.0 (Linux; Android 6.0.1; Nexus 5X Build/MMB29P) AppleWebKit/537.36 (KHTML, like Gecko) Chrome/152.0.7977.82 Mobile Safari/537.36 (compatible; Googlebot/2.1; +http://www.google.com/bot.html)"
216.73.216.82 - - [15/Sep/2026:06:39:36 +0200] "GET /robots.txt HTTP/1.1" 200 8758 "-" "Mozilla/5.0 AppleWebKit/537.36 (KHTML, like Gecko; compatible; ClaudeBot/1.0; +claudebot@anthropic.com)"
216.73.216.82 - - [15/Sep/2026:06:39:38 +0200] "GET /sitemap.xml HTTP/1.1" 200 8790 "-" "Mozilla/5.0 AppleWebKit/537.36 (KHTML, like Gecko; compatible; ClaudeBot/1.0; +claudebot@anthropic.com)"
192.178.4.167 - - [15/Sep/2026:06:40:02 +0200] "GET /?v=75022213186200 HTTP/1.1" 200 8793 "-" "Mozilla/5.0 (Linux; Android 6.0.1; Nexus 5X Build/MMB29P) AppleWebKit/537.36 (KHTML, like Gecko) Chrome/152.0.7977.82 Mobile Safari/537.36 (compatible; Googlebot/2.1; +http://www.google.com/bot.html)"
192.178.4.168 - - [15/Sep/2026:06:40:03 +0200] "GET /?v=09947159298100 HTTP/1.1" 200 8775 "-" "Mozilla/5.0 (Linux; Android 6.0.1; Nexus 5X Build/MMB29P) AppleWebKit/537.36 (KHTML, like Gecko) Chrome/152.0.7977.82 Mobile Safari/537.36 (compatible; Googlebot/2.1; +http://www.google.com/bot.html)"
216.73.216.82 - - [15/Sep/2026:06:40:10 +0200] "GET /tag/fabbro HTTP/1.1" 200 8774 "-" "Mozilla/5.0 AppleWebKit/537.36 (KHTML, like Gecko; compatible; ClaudeBot/1.0; +claudebot@anthropic.com)"
192.178.4.168 - - [15/Sep/2026:06:40:46 +0200] "GET /?v=28129181866501 HTTP/1.1" 200 8775 "-" "Mozilla/5.0 (Linux; Android 6.0.1; Nexus 5X Build/MMB29P) AppleWebKit/537.36 (KHTML, like Gecko) Chrome/152.0.7977.82 Mobile Safari/537.36 (compatible; Googlebot/2.1; +http://www.google.com/bot.html)"
192.178.4.167 - - [15/Sep/2026:06:41:28 +0200] "GET /?v=40238193774014 HTTP/1.1" 200 8777 "-" "Mozilla/5.0 (Linux; Android 6.0.1; Nexus 5X Build/MMB29P) AppleWebKit/537.36 (KHTML, like Gecko) Chrome/152.0.7977.82 Mobile Safari/537.36 (compatible; Googlebot/2.1; +http://www.google.com/bot.html)"
192.178.4.167 - - [15/Sep/2026:06:41:31 +0200] "GET /?v=2604794907901 HTTP/1.1" 200 8777 "-" "Mozilla/5.0 (Linux; Android 6.0.1; Nexus 5X Build/MMB29P) AppleWebKit/537.36 (KHTML, like Gecko) Chrome/152.0.7977.82 Mobile Safari/537.36 (compatible; Googlebot/2.1; +http://www.google.com/bot.html)"
192.178.4.166 - - [15/Sep/2026:06:42:34 +0200] "GET /?v=2510055245000 HTTP/1.1" 200 8777 "-" "Mozilla/5.0 (Linux; Android 6.0.1; Nexus 5X Build/MMB29P) AppleWebKit/537.36 (KHTML, like Gecko) Chrome/152.0.7977.82 Mobile Safari/537.36 (compatible; Googlebot/2.1; +http://www.google.com/bot.html)"
192.178.4.166 - - [15/Sep/2026:06:43:45 +0200] "GET /?v=9211112097000 HTTP/1.1" 200 8777 "-" "Mozilla/5.0 (Linux; Android 6.0.1; Nexus 5X Build/MMB29P) AppleWebKit/537.36 (KHTML, like Gecko) Chrome/152.0.7977.82 Mobile Safari/537.36 (compatible; Googlebot/2.1; +http://www.google.com/bot.html)"
192.178.4.166 - - [15/Sep/2026:06:45:09 +0200] "GET /?v=8393226861104 HTTP/1.1" 200 8777 "-" "Mozilla/5.0 (Linux; Android 6.0.1; Nexus 5X Build/MMB29P) AppleWebKit/537.36 (KHTML, like Gecko) Chrome/152.0.7977.82 Mobile Safari/537.36 (compatible; Googlebot/2.1; +http://www.google.com/bot.html)"
192.178.4.166 - - [15/Sep/2026:06:45:11 +0200] "GET /?v=0117176791000 HTTP/1.1" 200 8777 "-" "Mozilla/5.0 (Linux; Android 6.0.1; Nexus 5X Build/MMB29P) AppleWebKit/537.36 (KHTML, like Gecko) Chrome/152.0.7977.82 Mobile Safari/537.36 (compatible; Googlebot/2.1; +http://www.google.com/bot.html)"
192.178.4.168 - - [15/Sep/2026:06:45:53 +0200] "GET /?v=82280131308500 HTTP/1.1" 200 8791 "-" "Mozilla/5.0 (Linux; Android 6.0.1; Nexus 5X Build/MMB29P) AppleWebKit/537.36 (KHTML, like Gecko) Chrome/152.0.7977.82 Mobile Safari/537.36 (compatible; Googlebot/2.1; +http://www.google.com/bot.html)"
192.178.4.166 - - [15/Sep/2026:06:47:18 +0200] "GET /?v=84288208646401 HTTP/1.1" 200 8793 "-" "Mozilla/5.0 (Linux; Android 6.0.1; Nexus 5X Build/MMB29P) AppleWebKit/537.36 (KHTML, like Gecko) Chrome/152.0.7977.82 Mobile Safari/537.36 (compatible; Googlebot/2.1; +http://www.google.com/bot.html)"
192.178.4.167 - - [15/Sep/2026:06:48:01 +0200] "GET /?v=8016391427100 HTTP/1.1" 200 8777 "-" "Mozilla/5.0 (Linux; Android 6.0.1; Nexus 5X Build/MMB29P) AppleWebKit/537.36 (KHTML, like Gecko) Chrome/152.0.7977.82 Mobile Safari/537.36 (compatible; Googlebot/2.1; +http://www.google.com/bot.html)"
192.178.4.168 - - [15/Sep/2026:06:48:02 +0200] "GET /?v=1911257461100 HTTP/1.1" 200 8775 "-" "Mozilla/5.0 (Linux; Android 6.0.1; Nexus 5X Build/MMB29P) AppleWebKit/537.36 (KHTML, like Gecko) Chrome/152.0.7977.82 Mobile Safari/537.36 (compatible; Googlebot/2.1; +http://www.google.com/bot.html)"
192.178.4.168 - - [15/Sep/2026:06:48:44 +0200] "GET /?v=9145017529002 HTTP/1.1" 200 8775 "-" "Mozilla/5.0 (Linux; Android 6.0.1; Nexus 5X Build/MMB29P) AppleWebKit/537.36 (KHTML, like Gecko) Chrome/152.0.7977.82 Mobile Safari/537.36 (compatible; Googlebot/2.1; +http://www.google.com/bot.html)"
192.178.4.168 - - [15/Sep/2026:06:49:49 +0200] "GET /?v=7800678182318 HTTP/1.1" 200 8759 "-" "Mozilla/5.0 (Linux; Android 6.0.1; Nexus 5X Build/MMB29P) AppleWebKit/537.36 (KHTML, like Gecko) Chrome/152.0.7977.82 Mobile Safari/537.36 (compatible; Googlebot/2.1; +http://www.google.com/bot.html)"
192.178.4.168 - - [15/Sep/2026:06:49:50 +0200] "GET /?v=92442203630900 HTTP/1.1" 200 8775 "-" "Mozilla/5.0 (Linux; Android 6.0.1; Nexus 5X Build/MMB29P) AppleWebKit/537.36 (KHTML, like Gecko) Chrome/152.0.7977.82 Mobile Safari/537.36 (compatible; Googlebot/2.1; +http://www.google.com/bot.html)"
192.178.4.166 - - [15/Sep/2026:06:51:17 +0200] "GET /?v=8845756269301 HTTP/1.1" 200 8793 "-" "Mozilla/5.0 (Linux; Android 6.0.1; Nexus 5X Build/MMB29P) AppleWebKit/537.36 (KHTML, like Gecko) Chrome/152.0.7977.82 Mobile Safari/537.36 (compatible; Googlebot/2.1; +http://www.google.com/bot.html)"
192.178.4.166 - - [15/Sep/2026:06:51:18 +0200] "GET /?v=03407101146201 HTTP/1.1" 200 8777 "-" "Mozilla/5.0 (Linux; Android 6.0.1; Nexus 5X Build/MMB29P) AppleWebKit/537.36 (KHTML, like Gecko) Chrome/152.0.7977.82 Mobile Safari/537.36 (compatible; Googlebot/2.1; +http://www.google.com/bot.html)"
192.178.4.166 - - [15/Sep/2026:06:51:19 +0200] "GET /?v=95425195675900 HTTP/1.1" 200 8761 "-" "Mozilla/5.0 (Linux; Android 6.0.1; Nexus 5X Build/MMB29P) AppleWebKit/537.36 (KHTML, like Gecko) Chrome/152.0.7977.82 Mobile Safari/537.36 (compatible; Googlebot/2.1; +http://www.google.com/bot.html)"
192.178.4.167 - - [15/Sep/2026:06:51:49 +0200] "GET /?v=72085138464200 HTTP/1.1" 200 8777 "-" "Mozilla/5.0 (Linux; Android 6.0.1; Nexus 5X Build/MMB29P) AppleWebKit/537.36 (KHTML, like Gecko) Chrome/152.0.7977.82 Mobile Safari/537.36 (compatible; Googlebot/2.1; +http://www.google.com/bot.html)"
192.178.4.167 - - [15/Sep/2026:06:52:49 +0200] "GET /?v=1231772798400 HTTP/1.1" 200 8777 "-" "Mozilla/5.0 (Linux; Android 6.0.1; Nexus 5X Build/MMB29P) AppleWebKit/537.36 (KHTML, like Gecko) Chrome/152.0.7977.82 Mobile Safari/537.36 (compatible; Googlebot/2.1; +http://www.google.com/bot.html)"
192.178.4.168 - - [15/Sep/2026:06:54:26 +0200] "GET /?v=88871122956100 HTTP/1.1" 200 8775 "-" "Mozilla/5.0 (Linux; Android 6.0.1; Nexus 5X Build/MMB29P) AppleWebKit/537.36 (KHTML, like Gecko) Chrome/152.0.7977.82 Mobile Safari/537.36 (compatible; Googlebot/2.1; +http://www.google.com/bot.html)"
192.178.4.168 - - [15/Sep/2026:06:55:08 +0200] "GET /?v=99809133383100 HTTP/1.1" 200 8759 "-" "Mozilla/5.0 (Linux; Android 6.0.1; Nexus 5X Build/MMB29P) AppleWebKit/537.36 (KHTML, like Gecko) Chrome/152.0.7977.82 Mobile Safari/537.36 (compatible; Googlebot/2.1; +http://www.google.com/bot.html)"
192.178.4.166 - - [15/Sep/2026:06:55:09 +0200] "GET /?v=8199747221700 HTTP/1.1" 200 8777 "-" "Mozilla/5.0 (Linux; Android 6.0.1; Nexus 5X Build/MMB29P) AppleWebKit/537.36 (KHTML, like Gecko) Chrome/152.0.7977.82 Mobile Safari/537.36 (compatible; Googlebot/2.1; +http://www.google.com/bot.html)"
192.178.4.168 - - [15/Sep/2026:06:56:03 +0200] "GET /?v=42091146446404 HTTP/1.1" 200 8775 "-" "Mozilla/5.0 (Linux; Android 6.0.1; Nexus 5X Build/MMB29P) AppleWebKit/537.36 (KHTML, like Gecko) Chrome/152.0.7977.82 Mobile Safari/537.36 (compatible; Googlebot/2.1; +http://www.google.com/bot.html)"
192.178.4.166 - - [15/Sep/2026:06:56:04 +0200] "GET /?v=8845614729803 HTTP/1.1" 200 8777 "-" "Mozilla/5.0 (Linux; Android 6.0.1; Nexus 5X Build/MMB29P) AppleWebKit/537.36 (KHTML, like Gecko) Chrome/152.0.7977.82 Mobile Safari/537.36 (compatible; Googlebot/2.1; +http://www.google.com/bot.html)"
192.178.4.167 - - [15/Sep/2026:06:56:05 +0200] "GET /?v=9823975925501 HTTP/1.1" 200 8777 "-" "Mozilla/5.0 (Linux; Android 6.0.1; Nexus 5X Build/MMB29P) AppleWebKit/537.36 (KHTML, like Gecko) Chrome/152.0.7977.82 Mobile Safari/537.36 (compatible; Googlebot/2.1; +http://www.google.com/bot.html)"
192.178.4.167 - - [15/Sep/2026:06:56:44 +0200] "GET /?v=4186466028100 HTTP/1.1" 200 8777 "-" "Mozilla/5.0 (Linux; Android 6.0.1; Nexus 5X Build/MMB29P) AppleWebKit/537.36 (KHTML, like Gecko) Chrome/152.0.7977.82 Mobile Safari/537.36 (compatible; Googlebot/2.1; +http://www.google.com/bot.html)"
192.178.4.166 - - [15/Sep/2026:06:57:35 +0200] "GET /?v=1079968437702 HTTP/1.1" 200 8777 "-" "Mozilla/5.0 (Linux; Android 6.0.1; Nexus 5X Build/MMB29P) AppleWebKit/537.36 (KHTML, like Gecko) Chrome/152.0.7977.82 Mobile Safari/537.36 (compatible; Googlebot/2.1; +http://www.google.com/bot.html)"
192.178.4.168 - - [15/Sep/2026:06:58:29 +0200] "GET /?v=2256096423105 HTTP/1.1" 200 8775 "-" "Mozilla/5.0 (Linux; Android 6.0.1; Nexus 5X Build/MMB29P) AppleWebKit/537.36 (KHTML, like Gecko) Chrome/152.0.7977.82 Mobile Safari/537.36 (compatible; Googlebot/2.1; +http://www.google.com/bot.html)"
192.178.4.168 - - [15/Sep/2026:06:59:23 +0200] "GET /?v=98737102608802 HTTP/1.1" 200 8759 "-" "Mozilla/5.0 (Linux; Android 6.0.1; Nexus 5X Build/MMB29P) AppleWebKit/537.36 (KHTML, like Gecko) Chrome/152.0.7977.82 Mobile Safari/537.36 (compatible; Googlebot/2.1; +http://www.google.com/bot.html)"
192.178.4.168 - - [15/Sep/2026:07:00:44 +0200] "GET /?v=1509298956000 HTTP/1.1" 200 8775 "-" "Mozilla/5.0 (Linux; Android 6.0.1; Nexus 5X Build/MMB29P) AppleWebKit/537.36 (KHTML, like Gecko) Chrome/152.0.7977.82 Mobile Safari/537.36 (compatible; Googlebot/2.1; +http://www.google.com/bot.html)"
192.178.4.166 - - [15/Sep/2026:07:01:23 +0200] "GET /?v=4822877489002 HTTP/1.1" 200 8793 "-" "Mozilla/5.0 (Linux; Android 6.0.1; Nexus 5X Build/MMB29P) AppleWebKit/537.36 (KHTML, like Gecko) Chrome/152.0.7977.82 Mobile Safari/537.36 (compatible; Googlebot/2.1; +http://www.google.com/bot.html)"
192.178.4.167 - - [15/Sep/2026:07:02:41 +0200] "GET /?v=25063134458803 HTTP/1.1" 200 8761 "-" "Mozilla/5.0 (Linux; Android 6.0.1; Nexus 5X Build/MMB29P) AppleWebKit/537.36 (KHTML, like Gecko) Chrome/152.0.7977.82 Mobile Safari/537.36 (compatible; Googlebot/2.1; +http://www.google.com/bot.html)"
192.178.4.166 - - [15/Sep/2026:07:03:22 +0200] "GET /?v=2586596172100 HTTP/1.1" 200 8761 "-" "Mozilla/5.0 (Linux; Android 6.0.1; Nexus 5X Build/MMB29P) AppleWebKit/537.36 (KHTML, like Gecko) Chrome/152.0.7977.82 Mobile Safari/537.36 (compatible; Googlebot/2.1; +http://www.google.com/bot.html)"
192.178.4.166 - - [15/Sep/2026:07:04:04 +0200] "GET /?v=0927723995104 HTTP/1.1" 200 8777 "-" "Mozilla/5.0 (Linux; Android 6.0.1; Nexus 5X Build/MMB29P) AppleWebKit/537.36 (KHTML, like Gecko) Chrome/152.0.7977.82 Mobile Safari/537.36 (compatible; Googlebot/2.1; +http://www.google.com/bot.html)"
192.178.4.166 - - [15/Sep/2026:07:05:21 +0200] "GET /?v=7762084183006 HTTP/1.1" 200 8761 "-" "Mozilla/5.0 (Linux; Android 6.0.1; Nexus 5X Build/MMB29P) AppleWebKit/537.36 (KHTML, like Gecko) Chrome/152.0.7977.82 Mobile Safari/537.36 (compatible; Googlebot/2.1; +http://www.google.com/bot.html)"
216.73.216.82 - - [15/Sep/2026:07:05:30 +0200] "GET /wp-sitemap.xml HTTP/1.1" 200 8774 "-" "Mozilla/5.0 AppleWebKit/537.36 (KHTML, like Gecko; compatible; ClaudeBot/1.0; +claudebot@anthropic.com)"
192.178.4.167 - - [15/Sep/2026:07:06:01 +0200] "GET /?v=1166270480300 HTTP/1.1" 200 8793 "-" "Mozilla/5.0 (Linux; Android 6.0.1; Nexus 5X Build/MMB29P) AppleWebKit/537.36 (KHTML, like Gecko) Chrome/152.0.7977.82 Mobile Safari/537.36 (compatible; Googlebot/2.1; +http://www.google.com/bot.html)"
192.178.4.168 - - [15/Sep/2026:07:06:02 +0200] "GET /?v=08919155713803 HTTP/1.1" 200 8775 "-" "Mozilla/5.0 (Linux; Android 6.0.1; Nexus 5X Build/MMB29P) AppleWebKit/537.36 (KHTML, like Gecko) Chrome/152.0.7977.82 Mobile Safari/537.36 (compatible; Googlebot/2.1; +http://www.google.com/bot.html)"
192.178.4.166 - - [15/Sep/2026:07:06:43 +0200] "GET /?v=9079573610800 HTTP/1.1" 200 8793 "-" "Mozilla/5.0 (Linux; Android 6.0.1; Nexus 5X Build/MMB29P) AppleWebKit/537.36 (KHTML, like Gecko) Chrome/152.0.7977.82 Mobile Safari/537.36 (compatible; Googlebot/2.1; +http://www.google.com/bot.html)"
192.178.4.167 - - [15/Sep/2026:07:08:00 +0200] "GET /?v=9117292132804 HTTP/1.1" 200 8777 "-" "Mozilla/5.0 (Linux; Android 6.0.1; Nexus 5X Build/MMB29P) AppleWebKit/537.36 (KHTML, like Gecko) Chrome/152.0.7977.82 Mobile Safari/537.36 (compatible; Googlebot/2.1; +http://www.google.com/bot.html)"
192.178.4.167 - - [15/Sep/2026:07:08:02 +0200] "GET /?v=8340952717500 HTTP/1.1" 200 8777 "-" "Mozilla/5.0 (Linux; Android 6.0.1; Nexus 5X Build/MMB29P) AppleWebKit/537.36 (KHTML, like Gecko) Chrome/152.0.7977.82 Mobile Safari/537.36 (compatible; Googlebot/2.1; +http://www.google.com/bot.html)"
192.178.4.167 - - [15/Sep/2026:07:08:40 +0200] "GET /?v=7986779564602 HTTP/1.1" 200 8761 "-" "Mozilla/5.0 (Linux; Android 6.0.1; Nexus 5X Build/MMB29P) AppleWebKit/537.36 (KHTML, like Gecko) Chrome/152.0.7977.82 Mobile Safari/537.36 (compatible; Googlebot/2.1; +http://www.google.com/bot.html)"
192.178.4.166 - - [15/Sep/2026:07:09:22 +0200] "GET /?v=07062129291105 HTTP/1.1" 200 8777 "-" "Mozilla/5.0 (Linux; Android 6.0.1; Nexus 5X Build/MMB29P) AppleWebKit/537.36 (KHTML, like Gecko) Chrome/152.0.7977.82 Mobile Safari/537.36 (compatible; Googlebot/2.1; +http://www.google.com/bot.html)"
192.178.4.166 - - [15/Sep/2026:07:10:42 +0200] "GET /?v=96739121420200 HTTP/1.1" 200 8777 "-" "Mozilla/5.0 (Linux; Android 6.0.1; Nexus 5X Build/MMB29P) AppleWebKit/537.36 (KHTML, like Gecko) Chrome/152.0.7977.82 Mobile Safari/537.36 (compatible; Googlebot/2.1; +http://www.google.com/bot.html)"
192.178.4.167 - - [15/Sep/2026:07:11:26 +0200] "GET /?v=3070270745400 HTTP/1.1" 200 8793 "-" "Mozilla/5.0 (Linux; Android 6.0.1; Nexus 5X Build/MMB29P) AppleWebKit/537.36 (KHTML, like Gecko) Chrome/152.0.7977.82 Mobile Safari/537.36 (compatible; Googlebot/2.1; +http://www.google.com/bot.html)"
192.178.4.166 - - [15/Sep/2026:07:12:05 +0200] "GET /?v=47282187331100 HTTP/1.1" 200 8777 "-" "Mozilla/5.0 (Linux; Android 6.0.1; Nexus 5X Build/MMB29P) AppleWebKit/537.36 (KHTML, like Gecko) Chrome/152.0.7977.82 Mobile Safari/537.36 (compatible; Googlebot/2.1; +http://www.google.com/bot.html)"
192.178.4.167 - - [15/Sep/2026:07:12:06 +0200] "GET /?v=0785233149501 HTTP/1.1" 200 8761 "-" "Mozilla/5.0 (Linux; Android 6.0.1; Nexus 5X Build/MMB29P) AppleWebKit/537.36 (KHTML, like Gecko) Chrome/152.0.7977.82 Mobile Safari/537.36 (compatible; Googlebot/2.1; +http://www.google.com/bot.html)"
192.178.4.167 - - [15/Sep/2026:07:12:07 +0200] "GET /?v=68004100543304 HTTP/1.1" 200 8761 "-" "Mozilla/5.0 (Linux; Android 6.0.1; Nexus 5X Build/MMB29P) AppleWebKit/537.36 (KHTML, like Gecko) Chrome/152.0.7977.82 Mobile Safari/537.36 (compatible; Googlebot/2.1; +http://www.google.com/bot.html)"
192.178.4.168 - - [15/Sep/2026:07:13:24 +0200] "GET /?v=86143139734904 HTTP/1.1" 200 8759 "-" "Mozilla/5.0 (Linux; Android 6.0.1; Nexus 5X Build/MMB29P) AppleWebKit/537.36 (KHTML, like Gecko) Chrome/152.0.7977.82 Mobile Safari/537.36 (compatible; Googlebot/2.1; +http://www.google.com/bot.html)"
192.178.4.167 - - [15/Sep/2026:07:13:26 +0200] "GET /?v=6862324697503 HTTP/1.1" 200 8761 "-" "Mozilla/5.0 (Linux; Android 6.0.1; Nexus 5X Build/MMB29P) AppleWebKit/537.36 (KHTML, like Gecko) Chrome/152.0.7977.82 Mobile Safari/537.36 (compatible; Googlebot/2.1; +http://www.google.com/bot.html)"
192.178.4.168 - - [15/Sep/2026:07:14:07 +0200] "GET /?v=82071208167903 HTTP/1.1" 200 8775 "-" "Mozilla/5.0 (Linux; Android 6.0.1; Nexus 5X Build/MMB29P) AppleWebKit/537.36 (KHTML, like Gecko) Chrome/152.0.7977.82 Mobile Safari/537.36 (compatible; Googlebot/2.1; +http://www.google.com/bot.html)"
192.178.4.167 - - [15/Sep/2026:07:14:46 +0200] "GET /?v=0101985062100 HTTP/1.1" 200 8761 "-" "Mozilla/5.0 (Linux; Android 6.0.1; Nexus 5X Build/MMB29P) AppleWebKit/537.36 (KHTML, like Gecko) Chrome/152.0.7977.82 Mobile Safari/537.36 (compatible; Googlebot/2.1; +http://www.google.com/bot.html)"
192.178.4.166 - - [15/Sep/2026:07:16:03 +0200] "GET /?v=8575591643606 HTTP/1.1" 200 8793 "-" "Mozilla/5.0 (Linux; Android 6.0.1; Nexus 5X Build/MMB29P) AppleWebKit/537.36 (KHTML, like Gecko) Chrome/152.0.7977.82 Mobile Safari/537.36 (compatible; Googlebot/2.1; +http://www.google.com/bot.html)"
192.178.4.166 - - [15/Sep/2026:07:16:04 +0200] "GET /?v=72767152960600 HTTP/1.1" 200 8793 "-" "Mozilla/5.0 (Linux; Android 6.0.1; Nexus 5X Build/MMB29P) AppleWebKit/537.36 (KHTML, like Gecko) Chrome/152.0.7977.82 Mobile Safari/537.36 (compatible; Googlebot/2.1; +http://www.google.com/bot.html)"
192.178.4.168 - - [15/Sep/2026:07:16:43 +0200] "GET /?v=12292137500000 HTTP/1.1" 200 8759 "-" "Mozilla/5.0 (Linux; Android 6.0.1; Nexus 5X Build/MMB29P) AppleWebKit/537.36 (KHTML, like Gecko) Chrome/152.0.7977.82 Mobile Safari/537.36 (compatible; Googlebot/2.1; +http://www.google.com/bot.html)"
51.81.103.248 - - [15/Sep/2026:07:16:47 +0200] "GET /wp-sitemap.xml HTTP/1.1" 200 8776 "-" "Mozilla/5.0 (compatible; AhrefsBot/7.0; +http://ahrefs.com/robot/)"
192.178.4.167 - - [15/Sep/2026:07:17:22 +0200] "GET /?v=2922722520500 HTTP/1.1" 200 8793 "-" "Mozilla/5.0 (Linux; Android 6.0.1; Nexus 5X Build/MMB29P) AppleWebKit/537.36 (KHTML, like Gecko) Chrome/152.0.7977.82 Mobile Safari/537.36 (compatible; Googlebot/2.1; +http://www.google.com/bot.html)"
192.178.4.168 - - [15/Sep/2026:07:18:03 +0200] "GET /?v=81196117956001 HTTP/1.1" 200 8791 "-" "Mozilla/5.0 (Linux; Android 6.0.1; Nexus 5X Build/MMB29P) AppleWebKit/537.36 (KHTML, like Gecko) Chrome/152.0.7977.82 Mobile Safari/537.36 (compatible; Googlebot/2.1; +http://www.google.com/bot.html)"
192.178.4.168 - - [15/Sep/2026:07:18:04 +0200] "GET /?v=5078695029700 HTTP/1.1" 200 8775 "-" "Mozilla/5.0 (Linux; Android 6.0.1; Nexus 5X Build/MMB29P) AppleWebKit/537.36 (KHTML, like Gecko) Chrome/152.0.7977.82 Mobile Safari/537.36 (compatible; Googlebot/2.1; +http://www.google.com/bot.html)"
192.178.4.167 - - [15/Sep/2026:07:18:45 +0200] "GET /?v=7095351965300 HTTP/1.1" 200 8793 "-" "Mozilla/5.0 (Linux; Android 6.0.1; Nexus 5X Build/MMB29P) AppleWebKit/537.36 (KHTML, like Gecko) Chrome/152.0.7977.82 Mobile Safari/537.36 (compatible; Googlebot/2.1; +http://www.google.com/bot.html)"
192.178.4.162 - - [15/Sep/2026:07:19:24 +0200] "GET /?v=7662696665900 HTTP/1.1" 200 8776 "-" "Mozilla/5.0 (Linux; Android 6.0.1; Nexus 5X Build/MMB29P) AppleWebKit/537.36 (KHTML, like Gecko) Chrome/152.0.7977.82 Mobile Safari/537.36 (compatible; Googlebot/2.1; +http://www.google.com/bot.html)"
52.167.144.234 - - [15/Sep/2026:07:20:16 +0200] "GET /?v=0479727569000 HTTP/1.1" 200 8762 "-" "Mozilla/5.0 AppleWebKit/537.36 (KHTML, like Gecko; compatible; bingbot/2.0; +http://www.bing.com/bingbot.htm) Chrome/116.0.1938.76 Safari/537.36"
192.178.4.168 - - [15/Sep/2026:07:20:24 +0200] "GET /?v=56407164701903 HTTP/1.1" 200 8791 "-" "Mozilla/5.0 (Linux; Android 6.0.1; Nexus 5X Build/MMB29P) AppleWebKit/537.36 (KHTML, like Gecko) Chrome/152.0.7977.82 Mobile Safari/537.36 (compatible; Googlebot/2.1; +http://www.google.com/bot.html)"
192.178.4.166 - - [15/Sep/2026:07:21:05 +0200] "GET /?v=35106209115901 HTTP/1.1" 200 8777 "-" "Mozilla/5.0 (Linux; Android 6.0.1; Nexus 5X Build/MMB29P) AppleWebKit/537.36 (KHTML, like Gecko) Chrome/152.0.7977.82 Mobile Safari/537.36 (compatible; Googlebot/2.1; +http://www.google.com/bot.html)"
192.178.4.167 - - [15/Sep/2026:07:21:44 +0200] "GET /?v=60221158527722 HTTP/1.1" 200 8777 "-" "Mozilla/5.0 (Linux; Android 6.0.1; Nexus 5X Build/MMB29P) AppleWebKit/537.36 (KHTML, like Gecko) Chrome/152.0.7977.82 Mobile Safari/537.36 (compatible; Googlebot/2.1; +http://www.google.com/bot.html)"
192.178.4.167 - - [15/Sep/2026:07:21:46 +0200] "GET /?v=925345357105 HTTP/1.1" 200 8761 "-" "Mozilla/5.0 (Linux; Android 6.0.1; Nexus 5X Build/MMB29P) AppleWebKit/537.36 (KHTML, like Gecko) Chrome/152.0.7977.82 Mobile Safari/537.36 (compatible; Googlebot/2.1; +http://www.google.com/bot.html)"
192.178.4.168 - - [15/Sep/2026:07:21:47 +0200] "GET /?v=6829095073001 HTTP/1.1" 200 8791 "-" "Mozilla/5.0 (Linux; Android 6.0.1; Nexus 5X Build/MMB29P) AppleWebKit/537.36 (KHTML, like Gecko) Chrome/152.0.7977.82 Mobile Safari/537.36 (compatible; Googlebot/2.1; +http://www.google.com/bot.html)"
192.178.4.167 - - [15/Sep/2026:07:21:49 +0200] "GET /?v=07586187817201 HTTP/1.1" 200 8793 "-" "Mozilla/5.0 (Linux; Android 6.0.1; Nexus 5X Build/MMB29P) AppleWebKit/537.36 (KHTML, like Gecko) Chrome/152.0.7977.82 Mobile Safari/537.36 (compatible; Googlebot/2.1; +http://www.google.com/bot.html)"
192.178.4.166 - - [15/Sep/2026:07:22:28 +0200] "GET /?v=8776873635400 HTTP/1.1" 200 8777 "-" "Mozilla/5.0 (Linux; Android 6.0.1; Nexus 5X Build/MMB29P) AppleWebKit/537.36 (KHTML, like Gecko) Chrome/152.0.7977.82 Mobile Safari/537.36 (compatible; Googlebot/2.1; +http://www.google.com/bot.html)"
192.178.4.167 - - [15/Sep/2026:07:23:07 +0200] "GET /?v=18981180401200 HTTP/1.1" 200 8761 "-" "Mozilla/5.0 (Linux; Android 6.0.1; Nexus 5X Build/MMB29P) AppleWebKit/537.36 (KHTML, like Gecko) Chrome/152.0.7977.82 Mobile Safari/537.36 (compatible; Googlebot/2.1; +http://www.google.com/bot.html)"
192.178.4.168 - - [15/Sep/2026:07:23:48 +0200] "GET /?v=04761104950400 HTTP/1.1" 200 8791 "-" "Mozilla/5.0 (Linux; Android 6.0.1; Nexus 5X Build/MMB29P) AppleWebKit/537.36 (KHTML, like Gecko) Chrome/152.0.7977.82 Mobile Safari/537.36 (compatible; Googlebot/2.1; +http://www.google.com/bot.html)"
192.178.4.168 - - [15/Sep/2026:07:25:05 +0200] "GET /?v=0289176665300 HTTP/1.1" 200 8759 "-" "Mozilla/5.0 (Linux; Android 6.0.1; Nexus 5X Build/MMB29P) AppleWebKit/537.36 (KHTML, like Gecko) Chrome/152.0.7977.82 Mobile Safari/537.36 (compatible; Googlebot/2.1; +http://www.google.com/bot.html)"
192.178.4.167 - - [15/Sep/2026:07:25:07 +0200] "GET /?v=47434140765201 HTTP/1.1" 200 8777 "-" "Mozilla/5.0 (Linux; Android 6.0.1; Nexus 5X Build/MMB29P) AppleWebKit/537.36 (KHTML, like Gecko) Chrome/152.0.7977.82 Mobile Safari/537.36 (compatible; Googlebot/2.1; +http://www.google.com/bot.html)"
192.178.4.168 - - [15/Sep/2026:07:25:08 +0200] "GET /?v=2072745449201 HTTP/1.1" 200 8791 "-" "Mozilla/5.0 (Linux; Android 6.0.1; Nexus 5X Build/MMB29P) AppleWebKit/537.36 (KHTML, like Gecko) Chrome/152.0.7977.82 Mobile Safari/537.36 (compatible; Googlebot/2.1; +http://www.google.com/bot.html)"
192.178.4.168 - - [15/Sep/2026:07:25:48 +0200] "GET /?v=98840196296301 HTTP/1.1" 200 8775 "-" "Mozilla/5.0 (Linux; Android 6.0.1; Nexus 5X Build/MMB29P) AppleWebKit/537.36 (KHTML, like Gecko) Chrome/152.0.7977.82 Mobile Safari/537.36 (compatible; Googlebot/2.1; +http://www.google.com/bot.html)"
192.178.4.166 - - [15/Sep/2026:07:26:05 +0200] "GET /?v=011716285003 HTTP/1.1" 200 8777 "-" "Mozilla/5.0 (Linux; Android 6.0.1; Nexus 5X Build/MMB29P) AppleWebKit/537.36 (KHTML, like Gecko) Chrome/153.0.8010.36 Mobile Safari/537.36 (compatible; Googlebot/2.1; +http://www.google.com/bot.html)"
192.178.4.166 - - [15/Sep/2026:07:27:07 +0200] "GET /?v=3804242481308 HTTP/1.1" 200 8761 "-" "Mozilla/5.0 (Linux; Android 6.0.1; Nexus 5X Build/MMB29P) AppleWebKit/537.36 (KHTML, like Gecko) Chrome/152.0.7977.82 Mobile Safari/537.36 (compatible; Googlebot/2.1; +http://www.google.com/bot.html)"
192.178.4.167 - - [15/Sep/2026:07:27:08 +0200] "GET /?v=9710987096200 HTTP/1.1" 200 8777 "-" "Mozilla/5.0 (Linux; Android 6.0.1; Nexus 5X Build/MMB29P) AppleWebKit/537.36 (KHTML, like Gecko) Chrome/152.0.7977.82 Mobile Safari/537.36 (compatible; Googlebot/2.1; +http://www.google.com/bot.html)"
192.178.4.167 - - [15/Sep/2026:07:27:10 +0200] "GET /?v=42173200164703 HTTP/1.1" 200 8777 "-" "Mozilla/5.0 (Linux; Android 6.0.1; Nexus 5X Build/MMB29P) AppleWebKit/537.36 (KHTML, like Gecko) Chrome/152.0.7977.82 Mobile Safari/537.36 (compatible; Googlebot/2.1; +http://www.google.com/bot.html)"
216.73.216.82 - - [15/Sep/2026:07:27:40 +0200] "GET /tag/fabbro?loknya=%2Fvar%2Fwww%2Fvhosts%2Fcvevolpi.it%2Fhttpdocs%2Fcgi-bin HTTP/1.1" 403 23075 "-" "Mozilla/5.0 AppleWebKit/537.36 (KHTML, like Gecko; compatible; ClaudeBot/1.0; +claudebot@anthropic.com)"
216.73.216.82 - - [15/Sep/2026:07:27:40 +0200] "GET /tag/fabbro?loknya=%2F HTTP/1.1" 200 7311 "-" "Mozilla/5.0 AppleWebKit/537.36 (KHTML, like Gecko; compatible; ClaudeBot/1.0; +claudebot@anthropic.com)"
192.178.4.166 - - [15/Sep/2026:07:27:48 +0200] "GET /?v=77915108144702 HTTP/1.1" 200 8761 "-" "Mozilla/5.0 (Linux; Android 6.0.1; Nexus 5X Build/MMB29P) AppleWebKit/537.36 (KHTML, like Gecko) Chrome/152.0.7977.82 Mobile Safari/537.36 (compatible; Googlebot/2.1; +http://www.google.com/bot.html)"
216.73.216.82 - - [15/Sep/2026:07:28:20 +0200] "GET /tag/fabbro?loknya=%2Fvar%2Fwww%2Fvhosts%2Fcvevolpi.it%2Fhttpdocs%2Ftmp HTTP/1.1" 403 23059 "-" "Mozilla/5.0 AppleWebKit/537.36 (KHTML, like Gecko; compatible; ClaudeBot/1.0; +claudebot@anthropic.com)"
216.73.216.82 - - [15/Sep/2026:07:28:20 +0200] "GET /sitemap.xml?loknya=%2Fvar%2Fwww%2Fvhosts%2Fcvevolpi.it%2Fhttpdocs%2FTMP HTTP/1.1" 403 23075 "-" "Mozilla/5.0 AppleWebKit/537.36 (KHTML, like Gecko; compatible; ClaudeBot/1.0; +claudebot@anthropic.com)"
216.73.216.82 - - [15/Sep/2026:07:28:20 +0200] "GET /tag/fabbro?loknya=%2Fvar HTTP/1.1" 200 7336 "-" "Mozilla/5.0 AppleWebKit/537.36 (KHTML, like Gecko; compatible; ClaudeBot/1.0; +claudebot@anthropic.com)"
192.178.4.166 - - [15/Sep/2026:07:28:27 +0200] "GET /?v=8418957492902 HTTP/1.1" 200 8777 "-" "Mozilla/5.0 (Linux; Android 6.0.1; Nexus 5X Build/MMB29P) AppleWebKit/537.36 (KHTML, like Gecko) Chrome/152.0.7977.82 Mobile Safari/537.36 (compatible; Googlebot/2.1; +http://www.google.com/bot.html)"
216.73.216.82 - - [15/Sep/2026:07:28:28 +0200] "GET /tag/fabbro?loknya=%2Fvar%2Fwww%2Fvhosts%2Fcvevolpi.it%2Fhttpdocs%2F.tmb HTTP/1.1" 403 23075 "-" "Mozilla/5.0 AppleWebKit/537.36 (KHTML, like Gecko; compatible; ClaudeBot/1.0; +claudebot@anthropic.com)"
216.73.216.82 - - [15/Sep/2026:07:28:28 +0200] "GET /tag/fabbro?loknya=%2Fvar%2Fwww%2Fvhosts%2Fcvevolpi.it%2Fhttpdocs HTTP/1.1" 403 23059 "-" "Mozilla/5.0 AppleWebKit/537.36 (KHTML, like Gecko; compatible; ClaudeBot/1.0; +claudebot@anthropic.com)"
216.73.216.82 - - [15/Sep/2026:07:28:28 +0200] "GET /tag/fabbro?loknya=%2Fvar%2Fwww%2Fvhosts%2Fcvevolpi.it%2Fhttpdocs%2Fwp-content HTTP/1.1" 403 23043 "-" "Mozilla/5.0 AppleWebKit/537.36 (KHTML, like Gecko; compatible; ClaudeBot/1.0; +claudebot@anthropic.com)"
216.73.216.82 - - [15/Sep/2026:07:28:31 +0200] "GET /tag/fabbro?lokasie=%2Fvar%2Fwww%2Fvhosts%2Fcvevolpi.it%2Fhttpdocs%2Fxmlrpc.php&loknya=%2Fvar%2Fwww%2Fvhosts%2Fcvevolpi.it%2Fhttpdocs HTTP/1.1" 403 23043 "-" "Mozilla/5.0 AppleWebKit/537.36 (KHTML, like Gecko; compatible; ClaudeBot/1.0; +claudebot@anthropic.com)"
216.73.216.82 - - [15/Sep/2026:07:28:31 +0200] "GET /tag/fabbro?loknya=%2Fvar%2Fwww HTTP/1.1" 403 23075 "-" "Mozilla/5.0 AppleWebKit/537.36 (KHTML, like Gecko; compatible; ClaudeBot/1.0; +claudebot@anthropic.com)"
216.73.216.82 - - [15/Sep/2026:07:28:31 +0200] "GET /tag/fabbro?loknya=%2Fvar%2Fwww%2Fvhosts HTTP/1.1" 403 23059 "-" "Mozilla/5.0 AppleWebKit/537.36 (KHTML, like Gecko; compatible; ClaudeBot/1.0; +claudebot@anthropic.com)"
216.73.216.82 - - [15/Sep/2026:07:29:09 +0200] "GET /tag/fabbro?lokasie=%2Fvar%2Fwww%2Fvhosts%2Fcvevolpi.it%2Fhttpdocs%2Fwp-config-sample.php&loknya=%2Fvar%2Fwww%2Fvhosts%2Fcvevolpi.it%2Fhttpdocs HTTP/1.1" 403 23075 "-" "Mozilla/5.0 AppleWebKit/537.36 (KHTML, like Gecko; compatible; ClaudeBot/1.0; +claudebot@anthropic.com)"
216.73.216.82 - - [15/Sep/2026:07:29:09 +0200] "GET /tag/fabbro?lokasie=%2Fvar%2Fwww%2Fvhosts%2Fcvevolpi.it%2Fhttpdocs%2Fwp-comments-post.php&loknya=%2Fvar%2Fwww%2Fvhosts%2Fcvevolpi.it%2Fhttpdocs HTTP/1.1" 403 23059 "-" "Mozilla/5.0 AppleWebKit/537.36 (KHTML, like Gecko; compatible; ClaudeBot/1.0; +claudebot@anthropic.com)"
216.73.216.82 - - [15/Sep/2026:07:29:16 +0200] "GET /tag/fabbro?lokasie=%2Fvar%2Fwww%2Fvhosts%2Fcvevolpi.it%2Fhttpdocs%2Fwp-activate.php&loknya=%2Fvar%2Fwww%2Fvhosts%2Fcvevolpi.it%2Fhttpdocs HTTP/1.1" 403 23043 "-" "Mozilla/5.0 AppleWebKit/537.36 (KHTML, like Gecko; compatible; ClaudeBot/1.0; +claudebot@anthropic.com)"
216.73.216.82 - - [15/Sep/2026:07:29:16 +0200] "GET /tag/fabbro?lokasie=%2Fvar%2Fwww%2Fvhosts%2Fcvevolpi.it%2Fhttpdocs%2Fwp-load.php&loknya=%2Fvar%2Fwww%2Fvhosts%2Fcvevolpi.it%2Fhttpdocs HTTP/1.1" 403 23059 "-" "Mozilla/5.0 AppleWebKit/537.36 (KHTML, like Gecko; compatible; ClaudeBot/1.0; +claudebot@anthropic.com)"
216.73.216.82 - - [15/Sep/2026:07:29:16 +0200] "GET /tag/fabbro?loknya=%2Fvar%2Fwww%2Fvhosts%2Fcvevolpi.it HTTP/1.1" 403 23059 "-" "Mozilla/5.0 AppleWebKit/537.36 (KHTML, like Gecko; compatible; ClaudeBot/1.0; +claudebot@anthropic.com)"
216.73.216.82 - - [15/Sep/2026:07:29:35 +0200] "GET /tag/fabbro?lokasie=%2Fvar%2Fwww%2Fvhosts%2Fcvevolpi.it%2Fhttpdocs%2Fwp-trackback.php&loknya=%2Fvar%2Fwww%2Fvhosts%2Fcvevolpi.it%2Fhttpdocs HTTP/1.1" 403 23075 "-" "Mozilla/5.0 AppleWebKit/537.36 (KHTML, like Gecko; compatible; ClaudeBot/1.0; +claudebot@anthropic.com)"
216.73.216.82 - - [15/Sep/2026:07:29:35 +0200] "GET /tag/fabbro?lokasie=%2Fvar%2Fwww%2Fvhosts%2Fcvevolpi.it%2Fhttpdocs%2Fwp-settings.php&loknya=%2Fvar%2Fwww%2Fvhosts%2Fcvevolpi.it%2Fhttpdocs HTTP/1.1" 403 23075 "-" "Mozilla/5.0 AppleWebKit/537.36 (KHTML, like Gecko; compatible; ClaudeBot/1.0; +claudebot@anthropic.com)"
216.73.216.82 - - [15/Sep/2026:07:29:35 +0200] "GET /tag/fabbro?loknya=%2Fvar%2Fwww%2Fvhosts%2Fcvevolpi.it%2F HTTP/1.1" 403 23043 "-" "Mozilla/5.0 AppleWebKit/537.36 (KHTML, like Gecko; compatible; ClaudeBot/1.0; +claudebot@anthropic.com)"
192.178.4.166 - - [15/Sep/2026:07:29:47 +0200] "GET /?v=9722691062300 HTTP/1.1" 200 8777 "-" "Mozilla/5.0 (Linux; Android 6.0.1; Nexus 5X Build/MMB29P) AppleWebKit/537.36 (KHTML, like Gecko) Chrome/152.0.7977.82 Mobile Safari/537.36 (compatible; Googlebot/2.1; +http://www.google.com/bot.html)"
216.73.216.82 - - [15/Sep/2026:07:30:00 +0200] "GET /tag/fabbro?lokasie=%2Fvar%2Fwww%2Fvhosts%2Fcvevolpi.it%2Fhttpdocs%2Fwp-config.php&loknya=%2Fvar%2Fwww%2Fvhosts%2Fcvevolpi.it%2Fhttpdocs HTTP/1.1" 403 5690 "-" "Mozilla/5.0 AppleWebKit/537.36 (KHTML, like Gecko; compatible; ClaudeBot/1.0; +claudebot@anthropic.com)"
216.73.216.82 - - [15/Sep/2026:07:30:00 +0200] "GET /tag/fabbro?lokasie=%2Fvar%2Fwww%2Fvhosts%2Fcvevolpi.it%2Fhttpdocs%2Fwp-mail.php&loknya=%2Fvar%2Fwww%2Fvhosts%2Fcvevolpi.it%2Fhttpdocs HTTP/1.1" 403 23043 "-" "Mozilla/5.0 AppleWebKit/537.36 (KHTML, like Gecko; compatible; ClaudeBot/1.0; +claudebot@anthropic.com)"
216.73.216.82 - - [15/Sep/2026:07:30:00 +0200] "GET /tag/fabbro?lokasie=%2Fvar%2Fwww%2Fvhosts%2Fcvevolpi.it%2Fhttpdocs%2Fwp-cron.php&loknya=%2Fvar%2Fwww%2Fvhosts%2Fcvevolpi.it%2Fhttpdocs HTTP/1.1" 403 23059 "-" "Mozilla/5.0 AppleWebKit/537.36 (KHTML, like Gecko; compatible; ClaudeBot/1.0; +claudebot@anthropic.com)"
216.73.216.82 - - [15/Sep/2026:07:30:05 +0200] "GET /tag/fabbro?lokasie=%2Fvar%2Fwww%2Fvhosts%2Fcvevolpi.it%2Fhttpdocs%2Fwp-blog-header.php&loknya=%2Fvar%2Fwww%2Fvhosts%2Fcvevolpi.it%2Fhttpdocs HTTP/1.1" 403 23059 "-" "Mozilla/5.0 AppleWebKit/537.36 (KHTML, like Gecko; compatible; ClaudeBot/1.0; +claudebot@anthropic.com)"
216.73.216.82 - - [15/Sep/2026:07:30:05 +0200] "GET /tag/fabbro?lokasie=%2Fvar%2Fwww%2Fvhosts%2Fcvevolpi.it%2Fhttpdocs%2Fwp-login.php&loknya=%2Fvar%2Fwww%2Fvhosts%2Fcvevolpi.it%2Fhttpdocs HTTP/1.1" 403 23075 "-" "Mozilla/5.0 AppleWebKit/537.36 (KHTML, like Gecko; compatible; ClaudeBot/1.0; +claudebot@anthropic.com)"
216.73.216.82 - - [15/Sep/2026:07:30:05 +0200] "GET /tag/fabbro?lokasie=%2Fvar%2Fwww%2Fvhosts%2Fcvevolpi.it%2Fhttpdocs%2Findex.php&loknya=%2Fvar%2Fwww%2Fvhosts%2Fcvevolpi.it%2Fhttpdocs HTTP/1.1" 403 23043 "-" "Mozilla/5.0 AppleWebKit/537.36 (KHTML, like Gecko; compatible; ClaudeBot/1.0; +claudebot@anthropic.com)"
216.73.216.82 - - [15/Sep/2026:07:30:23 +0200] "GET /tag/fabbro?lokasie=%2Fvar%2Fwww%2Fvhosts%2Fcvevolpi.it%2Fhttpdocs%2Freadme.html&loknya=%2Fvar%2Fwww%2Fvhosts%2Fcvevolpi.it%2Fhttpdocs HTTP/1.1" 403 23075 "-" "Mozilla/5.0 AppleWebKit/537.36 (KHTML, like Gecko; compatible; ClaudeBot/1.0; +claudebot@anthropic.com)"
216.73.216.82 - - [15/Sep/2026:07:30:23 +0200] "GET /sitemap.xml?lokasie=%2Fvar%2Fwww%2Fvhosts%2Fcvevolpi.it%2Fhttpdocs%2Fwp.zip&loknya=%2Fvar%2Fwww%2Fvhosts%2Fcvevolpi.it%2Fhttpdocs HTTP/1.1" 403 23059 "-" "Mozilla/5.0 AppleWebKit/537.36 (KHTML, like Gecko; compatible; ClaudeBot/1.0; +claudebot@anthropic.com)"
216.73.216.82 - - [15/Sep/2026:07:30:23 +0200] "GET /tag/fabbro?lokasie=%2Fvar%2Fwww%2Fvhosts%2Fcvevolpi.it%2Fhttpdocs%2Fwp-links-opml.php&loknya=%2Fvar%2Fwww%2Fvhosts%2Fcvevolpi.it%2Fhttpdocs HTTP/1.1" 403 23059 "-" "Mozilla/5.0 AppleWebKit/537.36 (KHTML, like Gecko; compatible; ClaudeBot/1.0; +claudebot@anthropic.com)"
192.178.4.166 - - [15/Sep/2026:07:30:28 +0200] "GET /?v=26274145428500 HTTP/1.1" 200 8777 "-" "Mozilla/5.0 (Linux; Android 6.0.1; Nexus 5X Build/MMB29P) AppleWebKit/537.36 (KHTML, like Gecko) Chrome/152.0.7977.82 Mobile Safari/537.36 (compatible; Googlebot/2.1; +http://www.google.com/bot.html)"
216.73.216.82 - - [15/Sep/2026:07:30:44 +0200] "GET /tag/fabbro?lokasie=%2Fvar%2Fwww%2Fvhosts%2Fcvevolpi.it%2Fhttpdocs%2F.htaccess&loknya=%2Fvar%2Fwww%2Fvhosts%2Fcvevolpi.it%2Fhttpdocs HTTP/1.1" 403 5706 "-" "Mozilla/5.0 AppleWebKit/537.36 (KHTML, like Gecko; compatible; ClaudeBot/1.0; +claudebot@anthropic.com)"
216.73.216.82 - - [15/Sep/2026:07:30:44 +0200] "GET /tag/fabbro?lokasie=%2Fvar%2Fwww%2Fvhosts%2Fcvevolpi.it%2Fhttpdocs%2Fwp-signup.php&loknya=%2Fvar%2Fwww%2Fvhosts%2Fcvevolpi.it%2Fhttpdocs HTTP/1.1" 403 23059 "-" "Mozilla/5.0 AppleWebKit/537.36 (KHTML, like Gecko; compatible; ClaudeBot/1.0; +claudebot@anthropic.com)"
216.73.216.82 - - [15/Sep/2026:07:30:44 +0200] "GET /tag/fabbro?lokasie=%2Fvar%2Fwww%2Fvhosts%2Fcvevolpi.it%2Fhttpdocs%2Fwp.zip&loknya=%2Fvar%2Fwww%2Fvhosts%2Fcvevolpi.it%2Fhttpdocs HTTP/1.1" 403 23075 "-" "Mozilla/5.0 AppleWebKit/537.36 (KHTML, like Gecko; compatible; ClaudeBot/1.0; +claudebot@anthropic.com)"
216.73.216.82 - - [15/Sep/2026:07:30:59 +0200] "GET /tag/fabbro?lokasie=%2Fvar%2Fwww%2Fvhosts%2Fcvevolpi.it%2Fhttpdocs%2Flicense.txt&loknya=%2Fvar%2Fwww%2Fvhosts%2Fcvevolpi.it%2Fhttpdocs HTTP/1.1" 403 23043 "-" "Mozilla/5.0 AppleWebKit/537.36 (KHTML, like Gecko; compatible; ClaudeBot/1.0; +claudebot@anthropic.com)"
192.178.4.166 - - [15/Sep/2026:07:31:08 +0200] "GET /?v=07128140238701 HTTP/1.1" 200 8793 "-" "Mozilla/5.0 (Linux; Android 6.0.1; Nexus 5X Build/MMB29P) AppleWebKit/537.36 (KHTML, like Gecko) Chrome/152.0.7977.82 Mobile Safari/537.36 (compatible; Googlebot/2.1; +http://www.google.com/bot.html)"
192.178.4.166 - - [15/Sep/2026:07:32:26 +0200] "GET /?v=22115120961200 HTTP/1.1" 200 8777 "-" "Mozilla/5.0 (Linux; Android 6.0.1; Nexus 5X Build/MMB29P) AppleWebKit/537.36 (KHTML, like Gecko) Chrome/152.0.7977.82 Mobile Safari/537.36 (compatible; Googlebot/2.1; +http://www.google.com/bot.html)"
216.73.216.82 - - [15/Sep/2026:07:32:35 +0200] "GET /tag/fabbro?loknya=%2Fvar%2Fwww%2Fvhosts%2Fcvevolpi.it%2Fhttpdocs%2FTMP HTTP/1.1" 403 23059 "-" "Mozilla/5.0 AppleWebKit/537.36 (KHTML, like Gecko; compatible; ClaudeBot/1.0; +claudebot@anthropic.com)"
216.73.216.82 - - [15/Sep/2026:07:32:35 +0200] "GET /tag/fabbro?loknya=%2Fvar%2Fwww%2Fvhosts%2Fcvevolpi.it%2Fhttpdocs%2Fwp-admin HTTP/1.1" 403 23059 "-" "Mozilla/5.0 AppleWebKit/537.36 (KHTML, like Gecko; compatible; ClaudeBot/1.0; +claudebot@anthropic.com)"
216.73.216.82 - - [15/Sep/2026:07:32:35 +0200] "GET /tag/fabbro?loknya=%2Fvar%2Fwww%2Fvhosts%2Fcvevolpi.it%2Fhttpdocs%2Fwp-includes HTTP/1.1" 403 23059 "-" "Mozilla/5.0 AppleWebKit/537.36 (KHTML, like Gecko; compatible; ClaudeBot/1.0; +claudebot@anthropic.com)"
192.178.4.166 - - [15/Sep/2026:07:33:04 +0200] "GET /?v=29890112337300 HTTP/1.1" 200 8777 "-" "Mozilla/5.0 (Linux; Android 6.0.1; Nexus 5X Build/MMB29P) AppleWebKit/537.36 (KHTML, like Gecko) Chrome/152.0.7977.82 Mobile Safari/537.36 (compatible; Googlebot/2.1; +http://www.google.com/bot.html)"
192.178.4.166 - - [15/Sep/2026:07:34:22 +0200] "GET /?v=04280144425703 HTTP/1.1" 200 8761 "-" "Mozilla/5.0 (Linux; Android 6.0.1; Nexus 5X Build/MMB29P) AppleWebKit/537.36 (KHTML, like Gecko) Chrome/152.0.7977.82 Mobile Safari/537.36 (compatible; Googlebot/2.1; +http://www.google.com/bot.html)"
192.178.4.168 - - [15/Sep/2026:07:34:24 +0200] "GET /?v=22699112731000 HTTP/1.1" 200 8775 "-" "Mozilla/5.0 (Linux; Android 6.0.1; Nexus 5X Build/MMB29P) AppleWebKit/537.36 (KHTML, like Gecko) Chrome/152.0.7977.82 Mobile Safari/537.36 (compatible; Googlebot/2.1; +http://www.google.com/bot.html)"
192.178.4.167 - - [15/Sep/2026:07:35:03 +0200] "GET /?v=5071344320000 HTTP/1.1" 200 8777 "-" "Mozilla/5.0 (Linux; Android 6.0.1; Nexus 5X Build/MMB29P) AppleWebKit/537.36 (KHTML, like Gecko) Chrome/152.0.7977.82 Mobile Safari/537.36 (compatible; Googlebot/2.1; +http://www.google.com/bot.html)"
192.178.4.167 - - [15/Sep/2026:07:35:46 +0200] "GET /?v=5764787668100 HTTP/1.1" 200 8761 "-" "Mozilla/5.0 (Linux; Android 6.0.1; Nexus 5X Build/MMB29P) AppleWebKit/537.36 (KHTML, like Gecko) Chrome/152.0.7977.82 Mobile Safari/537.36 (compatible; Googlebot/2.1; +http://www.google.com/bot.html)"
192.178.4.166 - - [15/Sep/2026:07:36:05 +0200] "GET /?v=1291194714110 HTTP/1.1" 200 8777 "-" "Mozilla/5.0 (Linux; Android 6.0.1; Nexus 5X Build/MMB29P) AppleWebKit/537.36 (KHTML, like Gecko) Chrome/153.0.8010.36 Mobile Safari/537.36 (compatible; Googlebot/2.1; +http://www.google.com/bot.html)"
192.178.4.167 - - [15/Sep/2026:07:37:03 +0200] "GET /?v=3028848875600 HTTP/1.1" 200 8761 "-" "Mozilla/5.0 (Linux; Android 6.0.1; Nexus 5X Build/MMB29P) AppleWebKit/537.36 (KHTML, like Gecko) Chrome/152.0.7977.82 Mobile Safari/537.36 (compatible; Googlebot/2.1; +http://www.google.com/bot.html)"
52.167.144.20 - - [15/Sep/2026:07:37:35 +0200] "GET /?v=72107211291001 HTTP/1.1" 200 8777 "-" "Mozilla/5.0 AppleWebKit/537.36 (KHTML, like Gecko; compatible; bingbot/2.0; +http://www.bing.com/bingbot.htm) Chrome/116.0.1938.76 Safari/537.36"
192.178.4.167 - - [15/Sep/2026:07:37:42 +0200] "GET /?v=16482164645302 HTTP/1.1" 200 8777 "-" "Mozilla/5.0 (Linux; Android 6.0.1; Nexus 5X Build/MMB29P) AppleWebKit/537.36 (KHTML, like Gecko) Chrome/152.0.7977.82 Mobile Safari/537.36 (compatible; Googlebot/2.1; +http://www.google.com/bot.html)"
192.178.4.167 - - [15/Sep/2026:07:38:21 +0200] "GET /?v=2181898833200 HTTP/1.1" 200 8761 "-" "Mozilla/5.0 (Linux; Android 6.0.1; Nexus 5X Build/MMB29P) AppleWebKit/537.36 (KHTML, like Gecko) Chrome/152.0.7977.82 Mobile Safari/537.36 (compatible; Googlebot/2.1; +http://www.google.com/bot.html)"
74.7.175.179 - - [15/Sep/2026:07:39:26 +0200] "GET /robots.txt HTTP/1.1" 200 8775 "-" "Mozilla/5.0 (Macintosh; Intel Mac OS X 10_15_7) AppleWebKit/537.36 (KHTML, like Gecko) Chrome/131.0.0.0 Safari/537.36; compatible; OAI-SearchBot/1.4; robots.txt; +https://openai.com/searchbot"
192.178.4.167 - - [15/Sep/2026:07:39:38 +0200] "GET /?v=4305734096204 HTTP/1.1" 200 8761 "-" "Mozilla/5.0 (Linux; Android 6.0.1; Nexus 5X Build/MMB29P) AppleWebKit/537.36 (KHTML, like Gecko) Chrome/152.0.7977.82 Mobile Safari/537.36 (compatible; Googlebot/2.1; +http://www.google.com/bot.html)"
192.178.4.167 - - [15/Sep/2026:07:40:17 +0200] "GET /?v=8039731614200 HTTP/1.1" 200 8793 "-" "Mozilla/5.0 (Linux; Android 6.0.1; Nexus 5X Build/MMB29P) AppleWebKit/537.36 (KHTML, like Gecko) Chrome/152.0.7977.82 Mobile Safari/537.36 (compatible; Googlebot/2.1; +http://www.google.com/bot.html)"
192.178.4.167 - - [15/Sep/2026:07:41:35 +0200] "GET /?v=75547189658502 HTTP/1.1" 200 8793 "-" "Mozilla/5.0 (Linux; Android 6.0.1; Nexus 5X Build/MMB29P) AppleWebKit/537.36 (KHTML, like Gecko) Chrome/152.0.7977.82 Mobile Safari/537.36 (compatible; Googlebot/2.1; +http://www.google.com/bot.html)"
192.178.4.166 - - [15/Sep/2026:07:41:36 +0200] "GET /?v=78781176607300 HTTP/1.1" 200 8761 "-" "Mozilla/5.0 (Linux; Android 6.0.1; Nexus 5X Build/MMB29P) AppleWebKit/537.36 (KHTML, like Gecko) Chrome/152.0.7977.82 Mobile Safari/537.36 (compatible; Googlebot/2.1; +http://www.google.com/bot.html)"
192.178.4.166 - - [15/Sep/2026:07:42:02 +0200] "GET /?v=20195126756601 HTTP/1.1" 200 8777 "-" "Mozilla/5.0 (Linux; Android 6.0.1; Nexus 5X Build/MMB29P) AppleWebKit/537.36 (KHTML, like Gecko) Chrome/152.0.7977.82 Mobile Safari/537.36 (compatible; Googlebot/2.1; +http://www.google.com/bot.html)"
192.178.4.166 - - [15/Sep/2026:07:42:46 +0200] "GET /?v=5703885576509 HTTP/1.1" 200 8793 "-" "Mozilla/5.0 (Linux; Android 6.0.1; Nexus 5X Build/MMB29P) AppleWebKit/537.36 (KHTML, like Gecko) Chrome/152.0.7977.82 Mobile Safari/537.36 (compatible; Googlebot/2.1; +http://www.google.com/bot.html)"
192.178.4.167 - - [15/Sep/2026:07:43:44 +0200] "GET /?v=2117224044603 HTTP/1.1" 200 8761 "-" "Mozilla/5.0 (Linux; Android 6.0.1; Nexus 5X Build/MMB29P) AppleWebKit/537.36 (KHTML, like Gecko) Chrome/152.0.7977.82 Mobile Safari/537.36 (compatible; Googlebot/2.1; +http://www.google.com/bot.html)"
192.178.4.166 - - [15/Sep/2026:07:44:34 +0200] "GET /?v=13503170628800 HTTP/1.1" 200 8761 "-" "Mozilla/5.0 (Linux; Android 6.0.1; Nexus 5X Build/MMB29P) AppleWebKit/537.36 (KHTML, like Gecko) Chrome/152.0.7977.82 Mobile Safari/537.36 (compatible; Googlebot/2.1; +http://www.google.com/bot.html)"
192.178.4.168 - - [15/Sep/2026:07:45:29 +0200] "GET /?v=2782971092200 HTTP/1.1" 200 8775 "-" "Mozilla/5.0 (Linux; Android 6.0.1; Nexus 5X Build/MMB29P) AppleWebKit/537.36 (KHTML, like Gecko) Chrome/152.0.7977.82 Mobile Safari/537.36 (compatible; Googlebot/2.1; +http://www.google.com/bot.html)"
192.178.4.167 - - [15/Sep/2026:07:46:05 +0200] "GET /?v=7739237281801 HTTP/1.1" 200 8777 "-" "Mozilla/5.0 (Linux; Android 6.0.1; Nexus 5X Build/MMB29P) AppleWebKit/537.36 (KHTML, like Gecko) Chrome/153.0.8010.36 Mobile Safari/537.36 (compatible; Googlebot/2.1; +http://www.google.com/bot.html)"
192.178.4.167 - - [15/Sep/2026:07:46:23 +0200] "GET /?v=28059157556801 HTTP/1.1" 200 8793 "-" "Mozilla/5.0 (Linux; Android 6.0.1; Nexus 5X Build/MMB29P) AppleWebKit/537.36 (KHTML, like Gecko) Chrome/152.0.7977.82 Mobile Safari/537.36 (compatible; Googlebot/2.1; +http://www.google.com/bot.html)"
192.178.4.168 - - [15/Sep/2026:07:47:21 +0200] "GET /?v=10914135990000 HTTP/1.1" 200 8775 "-" "Mozilla/5.0 (Linux; Android 6.0.1; Nexus 5X Build/MMB29P) AppleWebKit/537.36 (KHTML, like Gecko) Chrome/152.0.7977.82 Mobile Safari/537.36 (compatible; Googlebot/2.1; +http://www.google.com/bot.html)"
152.53.35.166 - - [15/Sep/2026:07:47:51 +0200] "GET / HTTP/1.1" 200 8762 "-" "Mozilla/5.0 (Windows NT 10.0; Win64; x64) AppleWebKit/537.36 (KHTML, like Gecko) Chrome/124.0.0.0 Safari/537.36"
192.178.4.166 - - [15/Sep/2026:07:48:11 +0200] "GET /?v=2279519197605 HTTP/1.1" 200 8793 "-" "Mozilla/5.0 (Linux; Android 6.0.1; Nexus 5X Build/MMB29P) AppleWebKit/537.36 (KHTML, like Gecko) Chrome/152.0.7977.82 Mobile Safari/537.36 (compatible; Googlebot/2.1; +http://www.google.com/bot.html)"
192.178.4.166 - - [15/Sep/2026:07:49:05 +0200] "GET /?v=08392146052000 HTTP/1.1" 200 8793 "-" "Mozilla/5.0 (Linux; Android 6.0.1; Nexus 5X Build/MMB29P) AppleWebKit/537.36 (KHTML, like Gecko) Chrome/152.0.7977.82 Mobile Safari/537.36 (compatible; Googlebot/2.1; +http://www.google.com/bot.html)"
192.178.4.168 - - [15/Sep/2026:07:49:06 +0200] "GET /?v=80818185414100 HTTP/1.1" 200 8775 "-" "Mozilla/5.0 (Linux; Android 6.0.1; Nexus 5X Build/MMB29P) AppleWebKit/537.36 (KHTML, like Gecko) Chrome/152.0.7977.82 Mobile Safari/537.36 (compatible; Googlebot/2.1; +http://www.google.com/bot.html)"
192.178.4.167 - - [15/Sep/2026:07:50:38 +0200] "GET /?v=8298969506403 HTTP/1.1" 200 8793 "-" "Mozilla/5.0 (Linux; Android 6.0.1; Nexus 5X Build/MMB29P) AppleWebKit/537.36 (KHTML, like Gecko) Chrome/152.0.7977.82 Mobile Safari/537.36 (compatible; Googlebot/2.1; +http://www.google.com/bot.html)"
192.178.4.168 - - [15/Sep/2026:07:50:38 +0200] "GET /robots.txt HTTP/1.1" 200 8759 "-" "Mozilla/5.0 (compatible; Googlebot/2.1; +http://www.google.com/bot.html)"
192.178.4.168 - - [15/Sep/2026:07:53:24 +0200] "GET /robots.txt HTTP/1.1" 200 8775 "-" "Mozilla/5.0 (compatible; Googlebot/2.1; +http://www.google.com/bot.html)"
192.178.4.166 - - [15/Sep/2026:07:53:24 +0200] "GET /?v=06966101829603 HTTP/1.1" 200 8761 "-" "Mozilla/5.0 (Linux; Android 6.0.1; Nexus 5X Build/MMB29P) AppleWebKit/537.36 (KHTML, like Gecko) Chrome/152.0.7977.82 Mobile Safari/537.36 (compatible; Googlebot/2.1; +http://www.google.com/bot.html)"
192.178.4.168 - - [15/Sep/2026:07:55:14 +0200] "GET /robots.txt HTTP/1.1" 200 8759 "-" "Mozilla/5.0 (compatible; Googlebot/2.1; +http://www.google.com/bot.html)"
192.178.4.168 - - [15/Sep/2026:07:55:14 +0200] "GET /?v=0987081991600 HTTP/1.1" 200 8791 "-" "Mozilla/5.0 (Linux; Android 6.0.1; Nexus 5X Build/MMB29P) AppleWebKit/537.36 (KHTML, like Gecko) Chrome/152.0.7977.82 Mobile Safari/537.36 (compatible; Googlebot/2.1; +http://www.google.com/bot.html)"
192.178.4.167 - - [15/Sep/2026:07:55:16 +0200] "GET /?v=0987920403400 HTTP/1.1" 200 8793 "-" "Mozilla/5.0 (Linux; Android 6.0.1; Nexus 5X Build/MMB29P) AppleWebKit/537.36 (KHTML, like Gecko) Chrome/152.0.7977.82 Mobile Safari/537.36 (compatible; Googlebot/2.1; +http://www.google.com/bot.html)"
192.178.4.168 - - [15/Sep/2026:07:56:09 +0200] "GET /?v=7152924692904 HTTP/1.1" 200 8775 "-" "Mozilla/5.0 (Linux; Android 6.0.1; Nexus 5X Build/MMB29P) AppleWebKit/537.36 (KHTML, like Gecko) Chrome/152.0.7977.82 Mobile Safari/537.36 (compatible; Googlebot/2.1; +http://www.google.com/bot.html)"
192.178.4.168 - - [15/Sep/2026:07:57:18 +0200] "GET /robots.txt HTTP/1.1" 200 8775 "-" "Mozilla/5.0 (compatible; Googlebot/2.1; +http://www.google.com/bot.html)"
192.178.4.166 - - [15/Sep/2026:07:57:18 +0200] "GET /?v=0888780826500 HTTP/1.1" 200 8761 "-" "Mozilla/5.0 (Linux; Android 6.0.1; Nexus 5X Build/MMB29P) AppleWebKit/537.36 (KHTML, like Gecko) Chrome/152.0.7977.82 Mobile Safari/537.36 (compatible; Googlebot/2.1; +http://www.google.com/bot.html)"
192.178.4.167 - - [15/Sep/2026:07:59:16 +0200] "GET /robots.txt HTTP/1.1" 200 8777 "-" "Mozilla/5.0 (compatible; Googlebot/2.1; +http://www.google.com/bot.html)"
192.178.4.166 - - [15/Sep/2026:07:59:16 +0200] "GET /?v=79749178335900 HTTP/1.1" 200 8777 "-" "Mozilla/5.0 (Linux; Android 6.0.1; Nexus 5X Build/MMB29P) AppleWebKit/537.36 (KHTML, like Gecko) Chrome/152.0.7977.82 Mobile Safari/537.36 (compatible; Googlebot/2.1; +http://www.google.com/bot.html)"
192.178.4.166 - - [15/Sep/2026:08:00:12 +0200] "GET /?v=86744105649100 HTTP/1.1" 200 8761 "-" "Mozilla/5.0 (Linux; Android 6.0.1; Nexus 5X Build/MMB29P) AppleWebKit/537.36 (KHTML, like Gecko) Chrome/152.0.7977.82 Mobile Safari/537.36 (compatible; Googlebot/2.1; +http://www.google.com/bot.html)"
51.68.163.210 - - [15/Sep/2026:08:00:31 +0200] "GET /wp-content/plugins/background-image-cropper/background-image-cropper.js HTTP/1.1" 200 46462 "-" "Mozilla/5.0 (Macintosh; Intel Mac OS X 10_15_7) AppleWebKit/537.36 (KHTML, like Gecko) Chrome/146.0.0.0 Safari/537.36"
51.68.163.210 - - [15/Sep/2026:08:00:33 +0200] "GET /wp-content/plugins/the-events-calendar/common/vendor/jquery/ui.datepicker.css HTTP/1.1" 200 46462 "-" "Mozilla/5.0 (X11; Linux x86_64) AppleWebKit/537.36 (KHTML, like Gecko) Chrome/147.0.0.0 Safari/537.36"
192.178.4.166 - - [15/Sep/2026:08:02:04 +0200] "GET /robots.txt HTTP/1.1" 200 8761 "-" "Mozilla/5.0 (compatible; Googlebot/2.1; +http://www.google.com/bot.html)"
192.178.4.166 - - [15/Sep/2026:08:02:04 +0200] "GET /?v=95775157368600 HTTP/1.1" 200 8761 "-" "Mozilla/5.0 (Linux; Android 6.0.1; Nexus 5X Build/MMB29P) AppleWebKit/537.36 (KHTML, like Gecko) Chrome/152.0.7977.82 Mobile Safari/537.36 (compatible; Googlebot/2.1; +http://www.google.com/bot.html)"
192.178.4.166 - - [15/Sep/2026:08:02:58 +0200] "GET /?v=9143782387704 HTTP/1.1" 200 8793 "-" "Mozilla/5.0 (Linux; Android 6.0.1; Nexus 5X Build/MMB29P) AppleWebKit/537.36 (KHTML, like Gecko) Chrome/152.0.7977.82 Mobile Safari/537.36 (compatible; Googlebot/2.1; +http://www.google.com/bot.html)"
192.178.4.167 - - [15/Sep/2026:08:03:00 +0200] "GET /?v=14925187502705 HTTP/1.1" 200 8761 "-" "Mozilla/5.0 (Linux; Android 6.0.1; Nexus 5X Build/MMB29P) AppleWebKit/537.36 (KHTML, like Gecko) Chrome/152.0.7977.82 Mobile Safari/537.36 (compatible; Googlebot/2.1; +http://www.google.com/bot.html)"
