192.178.4.168 - - [15/Sep/2026:00:56:26 +0200] "GET /?v=25017138999205 HTTP/1.1" 200 20008 "-" "Mozilla/5.0 (Linux; Android 6.0.1; Nexus 5X Build/MMB29P) AppleWebKit/537.36 (KHTML, like Gecko) Chrome/152.0.7977.82 Mobile Safari/537.36 (compatible; Googlebot/2.1; +http://www.google.com/bot.html)"
192.178.4.167 - - [15/Sep/2026:00:56:28 +0200] "GET /?v=91772102130300 HTTP/1.1" 200 20040 "-" "Mozilla/5.0 (Linux; Android 6.0.1; Nexus 5X Build/MMB29P) AppleWebKit/537.36 (KHTML, like Gecko) Chrome/152.0.7977.82 Mobile Safari/537.36 (compatible; Googlebot/2.1; +http://www.google.com/bot.html)"
192.178.4.166 - - [15/Sep/2026:00:58:01 +0200] "GET /?v=9243047713200 HTTP/1.1" 200 20024 "-" "Mozilla/5.0 (Linux; Android 6.0.1; Nexus 5X Build/MMB29P) AppleWebKit/537.36 (KHTML, like Gecko) Chrome/152.0.7977.82 Mobile Safari/537.36 (compatible; Googlebot/2.1; +http://www.google.com/bot.html)"
192.178.4.168 - - [15/Sep/2026:00:58:48 +0200] "GET /?v=3460953218700 HTTP/1.1" 200 20024 "-" "Mozilla/5.0 (Linux; Android 6.0.1; Nexus 5X Build/MMB29P) AppleWebKit/537.36 (KHTML, like Gecko) Chrome/152.0.7977.82 Mobile Safari/537.36 (compatible; Googlebot/2.1; +http://www.google.com/bot.html)"
192.178.4.167 - - [15/Sep/2026:00:58:50 +0200] "GET /?v=33098131602000 HTTP/1.1" 200 20024 "-" "Mozilla/5.0 (Linux; Android 6.0.1; Nexus 5X Build/MMB29P) AppleWebKit/537.36 (KHTML, like Gecko) Chrome/152.0.7977.82 Mobile Safari/537.36 (compatible; Googlebot/2.1; +http://www.google.com/bot.html)"
192.178.4.166 - - [15/Sep/2026:00:58:56 +0200] "GET /?v=19070188171706 HTTP/1.1" 200 20024 "-" "Mozilla/5.0 (Linux; Android 6.0.1; Nexus 5X Build/MMB29P) AppleWebKit/537.36 (KHTML, like Gecko) Chrome/152.0.7977.82 Mobile Safari/537.36 (compatible; Googlebot/2.1; +http://www.google.com/bot.html)"
192.178.4.166 - - [15/Sep/2026:00:59:15 +0200] "GET /wp-content/themes/sentinel/style.css HTTP/1.1" 200 5466 "https://www.cvevolpi.it/wp-content/themes/sentinel-child/style.css?ver=7.1" "Mozilla/5.0 (Linux; Android 6.0.1; Nexus 5X Build/MMB29P) AppleWebKit/537.36 (KHTML, like Gecko) Chrome/152.0.7977.82 Mobile Safari/537.36 (compatible; Googlebot/2.1; +http://www.google.com/bot.html)"
192.178.4.166 - - [15/Sep/2026:00:59:15 +0200] "GET /wp-content/themes/sentinel/style.css HTTP/1.1" 200 24015 "https://www.cvevolpi.it/wp-content/themes/sentinel-child/style.css?ver=7.1" "Mozilla/5.0 (Linux; Android 6.0.1; Nexus 5X Build/MMB29P) AppleWebKit/537.36 (KHTML, like Gecko) Chrome/152.0.7977.82 Mobile Safari/537.36 (compatible; Googlebot/2.1; +http://www.google.com/bot.html)"
192.178.4.168 - - [15/Sep/2026:01:00:09 +0200] "GET /?v=92189114977302 HTTP/1.1" 200 20024 "-" "Mozilla/5.0 (Linux; Android 6.0.1; Nexus 5X Build/MMB29P) AppleWebKit/537.36 (KHTML, like Gecko) Chrome/152.0.7977.82 Mobile Safari/537.36 (compatible; Googlebot/2.1; +http://www.google.com/bot.html)"
192.178.4.167 - - [15/Sep/2026:01:01:41 +0200] "GET /?v=2074673354700 HTTP/1.1" 200 20024 "-" "Mozilla/5.0 (Linux; Android 6.0.1; Nexus 5X Build/MMB29P) AppleWebKit/537.36 (KHTML, like Gecko) Chrome/152.0.7977.82 Mobile Safari/537.36 (compatible; Googlebot/2.1; +http://www.google.com/bot.html)"
192.178.4.166 - - [15/Sep/2026:01:02:28 +0200] "GET /?v=8460127650803 HTTP/1.1" 200 20024 "-" "Mozilla/5.0 (Linux; Android 6.0.1; Nexus 5X Build/MMB29P) AppleWebKit/537.36 (KHTML, like Gecko) Chrome/152.0.7977.82 Mobile Safari/537.36 (compatible; Googlebot/2.1; +http://www.google.com/bot.html)"
192.178.4.168 - - [15/Sep/2026:01:03:15 +0200] "GET /?v=1200726773700 HTTP/1.1" 200 20008 "-" "Mozilla/5.0 (Linux; Android 6.0.1; Nexus 5X Build/MMB29P) AppleWebKit/537.36 (KHTML, like Gecko) Chrome/152.0.7977.82 Mobile Safari/537.36 (compatible; Googlebot/2.1; +http://www.google.com/bot.html)"
192.178.4.168 - - [15/Sep/2026:01:03:16 +0200] "GET /?v=22027130127400 HTTP/1.1" 200 20024 "-" "Mozilla/5.0 (Linux; Android 6.0.1; Nexus 5X Build/MMB29P) AppleWebKit/537.36 (KHTML, like Gecko) Chrome/152.0.7977.82 Mobile Safari/537.36 (compatible; Googlebot/2.1; +http://www.google.com/bot.html)"
192.178.4.167 - - [15/Sep/2026:01:03:21 +0200] "GET /wp-content/themes/sentinel/style.css HTTP/1.1" 200 5482 "https://www.cvevolpi.it/wp-content/themes/sentinel-child/style.css?ver=7.1" "Mozilla/5.0 (Linux; Android 6.0.1; Nexus 5X Build/MMB29P) AppleWebKit/537.36 (KHTML, like Gecko) Chrome/152.0.7977.82 Mobile Safari/537.36 (compatible; Googlebot/2.1; +http://www.google.com/bot.html)"
192.178.4.167 - - [15/Sep/2026:01:03:21 +0200] "GET /wp-content/themes/sentinel/style.css HTTP/1.1" 200 24015 "https://www.cvevolpi.it/wp-content/themes/sentinel-child/style.css?ver=7.1" "Mozilla/5.0 (Linux; Android 6.0.1; Nexus 5X Build/MMB29P) AppleWebKit/537.36 (KHTML, like Gecko) Chrome/152.0.7977.82 Mobile Safari/537.36 (compatible; Googlebot/2.1; +http://www.google.com/bot.html)"
192.178.4.166 - - [15/Sep/2026:01:04:04 +0200] "GET /?v=47790168409301 HTTP/1.1" 200 20008 "-" "Mozilla/5.0 (Linux; Android 6.0.1; Nexus 5X Build/MMB29P) AppleWebKit/537.36 (KHTML, like Gecko) Chrome/152.0.7977.82 Mobile Safari/537.36 (compatible; Googlebot/2.1; +http://www.google.com/bot.html)"
192.178.4.168 - - [15/Sep/2026:01:04:51 +0200] "GET /?v=72121156858901 HTTP/1.1" 200 20008 "-" "Mozilla/5.0 (Linux; Android 6.0.1; Nexus 5X Build/MMB29P) AppleWebKit/537.36 (KHTML, like Gecko) Chrome/152.0.7977.82 Mobile Safari/537.36 (compatible; Googlebot/2.1; +http://www.google.com/bot.html)"
192.178.4.166 - - [15/Sep/2026:01:05:02 +0200] "GET /?v=9952717138006 HTTP/1.1" 200 20024 "-" "Mozilla/5.0 (Linux; Android 6.0.1; Nexus 5X Build/MMB29P) AppleWebKit/537.36 (KHTML, like Gecko) Chrome/152.0.7977.82 Mobile Safari/537.36 (compatible; Googlebot/2.1; +http://www.google.com/bot.html)"
192.178.4.166 - - [15/Sep/2026:01:05:04 +0200] "GET /?v=86406152321800 HTTP/1.1" 200 20024 "-" "Mozilla/5.0 (Linux; Android 6.0.1; Nexus 5X Build/MMB29P) AppleWebKit/537.36 (KHTML, like Gecko) Chrome/152.0.7977.82 Mobile Safari/537.36 (compatible; Googlebot/2.1; +http://www.google.com/bot.html)"
192.178.4.167 - - [15/Sep/2026:01:05:06 +0200] "GET /?v=0029395913903 HTTP/1.1" 200 20040 "-" "Mozilla/5.0 (Linux; Android 6.0.1; Nexus 5X Build/MMB29P) AppleWebKit/537.36 (KHTML, like Gecko) Chrome/152.0.7977.82 Mobile Safari/537.36 (compatible; Googlebot/2.1; +http://www.google.com/bot.html)"
192.178.4.166 - - [15/Sep/2026:01:05:38 +0200] "GET /?v=11002185163500 HTTP/1.1" 200 20008 "-" "Mozilla/5.0 (Linux; Android 6.0.1; Nexus 5X Build/MMB29P) AppleWebKit/537.36 (KHTML, like Gecko) Chrome/152.0.7977.82 Mobile Safari/537.36 (compatible; Googlebot/2.1; +http://www.google.com/bot.html)"
192.178.4.166 - - [15/Sep/2026:01:05:40 +0200] "GET /?v=0190842549602 HTTP/1.1" 200 20008 "-" "Mozilla/5.0 (Linux; Android 6.0.1; Nexus 5X Build/MMB29P) AppleWebKit/537.36 (KHTML, like Gecko) Chrome/152.0.7977.82 Mobile Safari/537.36 (compatible; Googlebot/2.1; +http://www.google.com/bot.html)"
192.178.4.166 - - [15/Sep/2026:01:05:42 +0200] "GET /?v=8329886754906 HTTP/1.1" 200 20024 "-" "Mozilla/5.0 (Linux; Android 6.0.1; Nexus 5X Build/MMB29P) AppleWebKit/537.36 (KHTML, like Gecko) Chrome/152.0.7977.82 Mobile Safari/537.36 (compatible; Googlebot/2.1; +http://www.google.com/bot.html)"
192.178.4.166 - - [15/Sep/2026:01:06:31 +0200] "GET /?v=27010116616602 HTTP/1.1" 200 20024 "-" "Mozilla/5.0 (Linux; Android 6.0.1; Nexus 5X Build/MMB29P) AppleWebKit/537.36 (KHTML, like Gecko) Chrome/152.0.7977.82 Mobile Safari/537.36 (compatible; Googlebot/2.1; +http://www.google.com/bot.html)"
192.178.4.167 - - [15/Sep/2026:01:07:18 +0200] "GET /?v=08709188874201 HTTP/1.1" 200 20024 "-" "Mozilla/5.0 (Linux; Android 6.0.1; Nexus 5X Build/MMB29P) AppleWebKit/537.36 (KHTML, like Gecko) Chrome/152.0.7977.82 Mobile Safari/537.36 (compatible; Googlebot/2.1; +http://www.google.com/bot.html)"
192.178.4.166 - - [15/Sep/2026:01:07:19 +0200] "GET /?v=46177168948002 HTTP/1.1" 200 20040 "-" "Mozilla/5.0 (Linux; Android 6.0.1; Nexus 5X Build/MMB29P) AppleWebKit/537.36 (KHTML, like Gecko) Chrome/152.0.7977.82 Mobile Safari/537.36 (compatible; Googlebot/2.1; +http://www.google.com/bot.html)"
172.203.190.132 - - [15/Sep/2026:01:07:28 +0200] "GET /robots.txt HTTP/1.1" 200 5844 "-" "Mozilla/5.0 (Macintosh; Intel Mac OS X 10_15_7) AppleWebKit/537.36 (KHTML, like Gecko) Chrome/131.0.0.0 Safari/537.36; compatible; OAI-SearchBot/1.0; +https://openai.com/searchbot"
192.178.4.166 - - [15/Sep/2026:01:08:51 +0200] "GET /?v=65867158246600 HTTP/1.1" 200 20024 "-" "Mozilla/5.0 (Linux; Android 6.0.1; Nexus 5X Build/MMB29P) AppleWebKit/537.36 (KHTML, like Gecko) Chrome/152.0.7977.82 Mobile Safari/537.36 (compatible; Googlebot/2.1; +http://www.google.com/bot.html)"
212.183.175.188 - - [15/Sep/2026:01:08:53 +0200] "POST /wp-cron.php?doing_wp_cron=1789427332.4609088897705078125000 HTTP/1.1" 200 11 "-" "WordPress/7.1; https://www.cvevolpi.it"
192.178.4.168 - - [15/Sep/2026:01:08:54 +0200] "GET /?v=81191177553503 HTTP/1.1" 200 20008 "-" "Mozilla/5.0 (Linux; Android 6.0.1; Nexus 5X Build/MMB29P) AppleWebKit/537.36 (KHTML, like Gecko) Chrome/152.0.7977.82 Mobile Safari/537.36 (compatible; Googlebot/2.1; +http://www.google.com/bot.html)"
192.178.4.167 - - [15/Sep/2026:01:08:56 +0200] "GET /?v=4862518631800 HTTP/1.1" 200 20024 "-" "Mozilla/5.0 (Linux; Android 6.0.1; Nexus 5X Build/MMB29P) AppleWebKit/537.36 (KHTML, like Gecko) Chrome/152.0.7977.82 Mobile Safari/537.36 (compatible; Googlebot/2.1; +http://www.google.com/bot.html)"
192.178.4.166 - - [15/Sep/2026:01:09:40 +0200] "GET /?v=0279145966801 HTTP/1.1" 200 20024 "-" "Mozilla/5.0 (Linux; Android 6.0.1; Nexus 5X Build/MMB29P) AppleWebKit/537.36 (KHTML, like Gecko) Chrome/152.0.7977.82 Mobile Safari/537.36 (compatible; Googlebot/2.1; +http://www.google.com/bot.html)"
192.178.4.168 - - [15/Sep/2026:01:10:29 +0200] "GET /?v=8929020634605 HTTP/1.1" 200 20008 "-" "Mozilla/5.0 (Linux; Android 6.0.1; Nexus 5X Build/MMB29P) AppleWebKit/537.36 (KHTML, like Gecko) Chrome/152.0.7977.82 Mobile Safari/537.36 (compatible; Googlebot/2.1; +http://www.google.com/bot.html)"
192.178.4.167 - - [15/Sep/2026:01:11:17 +0200] "GET /?v=0915095756200 HTTP/1.1" 200 20008 "-" "Mozilla/5.0 (Linux; Android 6.0.1; Nexus 5X Build/MMB29P) AppleWebKit/537.36 (KHTML, like Gecko) Chrome/152.0.7977.82 Mobile Safari/537.36 (compatible; Googlebot/2.1; +http://www.google.com/bot.html)"
192.178.4.168 - - [15/Sep/2026:01:11:19 +0200] "GET /?v=84291129417800 HTTP/1.1" 200 20040 "-" "Mozilla/5.0 (Linux; Android 6.0.1; Nexus 5X Build/MMB29P) AppleWebKit/537.36 (KHTML, like Gecko) Chrome/152.0.7977.82 Mobile Safari/537.36 (compatible; Googlebot/2.1; +http://www.google.com/bot.html)"
192.178.4.167 - - [15/Sep/2026:01:12:01 +0200] "GET /?v=7179989988602 HTTP/1.1" 200 20040 "-" "Mozilla/5.0 (Linux; Android 6.0.1; Nexus 5X Build/MMB29P) AppleWebKit/537.36 (KHTML, like Gecko) Chrome/152.0.7977.82 Mobile Safari/537.36 (compatible; Googlebot/2.1; +http://www.google.com/bot.html)"
192.178.4.167 - - [15/Sep/2026:01:12:05 +0200] "GET /?v=7131011560600 HTTP/1.1" 200 20008 "-" "Mozilla/5.0 (Linux; Android 6.0.1; Nexus 5X Build/MMB29P) AppleWebKit/537.36 (KHTML, like Gecko) Chrome/152.0.7977.82 Mobile Safari/537.36 (compatible; Googlebot/2.1; +http://www.google.com/bot.html)"
192.178.4.166 - - [15/Sep/2026:01:12:20 +0200] "GET /?v=1119623665902 HTTP/1.1" 200 20008 "-" "Mozilla/5.0 (Linux; Android 6.0.1; Nexus 5X Build/MMB29P) AppleWebKit/537.36 (KHTML, like Gecko) Chrome/152.0.7977.82 Mobile Safari/537.36 (compatible; Googlebot/2.1; +http://www.google.com/bot.html)"
192.178.4.167 - - [15/Sep/2026:01:13:53 +0200] "GET /wp-content/themes/sentinel/scripts/caroufredsel/jquery.caroufredsel.min.js?ver=7.1 HTTP/1.1" 200 5518 "https://www.cvevolpi.it/?v=4862518631800" "Mozilla/5.0 (Linux; Android 6.0.1; Nexus 5X Build/MMB29P) AppleWebKit/537.36 (KHTML, like Gecko) Chrome/152.0.7977.82 Mobile Safari/537.36 (compatible; Googlebot/2.1; +http://www.google.com/bot.html)"
192.178.4.167 - - [15/Sep/2026:01:13:53 +0200] "GET /wp-content/themes/sentinel/scripts/caroufredsel/jquery.caroufredsel.min.js?ver=7.1 HTTP/1.1" 200 13175 "https://www.cvevolpi.it/?v=4862518631800" "Mozilla/5.0 (Linux; Android 6.0.1; Nexus 5X Build/MMB29P) AppleWebKit/537.36 (KHTML, like Gecko) Chrome/152.0.7977.82 Mobile Safari/537.36 (compatible; Googlebot/2.1; +http://www.google.com/bot.html)"
212.183.175.188 - - [15/Sep/2026:01:14:14 +0200] "POST /?wordfence_syncAttackData=1789427654.4832 HTTP/1.1" 200 5705 "-" "WordPress/7.1; https://www.cvevolpi.it"
192.178.4.167 - - [15/Sep/2026:01:14:14 +0200] "GET /?v=91867132738200 HTTP/1.1" 200 20040 "-" "Mozilla/5.0 (Linux; Android 6.0.1; Nexus 5X Build/MMB29P) AppleWebKit/537.36 (KHTML, like Gecko) Chrome/152.0.7977.82 Mobile Safari/537.36 (compatible; Googlebot/2.1; +http://www.google.com/bot.html)"
192.178.4.166 - - [15/Sep/2026:01:14:16 +0200] "GET /?v=62480151720309 HTTP/1.1" 200 20024 "-" "Mozilla/5.0 (Linux; Android 6.0.1; Nexus 5X Build/MMB29P) AppleWebKit/537.36 (KHTML, like Gecko) Chrome/152.0.7977.82 Mobile Safari/537.36 (compatible; Googlebot/2.1; +http://www.google.com/bot.html)"
192.178.4.167 - - [15/Sep/2026:01:14:18 +0200] "GET /?v=1199828257802 HTTP/1.1" 200 20024 "-" "Mozilla/5.0 (Linux; Android 6.0.1; Nexus 5X Build/MMB29P) AppleWebKit/537.36 (KHTML, like Gecko) Chrome/152.0.7977.82 Mobile Safari/537.36 (compatible; Googlebot/2.1; +http://www.google.com/bot.html)"
192.178.4.167 - - [15/Sep/2026:01:14:51 +0200] "GET /?v=21822130601401 HTTP/1.1" 200 20024 "-" "Mozilla/5.0 (Linux; Android 6.0.1; Nexus 5X Build/MMB29P) AppleWebKit/537.36 (KHTML, like Gecko) Chrome/152.0.7977.82 Mobile Safari/537.36 (compatible; Googlebot/2.1; +http://www.google.com/bot.html)"
192.178.4.166 - - [15/Sep/2026:01:14:56 +0200] "GET /wp-content/themes/sentinel/style.css HTTP/1.1" 200 5466 "https://www.cvevolpi.it/wp-content/themes/sentinel-child/style.css?ver=7.1" "Mozilla/5.0 (Linux; Android 6.0.1; Nexus 5X Build/MMB29P) AppleWebKit/537.36 (KHTML, like Gecko) Chrome/152.0.7977.82 Mobile Safari/537.36 (compatible; Googlebot/2.1; +http://www.google.com/bot.html)"
192.178.4.166 - - [15/Sep/2026:01:14:56 +0200] "GET /wp-content/themes/sentinel/style.css HTTP/1.1" 200 24015 "https://www.cvevolpi.it/wp-content/themes/sentinel-child/style.css?ver=7.1" "Mozilla/5.0 (Linux; Android 6.0.1; Nexus 5X Build/MMB29P) AppleWebKit/537.36 (KHTML, like Gecko) Chrome/152.0.7977.82 Mobile Safari/537.36 (compatible; Googlebot/2.1; +http://www.google.com/bot.html)"
192.178.4.166 - - [15/Sep/2026:01:15:00 +0200] "GET /?v=7631186258602 HTTP/1.1" 200 20040 "-" "Mozilla/5.0 (Linux; Android 6.0.1; Nexus 5X Build/MMB29P) AppleWebKit/537.36 (KHTML, like Gecko) Chrome/152.0.7977.82 Mobile Safari/537.36 (compatible; Googlebot/2.1; +http://www.google.com/bot.html)"
192.178.4.166 - - [15/Sep/2026:01:16:32 +0200] "GET /?v=1992650557000 HTTP/1.1" 200 20008 "-" "Mozilla/5.0 (Linux; Android 6.0.1; Nexus 5X Build/MMB29P) AppleWebKit/537.36 (KHTML, like Gecko) Chrome/152.0.7977.82 Mobile Safari/537.36 (compatible; Googlebot/2.1; +http://www.google.com/bot.html)"
192.178.4.167 - - [15/Sep/2026:01:17:19 +0200] "GET /?v=73225155116600 HTTP/1.1" 200 20008 "-" "Mozilla/5.0 (Linux; Android 6.0.1; Nexus 5X Build/MMB29P) AppleWebKit/537.36 (KHTML, like Gecko) Chrome/152.0.7977.82 Mobile Safari/537.36 (compatible; Googlebot/2.1; +http://www.google.com/bot.html)"
212.183.175.188 - - [15/Sep/2026:01:17:20 +0200] "POST /wp-cron.php?doing_wp_cron=1789427840.2221429347991943359375 HTTP/1.1" 200 11 "-" "WordPress/7.1; https://www.cvevolpi.it"
192.178.4.166 - - [15/Sep/2026:01:18:51 +0200] "GET /?v=29201108504101 HTTP/1.1" 200 20024 "-" "Mozilla/5.0 (Linux; Android 6.0.1; Nexus 5X Build/MMB29P) AppleWebKit/537.36 (KHTML, like Gecko) Chrome/152.0.7977.82 Mobile Safari/537.36 (compatible; Googlebot/2.1; +http://www.google.com/bot.html)"
192.178.4.166 - - [15/Sep/2026:01:19:03 +0200] "GET /?v=32955100923202 HTTP/1.1" 200 20024 "-" "Mozilla/5.0 (Linux; Android 6.0.1; Nexus 5X Build/MMB29P) AppleWebKit/537.36 (KHTML, like Gecko) Chrome/152.0.7977.82 Mobile Safari/537.36 (compatible; Googlebot/2.1; +http://www.google.com/bot.html)"
192.178.4.167 - - [15/Sep/2026:01:19:50 +0200] "GET /?v=8414095968412 HTTP/1.1" 200 20040 "-" "Mozilla/5.0 (Linux; Android 6.0.1; Nexus 5X Build/MMB29P) AppleWebKit/537.36 (KHTML, like Gecko) Chrome/152.0.7977.82 Mobile Safari/537.36 (compatible; Googlebot/2.1; +http://www.google.com/bot.html)"
212.183.175.188 - - [15/Sep/2026:01:19:50 +0200] "POST /wp-cron.php?doing_wp_cron=1789427990.6218008995056152343750 HTTP/1.1" 200 11 "-" "WordPress/7.1; https://www.cvevolpi.it"
212.183.175.188 - - [15/Sep/2026:01:20:00 +0200] "POST /wp-cron.php?doing_wp_cron=1789428000.8139309883117675781250 HTTP/1.1" 200 11 "-" "WordPress/7.1; https://www.cvevolpi.it"
192.178.4.167 - - [15/Sep/2026:01:20:00 +0200] "GET /?v=8813868189000 HTTP/1.1" 200 20024 "-" "Mozilla/5.0 (Linux; Android 6.0.1; Nexus 5X Build/MMB29P) AppleWebKit/537.36 (KHTML, like Gecko) Chrome/152.0.7977.82 Mobile Safari/537.36 (compatible; Googlebot/2.1; +http://www.google.com/bot.html)"
192.178.4.166 - - [15/Sep/2026:01:20:02 +0200] "GET /?v=1161182086800 HTTP/1.1" 200 20024 "-" "Mozilla/5.0 (Linux; Android 6.0.1; Nexus 5X Build/MMB29P) AppleWebKit/537.36 (KHTML, like Gecko) Chrome/152.0.7977.82 Mobile Safari/537.36 (compatible; Googlebot/2.1; +http://www.google.com/bot.html)"
192.178.4.166 - - [15/Sep/2026:01:20:04 +0200] "GET /?v=7877569402602 HTTP/1.1" 200 20008 "-" "Mozilla/5.0 (Linux; Android 6.0.1; Nexus 5X Build/MMB29P) AppleWebKit/537.36 (KHTML, like Gecko) Chrome/152.0.7977.82 Mobile Safari/537.36 (compatible; Googlebot/2.1; +http://www.google.com/bot.html)"
192.178.4.166 - - [15/Sep/2026:01:20:06 +0200] "GET /?v=76858148392500 HTTP/1.1" 200 20024 "-" "Mozilla/5.0 (Linux; Android 6.0.1; Nexus 5X Build/MMB29P) AppleWebKit/537.36 (KHTML, like Gecko) Chrome/152.0.7977.82 Mobile Safari/537.36 (compatible; Googlebot/2.1; +http://www.google.com/bot.html)"
192.178.4.167 - - [15/Sep/2026:01:20:54 +0200] "GET /?v=11103157936202 HTTP/1.1" 200 20024 "-" "Mozilla/5.0 (Linux; Android 6.0.1; Nexus 5X Build/MMB29P) AppleWebKit/537.36 (KHTML, like Gecko) Chrome/152.0.7977.82 Mobile Safari/537.36 (compatible; Googlebot/2.1; +http://www.google.com/bot.html)"
192.178.4.166 - - [15/Sep/2026:01:20:58 +0200] "GET /wp-content/themes/sentinel/scripts/isotope/jquery.isotope.min.js?ver=7.1 HTTP/1.1" 200 5524 "https://www.cvevolpi.it/?v=11103157936202" "Mozilla/5.0 (Linux; Android 6.0.1; Nexus 5X Build/MMB29P) AppleWebKit/537.36 (KHTML, like Gecko) Chrome/152.0.7977.82 Mobile Safari/537.36 (compatible; Googlebot/2.1; +http://www.google.com/bot.html)"
192.178.4.166 - - [15/Sep/2026:01:20:58 +0200] "GET /wp-content/themes/sentinel/scripts/isotope/jquery.isotope.min.js?ver=7.1 HTTP/1.1" 200 4853 "https://www.cvevolpi.it/?v=11103157936202" "Mozilla/5.0 (Linux; Android 6.0.1; Nexus 5X Build/MMB29P) AppleWebKit/537.36 (KHTML, like Gecko) Chrome/152.0.7977.82 Mobile Safari/537.36 (compatible; Googlebot/2.1; +http://www.google.com/bot.html)"
192.178.4.166 - - [15/Sep/2026:01:21:30 +0200] "GET /?v=7909097573504 HTTP/1.1" 200 20024 "-" "Mozilla/5.0 (Linux; Android 6.0.1; Nexus 5X Build/MMB29P) AppleWebKit/537.36 (KHTML, like Gecko) Chrome/152.0.7977.82 Mobile Safari/537.36 (compatible; Googlebot/2.1; +http://www.google.com/bot.html)"
192.178.4.166 - - [15/Sep/2026:01:21:40 +0200] "GET /?v=1157180423703 HTTP/1.1" 200 20024 "-" "Mozilla/5.0 (Linux; Android 6.0.1; Nexus 5X Build/MMB29P) AppleWebKit/537.36 (KHTML, like Gecko) Chrome/152.0.7977.82 Mobile Safari/537.36 (compatible; Googlebot/2.1; +http://www.google.com/bot.html)"
192.178.4.168 - - [15/Sep/2026:01:23:50 +0200] "GET /?v=3905275846702 HTTP/1.1" 200 20024 "-" "Mozilla/5.0 (Linux; Android 6.0.1; Nexus 5X Build/MMB29P) AppleWebKit/537.36 (KHTML, like Gecko) Chrome/152.0.7977.82 Mobile Safari/537.36 (compatible; Googlebot/2.1; +http://www.google.com/bot.html)"
192.178.4.167 - - [15/Sep/2026:01:24:04 +0200] "GET /?v=07120197450100 HTTP/1.1" 200 20024 "-" "Mozilla/5.0 (Linux; Android 6.0.1; Nexus 5X Build/MMB29P) AppleWebKit/537.36 (KHTML, like Gecko) Chrome/152.0.7977.82 Mobile Safari/537.36 (compatible; Googlebot/2.1; +http://www.google.com/bot.html)"
192.178.4.166 - - [15/Sep/2026:01:24:05 +0200] "GET /?v=08972102172400 HTTP/1.1" 200 20024 "-" "Mozilla/5.0 (Linux; Android 6.0.1; Nexus 5X Build/MMB29P) AppleWebKit/537.36 (KHTML, like Gecko) Chrome/152.0.7977.82 Mobile Safari/537.36 (compatible; Googlebot/2.1; +http://www.google.com/bot.html)"
192.178.4.166 - - [15/Sep/2026:01:24:07 +0200] "GET /?v=748945789104 HTTP/1.1" 200 20024 "-" "Mozilla/5.0 (Linux; Android 6.0.1; Nexus 5X Build/MMB29P) AppleWebKit/537.36 (KHTML, like Gecko) Chrome/152.0.7977.82 Mobile Safari/537.36 (compatible; Googlebot/2.1; +http://www.google.com/bot.html)"
192.178.4.168 - - [15/Sep/2026:01:24:49 +0200] "GET /?v=2949071671300 HTTP/1.1" 200 20008 "-" "Mozilla/5.0 (Linux; Android 6.0.1; Nexus 5X Build/MMB29P) AppleWebKit/537.36 (KHTML, like Gecko) Chrome/152.0.7977.82 Mobile Safari/537.36 (compatible; Googlebot/2.1; +http://www.google.com/bot.html)"
192.178.4.166 - - [15/Sep/2026:01:26:05 +0200] "GET /?v=92988138768901 HTTP/1.1" 200 20024 "-" "Mozilla/5.0 (Linux; Android 6.0.1; Nexus 5X Build/MMB29P) AppleWebKit/537.36 (KHTML, like Gecko) Chrome/152.0.7977.82 Mobile Safari/537.36 (compatible; Googlebot/2.1; +http://www.google.com/bot.html)"
192.178.4.167 - - [15/Sep/2026:01:27:19 +0200] "GET /?v=51008128588500 HTTP/1.1" 200 20024 "-" "Mozilla/5.0 (Linux; Android 6.0.1; Nexus 5X Build/MMB29P) AppleWebKit/537.36 (KHTML, like Gecko) Chrome/152.0.7977.82 Mobile Safari/537.36 (compatible; Googlebot/2.1; +http://www.google.com/bot.html)"
192.178.4.167 - - [15/Sep/2026:01:28:34 +0200] "GET /?v=7475518742800 HTTP/1.1" 200 20024 "-" "Mozilla/5.0 (Linux; Android 6.0.1; Nexus 5X Build/MMB29P) AppleWebKit/537.36 (KHTML, like Gecko) Chrome/152.0.7977.82 Mobile Safari/537.36 (compatible; Googlebot/2.1; +http://www.google.com/bot.html)"
192.178.4.166 - - [15/Sep/2026:01:30:25 +0200] "GET /?v=229969959904 HTTP/1.1" 200 20024 "-" "Mozilla/5.0 (Linux; Android 6.0.1; Nexus 5X Build/MMB29P) AppleWebKit/537.36 (KHTML, like Gecko) Chrome/152.0.7977.82 Mobile Safari/537.36 (compatible; Googlebot/2.1; +http://www.google.com/bot.html)"
192.178.4.168 - - [15/Sep/2026:01:31:12 +0200] "GET /?v=54877178154100 HTTP/1.1" 200 20008 "-" "Mozilla/5.0 (Linux; Android 6.0.1; Nexus 5X Build/MMB29P) AppleWebKit/537.36 (KHTML, like Gecko) Chrome/152.0.7977.82 Mobile Safari/537.36 (compatible; Googlebot/2.1; +http://www.google.com/bot.html)"
192.178.4.166 - - [15/Sep/2026:01:32:46 +0200] "GET /?v=7951078300400 HTTP/1.1" 200 20024 "-" "Mozilla/5.0 (Linux; Android 6.0.1; Nexus 5X Build/MMB29P) AppleWebKit/537.36 (KHTML, like Gecko) Chrome/152.0.7977.82 Mobile Safari/537.36 (compatible; Googlebot/2.1; +http://www.google.com/bot.html)"
192.178.4.167 - - [15/Sep/2026:01:33:12 +0200] "GET /?v=4986813016600 HTTP/1.1" 200 20008 "-" "Mozilla/5.0 (Linux; Android 6.0.1; Nexus 5X Build/MMB29P) AppleWebKit/537.36 (KHTML, like Gecko) Chrome/152.0.7977.82 Mobile Safari/537.36 (compatible; Googlebot/2.1; +http://www.google.com/bot.html)"
192.178.4.167 - - [15/Sep/2026:01:33:33 +0200] "GET /?v=5923024180002 HTTP/1.1" 200 20024 "-" "Mozilla/5.0 (Linux; Android 6.0.1; Nexus 5X Build/MMB29P) AppleWebKit/537.36 (KHTML, like Gecko) Chrome/152.0.7977.82 Mobile Safari/537.36 (compatible; Googlebot/2.1; +http://www.google.com/bot.html)"
192.178.4.167 - - [15/Sep/2026:01:33:36 +0200] "GET /?v=14057116964200 HTTP/1.1" 200 20024 "-" "Mozilla/5.0 (Linux; Android 6.0.1; Nexus 5X Build/MMB29P) AppleWebKit/537.36 (KHTML, like Gecko) Chrome/152.0.7977.82 Mobile Safari/537.36 (compatible; Googlebot/2.1; +http://www.google.com/bot.html)"
192.178.4.167 - - [15/Sep/2026:01:35:13 +0200] "GET /?v=98905200646800 HTTP/1.1" 200 20040 "-" "Mozilla/5.0 (Linux; Android 6.0.1; Nexus 5X Build/MMB29P) AppleWebKit/537.36 (KHTML, like Gecko) Chrome/152.0.7977.82 Mobile Safari/537.36 (compatible; Googlebot/2.1; +http://www.google.com/bot.html)"
192.178.4.166 - - [15/Sep/2026:01:35:15 +0200] "GET /?v=8011184444510 HTTP/1.1" 200 20040 "-" "Mozilla/5.0 (Linux; Android 6.0.1; Nexus 5X Build/MMB29P) AppleWebKit/537.36 (KHTML, like Gecko) Chrome/152.0.7977.82 Mobile Safari/537.36 (compatible; Googlebot/2.1; +http://www.google.com/bot.html)"
192.178.4.167 - - [15/Sep/2026:01:35:16 +0200] "GET /?v=1728622203400 HTTP/1.1" 200 20024 "-" "Mozilla/5.0 (Linux; Android 6.0.1; Nexus 5X Build/MMB29P) AppleWebKit/537.36 (KHTML, like Gecko) Chrome/152.0.7977.82 Mobile Safari/537.36 (compatible; Googlebot/2.1; +http://www.google.com/bot.html)"
192.178.4.167 - - [15/Sep/2026:01:35:18 +0200] "GET /wp-content/themes/sentinel/retina.css?ver=7.1 HTTP/1.1" 200 5467 "https://www.cvevolpi.it/?v=98905200646800" "Mozilla/5.0 (Linux; Android 6.0.1; Nexus 5X Build/MMB29P) AppleWebKit/537.36 (KHTML, like Gecko) Chrome/152.0.7977.82 Mobile Safari/537.36 (compatible; Googlebot/2.1; +http://www.google.com/bot.html)"
192.178.4.167 - - [15/Sep/2026:01:35:18 +0200] "GET /wp-content/themes/sentinel/retina.css?ver=7.1 HTTP/1.1" 200 941 "https://www.cvevolpi.it/?v=98905200646800" "Mozilla/5.0 (Linux; Android 6.0.1; Nexus 5X Build/MMB29P) AppleWebKit/537.36 (KHTML, like Gecko) Chrome/152.0.7977.82 Mobile Safari/537.36 (compatible; Googlebot/2.1; +http://www.google.com/bot.html)"
192.178.4.166 - - [15/Sep/2026:01:35:22 +0200] "GET /wp-content/plugins/contact-form-7/includes/css/styles.css?ver=6.1.7 HTTP/1.1" 200 915 "https://www.cvevolpi.it/?v=1728622203400" "Mozilla/5.0 (Linux; Android 6.0.1; Nexus 5X Build/MMB29P) AppleWebKit/537.36 (KHTML, like Gecko) Chrome/152.0.7977.82 Mobile Safari/537.36 (compatible; Googlebot/2.1; +http://www.google.com/bot.html)"
192.178.4.166 - - [15/Sep/2026:01:35:22 +0200] "GET /wp-content/plugins/contact-form-7/includes/css/styles.css?ver=6.1.7 HTTP/1.1" 200 5471 "https://www.cvevolpi.it/?v=1728622203400" "Mozilla/5.0 (Linux; Android 6.0.1; Nexus 5X Build/MMB29P) AppleWebKit/537.36 (KHTML, like Gecko) Chrome/152.0.7977.82 Mobile Safari/537.36 (compatible; Googlebot/2.1; +http://www.google.com/bot.html)"
192.178.4.166 - - [15/Sep/2026:01:36:41 +0200] "GET /?v=4848225984200 HTTP/1.1" 200 20040 "-" "Mozilla/5.0 (Linux; Android 6.0.1; Nexus 5X Build/MMB29P) AppleWebKit/537.36 (KHTML, like Gecko) Chrome/152.0.7977.82 Mobile Safari/537.36 (compatible; Googlebot/2.1; +http://www.google.com/bot.html)"
192.178.4.166 - - [15/Sep/2026:01:36:42 +0200] "GET /?v=3124096211819 HTTP/1.1" 200 20040 "-" "Mozilla/5.0 (Linux; Android 6.0.1; Nexus 5X Build/MMB29P) AppleWebKit/537.36 (KHTML, like Gecko) Chrome/152.0.7977.82 Mobile Safari/537.36 (compatible; Googlebot/2.1; +http://www.google.com/bot.html)"
192.178.4.166 - - [15/Sep/2026:01:37:18 +0200] "GET /?v=6154779539803 HTTP/1.1" 200 20024 "-" "Mozilla/5.0 (Linux; Android 6.0.1; Nexus 5X Build/MMB29P) AppleWebKit/537.36 (KHTML, like Gecko) Chrome/152.0.7977.82 Mobile Safari/537.36 (compatible; Googlebot/2.1; +http://www.google.com/bot.html)"
43.136.86.241 - - [15/Sep/2026:01:38:08 +0200] "GET / HTTP/1.1" 200 20024 "http://cvevolpi.it" "Mozilla/5.0 (iPhone; CPU iPhone OS 13_2_3 like Mac OS X) AppleWebKit/605.1.15 (KHTML, like Gecko) Version/13.0.3 Mobile/15E148 Safari/604.1"
192.178.4.168 - - [15/Sep/2026:01:38:35 +0200] "GET /?v=84086196638900 HTTP/1.1" 200 20024 "-" "Mozilla/5.0 (Linux; Android 6.0.1; Nexus 5X Build/MMB29P) AppleWebKit/537.36 (KHTML, like Gecko) Chrome/152.0.7977.82 Mobile Safari/537.36 (compatible; Googlebot/2.1; +http://www.google.com/bot.html)"
192.178.4.167 - - [15/Sep/2026:01:38:40 +0200] "GET /wp-content/themes/sentinel/js/global.js?ver=7.1 HTTP/1.1" 200 5483 "https://www.cvevolpi.it/?v=84086196638900" "Mozilla/5.0 (Linux; Android 6.0.1; Nexus 5X Build/MMB29P) AppleWebKit/537.36 (KHTML, like Gecko) Chrome/152.0.7977.82 Mobile Safari/537.36 (compatible; Googlebot/2.1; +http://www.google.com/bot.html)"
192.178.4.167 - - [15/Sep/2026:01:38:40 +0200] "GET /wp-content/themes/sentinel/js/global.js?ver=7.1 HTTP/1.1" 200 6747 "https://www.cvevolpi.it/?v=84086196638900" "Mozilla/5.0 (Linux; Android 6.0.1; Nexus 5X Build/MMB29P) AppleWebKit/537.36 (KHTML, like Gecko) Chrome/152.0.7977.82 Mobile Safari/537.36 (compatible; Googlebot/2.1; +http://www.google.com/bot.html)"
192.178.4.166 - - [15/Sep/2026:01:38:42 +0200] "HEAD /wp-content/uploads/freshizer/d2a08ce6ac57eedd314be78525653df7_HPIM3969-374-246-c@2x.jpg HTTP/1.1" 200 5482 "https://www.cvevolpi.it/?v=84086196638900" "Mozilla/5.0 (Linux; Android 6.0.1; Nexus 5X Build/MMB29P) AppleWebKit/537.36 (KHTML, like Gecko) Chrome/152.0.7977.82 Mobile Safari/537.36 (compatible; Googlebot/2.1; +http://www.google.com/bot.html)"
192.178.4.166 - - [15/Sep/2026:01:38:43 +0200] "GET /?v=0142515877202 HTTP/1.1" 200 20008 "-" "Mozilla/5.0 (Linux; Android 6.0.1; Nexus 5X Build/MMB29P) AppleWebKit/537.36 (KHTML, like Gecko) Chrome/152.0.7977.82 Mobile Safari/537.36 (compatible; Googlebot/2.1; +http://www.google.com/bot.html)"
192.178.4.166 - - [15/Sep/2026:01:38:45 +0200] "HEAD /wp-content/uploads/freshizer/01c35b45e43256b7cf5d0df458211eb9_HPIM1864-374-246-c@2x.jpg HTTP/1.1" 200 5481 "https://www.cvevolpi.it/?v=84086196638900" "Mozilla/5.0 (Linux; Android 6.0.1; Nexus 5X Build/MMB29P) AppleWebKit/537.36 (KHTML, like Gecko) Chrome/152.0.7977.82 Mobile Safari/537.36 (compatible; Googlebot/2.1; +http://www.google.com/bot.html)"
192.178.4.166 - - [15/Sep/2026:01:38:49 +0200] "GET /wp-content/themes/sentinel/scripts/magnific-popup/magnific-popup.js?ver=7.1 HTTP/1.1" 200 5495 "https://www.cvevolpi.it/?v=0142515877202" "Mozilla/5.0 (Linux; Android 6.0.1; Nexus 5X Build/MMB29P) AppleWebKit/537.36 (KHTML, like Gecko) Chrome/152.0.7977.82 Mobile Safari/537.36 (compatible; Googlebot/2.1; +http://www.google.com/bot.html)"
192.178.4.166 - - [15/Sep/2026:01:38:49 +0200] "GET /wp-content/themes/sentinel/scripts/magnific-popup/magnific-popup.js?ver=7.1 HTTP/1.1" 200 6427 "https://www.cvevolpi.it/?v=0142515877202" "Mozilla/5.0 (Linux; Android 6.0.1; Nexus 5X Build/MMB29P) AppleWebKit/537.36 (KHTML, like Gecko) Chrome/152.0.7977.82 Mobile Safari/537.36 (compatible; Googlebot/2.1; +http://www.google.com/bot.html)"
192.178.4.166 - - [15/Sep/2026:01:38:55 +0200] "HEAD /wp-content/uploads/freshizer/01c35b45e43256b7cf5d0df458211eb9_HPIM1864-374-246-c@2x.jpg HTTP/1.1" 200 5481 "https://www.cvevolpi.it/?v=0142515877202" "Mozilla/5.0 (Linux; Android 6.0.1; Nexus 5X Build/MMB29P) AppleWebKit/537.36 (KHTML, like Gecko) Chrome/152.0.7977.82 Mobile Safari/537.36 (compatible; Googlebot/2.1; +http://www.google.com/bot.html)"
192.178.4.167 - - [15/Sep/2026:01:40:02 +0200] "GET /?v=8914239262902 HTTP/1.1" 200 20040 "-" "Mozilla/5.0 (Linux; Android 6.0.1; Nexus 5X Build/MMB29P) AppleWebKit/537.36 (KHTML, like Gecko) Chrome/152.0.7977.82 Mobile Safari/537.36 (compatible; Googlebot/2.1; +http://www.google.com/bot.html)"
192.178.4.166 - - [15/Sep/2026:01:40:11 +0200] "GET /wp-content/themes/sentinel/js/global.js?ver=7.1 HTTP/1.1" 200 5483 "https://www.cvevolpi.it/?v=8914239262902" "Mozilla/5.0 (Linux; Android 6.0.1; Nexus 5X Build/MMB29P) AppleWebKit/537.36 (KHTML, like Gecko) Chrome/152.0.7977.82 Mobile Safari/537.36 (compatible; Googlebot/2.1; +http://www.google.com/bot.html)"
192.178.4.166 - - [15/Sep/2026:01:40:11 +0200] "GET /wp-content/themes/sentinel/js/global.js?ver=7.1 HTTP/1.1" 200 6747 "https://www.cvevolpi.it/?v=8914239262902" "Mozilla/5.0 (Linux; Android 6.0.1; Nexus 5X Build/MMB29P) AppleWebKit/537.36 (KHTML, like Gecko) Chrome/152.0.7977.82 Mobile Safari/537.36 (compatible; Googlebot/2.1; +http://www.google.com/bot.html)"
192.178.4.166 - - [15/Sep/2026:01:40:12 +0200] "GET /wp-content/themes/sentinel/scripts/isotope/jquery.isotope.min.js?ver=7.1 HTTP/1.1" 200 4853 "https://www.cvevolpi.it/?v=8914239262902" "Mozilla/5.0 (Linux; Android 6.0.1; Nexus 5X Build/MMB29P) AppleWebKit/537.36 (KHTML, like Gecko) Chrome/152.0.7977.82 Mobile Safari/537.36 (compatible; Googlebot/2.1; +http://www.google.com/bot.html)"
192.178.4.166 - - [15/Sep/2026:01:40:12 +0200] "GET /wp-content/themes/sentinel/scripts/isotope/jquery.isotope.min.js?ver=7.1 HTTP/1.1" 200 5524 "https://www.cvevolpi.it/?v=8914239262902" "Mozilla/5.0 (Linux; Android 6.0.1; Nexus 5X Build/MMB29P) AppleWebKit/537.36 (KHTML, like Gecko) Chrome/152.0.7977.82 Mobile Safari/537.36 (compatible; Googlebot/2.1; +http://www.google.com/bot.html)"
192.178.4.166 - - [15/Sep/2026:01:40:13 +0200] "HEAD /wp-content/uploads/freshizer/d2a08ce6ac57eedd314be78525653df7_HPIM3969-374-246-c@2x.jpg HTTP/1.1" 200 5498 "https://www.cvevolpi.it/?v=8914239262902" "Mozilla/5.0 (Linux; Android 6.0.1; Nexus 5X Build/MMB29P) AppleWebKit/537.36 (KHTML, like Gecko) Chrome/152.0.7977.82 Mobile Safari/537.36 (compatible; Googlebot/2.1; +http://www.google.com/bot.html)"
192.178.4.166 - - [15/Sep/2026:01:40:15 +0200] "HEAD /wp-content/uploads/freshizer/01c35b45e43256b7cf5d0df458211eb9_HPIM1864-374-246-c@2x.jpg HTTP/1.1" 200 5481 "https://www.cvevolpi.it/?v=8914239262902" "Mozilla/5.0 (Linux; Android 6.0.1; Nexus 5X Build/MMB29P) AppleWebKit/537.36 (KHTML, like Gecko) Chrome/152.0.7977.82 Mobile Safari/537.36 (compatible; Googlebot/2.1; +http://www.google.com/bot.html)"
192.178.4.166 - - [15/Sep/2026:01:40:18 +0200] "GET /?v=6057966124314 HTTP/1.1" 200 20024 "-" "Mozilla/5.0 (Linux; Android 6.0.1; Nexus 5X Build/MMB29P) AppleWebKit/537.36 (KHTML, like Gecko) Chrome/152.0.7977.82 Mobile Safari/537.36 (compatible; Googlebot/2.1; +http://www.google.com/bot.html)"
52.167.144.212 - - [15/Sep/2026:01:40:46 +0200] "GET /?v=7791735321101 HTTP/1.1" 200 20024 "-" "Mozilla/5.0 AppleWebKit/537.36 (KHTML, like Gecko; compatible; bingbot/2.0; +http://www.bing.com/bingbot.htm) Chrome/116.0.1938.76 Safari/537.36"
192.178.4.168 - - [15/Sep/2026:01:41:51 +0200] "GET /?v=3510842360600 HTTP/1.1" 200 20024 "-" "Mozilla/5.0 (Linux; Android 6.0.1; Nexus 5X Build/MMB29P) AppleWebKit/537.36 (KHTML, like Gecko) Chrome/152.0.7977.82 Mobile Safari/537.36 (compatible; Googlebot/2.1; +http://www.google.com/bot.html)"
192.178.4.166 - - [15/Sep/2026:01:43:55 +0200] "GET /?v=5296858152400 HTTP/1.1" 200 20024 "-" "Mozilla/5.0 (Linux; Android 6.0.1; Nexus 5X Build/MMB29P) AppleWebKit/537.36 (KHTML, like Gecko) Chrome/152.0.7977.82 Mobile Safari/537.36 (compatible; Googlebot/2.1; +http://www.google.com/bot.html)"
192.178.4.167 - - [15/Sep/2026:01:44:06 +0200] "GET /wp-content/themes/sentinel/scripts/fontawesome/css/font-awesome.min.css?ver=7.1 HTTP/1.1" 200 5485 "https://www.cvevolpi.it/?v=5296858152400" "Mozilla/5.0 (Linux; Android 6.0.1; Nexus 5X Build/MMB29P) AppleWebKit/537.36 (KHTML, like Gecko) Chrome/152.0.7977.82 Mobile Safari/537.36 (compatible; Googlebot/2.1; +http://www.google.com/bot.html)"
192.178.4.167 - - [15/Sep/2026:01:44:06 +0200] "GET /wp-content/themes/sentinel/scripts/fontawesome/css/font-awesome.min.css?ver=7.1 HTTP/1.1" 200 4077 "https://www.cvevolpi.it/?v=5296858152400" "Mozilla/5.0 (Linux; Android 6.0.1; Nexus 5X Build/MMB29P) AppleWebKit/537.36 (KHTML, like Gecko) Chrome/152.0.7977.82 Mobile Safari/537.36 (compatible; Googlebot/2.1; +http://www.google.com/bot.html)"
192.178.4.167 - - [15/Sep/2026:01:44:08 +0200] "HEAD /wp-content/uploads/freshizer/c72aa2e42be299d484160e459a27fd12_DSC02197-374-246-c@2x.jpg HTTP/1.1" 200 5480 "https://www.cvevolpi.it/?v=5296858152400" "Mozilla/5.0 (Linux; Android 6.0.1; Nexus 5X Build/MMB29P) AppleWebKit/537.36 (KHTML, like Gecko) Chrome/152.0.7977.82 Mobile Safari/537.36 (compatible; Googlebot/2.1; +http://www.google.com/bot.html)"
192.178.4.167 - - [15/Sep/2026:01:45:58 +0200] "GET /?v=986063145800 HTTP/1.1" 200 20008 "-" "Mozilla/5.0 (Linux; Android 6.0.1; Nexus 5X Build/MMB29P) AppleWebKit/537.36 (KHTML, like Gecko) Chrome/152.0.7977.82 Mobile Safari/537.36 (compatible; Googlebot/2.1; +http://www.google.com/bot.html)"
52.167.144.213 - - [15/Sep/2026:01:45:58 +0200] "GET /wp-sitemap.xml HTTP/1.1" 200 5880 "-" "Mozilla/5.0 AppleWebKit/537.36 (KHTML, like Gecko; compatible; bingbot/2.0; +http://www.bing.com/bingbot.htm) Chrome/116.0.1938.76 Safari/537.36"
192.178.4.168 - - [15/Sep/2026:01:48:01 +0200] "GET /?v=5087369737603 HTTP/1.1" 200 20024 "-" "Mozilla/5.0 (Linux; Android 6.0.1; Nexus 5X Build/MMB29P) AppleWebKit/537.36 (KHTML, like Gecko) Chrome/152.0.7977.82 Mobile Safari/537.36 (compatible; Googlebot/2.1; +http://www.google.com/bot.html)"
192.178.4.166 - - [15/Sep/2026:01:48:20 +0200] "GET /wp-content/themes/sentinel/scripts/bxslider/jquery.bxslider.min.js?ver=7.1 HTTP/1.1" 200 5526 "https://www.cvevolpi.it/?v=5087369737603" "Mozilla/5.0 (Linux; Android 6.0.1; Nexus 5X Build/MMB29P) AppleWebKit/537.36 (KHTML, like Gecko) Chrome/152.0.7977.82 Mobile Safari/537.36 (compatible; Googlebot/2.1; +http://www.google.com/bot.html)"
192.178.4.166 - - [15/Sep/2026:01:48:20 +0200] "GET /wp-content/themes/sentinel/scripts/bxslider/jquery.bxslider.min.js?ver=7.1 HTTP/1.1" 200 4908 "https://www.cvevolpi.it/?v=5087369737603" "Mozilla/5.0 (Linux; Android 6.0.1; Nexus 5X Build/MMB29P) AppleWebKit/537.36 (KHTML, like Gecko) Chrome/152.0.7977.82 Mobile Safari/537.36 (compatible; Googlebot/2.1; +http://www.google.com/bot.html)"
192.178.4.167 - - [15/Sep/2026:01:48:22 +0200] "GET /wp-content/themes/sentinel/scripts/isotope/jquery.isotope.min.js?ver=7.1 HTTP/1.1" 200 4853 "https://www.cvevolpi.it/?v=5087369737603" "Mozilla/5.0 (Linux; Android 6.0.1; Nexus 5X Build/MMB29P) AppleWebKit/537.36 (KHTML, like Gecko) Chrome/152.0.7977.82 Mobile Safari/537.36 (compatible; Googlebot/2.1; +http://www.google.com/bot.html)"
192.178.4.167 - - [15/Sep/2026:01:48:22 +0200] "GET /wp-content/themes/sentinel/scripts/isotope/jquery.isotope.min.js?ver=7.1 HTTP/1.1" 200 5492 "https://www.cvevolpi.it/?v=5087369737603" "Mozilla/5.0 (Linux; Android 6.0.1; Nexus 5X Build/MMB29P) AppleWebKit/537.36 (KHTML, like Gecko) Chrome/152.0.7977.82 Mobile Safari/537.36 (compatible; Googlebot/2.1; +http://www.google.com/bot.html)"
192.178.4.167 - - [15/Sep/2026:01:48:23 +0200] "GET /wp-content/themes/sentinel/responsive.css?ver=7.1 HTTP/1.1" 200 5471 "https://www.cvevolpi.it/?v=5087369737603" "Mozilla/5.0 (Linux; Android 6.0.1; Nexus 5X Build/MMB29P) AppleWebKit/537.36 (KHTML, like Gecko) Chrome/152.0.7977.82 Mobile Safari/537.36 (compatible; Googlebot/2.1; +http://www.google.com/bot.html)"
192.178.4.167 - - [15/Sep/2026:01:48:23 +0200] "GET /wp-content/themes/sentinel/responsive.css?ver=7.1 HTTP/1.1" 200 1839 "https://www.cvevolpi.it/?v=5087369737603" "Mozilla/5.0 (Linux; Android 6.0.1; Nexus 5X Build/MMB29P) AppleWebKit/537.36 (KHTML, like Gecko) Chrome/152.0.7977.82 Mobile Safari/537.36 (compatible; Googlebot/2.1; +http://www.google.com/bot.html)"
192.178.4.166 - - [15/Sep/2026:01:48:25 +0200] "GET /wp-content/plugins/contact-form-7/includes/swv/js/index.js?ver=6.1.7 HTTP/1.1" 200 3374 "https://www.cvevolpi.it/?v=5087369737603" "Mozilla/5.0 (Linux; Android 6.0.1; Nexus 5X Build/MMB29P) AppleWebKit/537.36 (KHTML, like Gecko) Chrome/152.0.7977.82 Mobile Safari/537.36 (compatible; Googlebot/2.1; +http://www.google.com/bot.html)"
192.178.4.166 - - [15/Sep/2026:01:48:25 +0200] "GET /wp-content/plugins/contact-form-7/includes/swv/js/index.js?ver=6.1.7 HTTP/1.1" 200 5502 "https://www.cvevolpi.it/?v=5087369737603" "Mozilla/5.0 (Linux; Android 6.0.1; Nexus 5X Build/MMB29P) AppleWebKit/537.36 (KHTML, like Gecko) Chrome/152.0.7977.82 Mobile Safari/537.36 (compatible; Googlebot/2.1; +http://www.google.com/bot.html)"
192.178.4.166 - - [15/Sep/2026:01:48:27 +0200] "HEAD /wp-content/uploads/freshizer/d2a08ce6ac57eedd314be78525653df7_HPIM3969-374-246-c@2x.jpg HTTP/1.1" 200 5482 "https://www.cvevolpi.it/?v=5087369737603" "Mozilla/5.0 (Linux; Android 6.0.1; Nexus 5X Build/MMB29P) AppleWebKit/537.36 (KHTML, like Gecko) Chrome/152.0.7977.82 Mobile Safari/537.36 (compatible; Googlebot/2.1; +http://www.google.com/bot.html)"
192.178.4.166 - - [15/Sep/2026:01:48:29 +0200] "HEAD /wp-content/uploads/freshizer/01c35b45e43256b7cf5d0df458211eb9_HPIM1864-374-246-c@2x.jpg HTTP/1.1" 200 5481 "https://www.cvevolpi.it/?v=5087369737603" "Mozilla/5.0 (Linux; Android 6.0.1; Nexus 5X Build/MMB29P) AppleWebKit/537.36 (KHTML, like Gecko) Chrome/152.0.7977.82 Mobile Safari/537.36 (compatible; Googlebot/2.1; +http://www.google.com/bot.html)"
192.178.4.168 - - [15/Sep/2026:01:49:03 +0200] "GET /?v=87773183675100 HTTP/1.1" 200 20008 "-" "Mozilla/5.0 (Linux; Android 6.0.1; Nexus 5X Build/MMB29P) AppleWebKit/537.36 (KHTML, like Gecko) Chrome/152.0.7977.82 Mobile Safari/537.36 (compatible; Googlebot/2.1; +http://www.google.com/bot.html)"
212.183.175.188 - - [15/Sep/2026:01:50:47 +0200] "POST /?wordfence_syncAttackData=1789429847.3836 HTTP/1.1" 200 5721 "-" "WordPress/7.1; https://www.cvevolpi.it"
192.178.4.168 - - [15/Sep/2026:01:51:04 +0200] "GET /?v=7719717732300 HTTP/1.1" 200 20008 "-" "Mozilla/5.0 (Linux; Android 6.0.1; Nexus 5X Build/MMB29P) AppleWebKit/537.36 (KHTML, like Gecko) Chrome/152.0.7977.82 Mobile Safari/537.36 (compatible; Googlebot/2.1; +http://www.google.com/bot.html)"
192.178.4.168 - - [15/Sep/2026:01:51:05 +0200] "GET /?v=62274192815400 HTTP/1.1" 200 20008 "-" "Mozilla/5.0 (Linux; Android 6.0.1; Nexus 5X Build/MMB29P) AppleWebKit/537.36 (KHTML, like Gecko) Chrome/152.0.7977.82 Mobile Safari/537.36 (compatible; Googlebot/2.1; +http://www.google.com/bot.html)"
192.178.4.166 - - [15/Sep/2026:01:51:12 +0200] "HEAD /wp-content/uploads/freshizer/01c35b45e43256b7cf5d0df458211eb9_HPIM1864-374-246-c@2x.jpg HTTP/1.1" 200 5497 "https://www.cvevolpi.it/?v=62274192815400" "Mozilla/5.0 (Linux; Android 6.0.1; Nexus 5X Build/MMB29P) AppleWebKit/537.36 (KHTML, like Gecko) Chrome/152.0.7977.82 Mobile Safari/537.36 (compatible; Googlebot/2.1; +http://www.google.com/bot.html)"
192.178.4.168 - - [15/Sep/2026:01:52:05 +0200] "GET /wp-content/themes/sentinel/scripts/isotope/jquery.isotope.min.js?ver=7.1 HTTP/1.1" 200 5524 "https://www.cvevolpi.it/?v=7719717732300" "Mozilla/5.0 (Linux; Android 6.0.1; Nexus 5X Build/MMB29P) AppleWebKit/537.36 (KHTML, like Gecko) Chrome/152.0.7977.82 Mobile Safari/537.36 (compatible; Googlebot/2.1; +http://www.google.com/bot.html)"
192.178.4.168 - - [15/Sep/2026:01:52:05 +0200] "GET /wp-content/themes/sentinel/scripts/isotope/jquery.isotope.min.js?ver=7.1 HTTP/1.1" 200 4853 "https://www.cvevolpi.it/?v=7719717732300" "Mozilla/5.0 (Linux; Android 6.0.1; Nexus 5X Build/MMB29P) AppleWebKit/537.36 (KHTML, like Gecko) Chrome/152.0.7977.82 Mobile Safari/537.36 (compatible; Googlebot/2.1; +http://www.google.com/bot.html)"
192.178.4.167 - - [15/Sep/2026:01:52:07 +0200] "GET /wp-includes/js/dist/hooks.min.js?ver=f0f188028580e8dc1255 HTTP/1.1" 200 1771 "https://www.cvevolpi.it/?v=7719717732300" "Mozilla/5.0 (Linux; Android 6.0.1; Nexus 5X Build/MMB29P) AppleWebKit/537.36 (KHTML, like Gecko) Chrome/152.0.7977.82 Mobile Safari/537.36 (compatible; Googlebot/2.1; +http://www.google.com/bot.html)"
192.178.4.167 - - [15/Sep/2026:01:52:07 +0200] "GET /wp-includes/js/dist/hooks.min.js?ver=f0f188028580e8dc1255 HTTP/1.1" 200 5460 "https://www.cvevolpi.it/?v=7719717732300" "Mozilla/5.0 (Linux; Android 6.0.1; Nexus 5X Build/MMB29P) AppleWebKit/537.36 (KHTML, like Gecko) Chrome/152.0.7977.82 Mobile Safari/537.36 (compatible; Googlebot/2.1; +http://www.google.com/bot.html)"
192.178.4.168 - - [15/Sep/2026:01:52:09 +0200] "HEAD /wp-content/uploads/freshizer/01c35b45e43256b7cf5d0df458211eb9_HPIM1864-374-246-c@2x.jpg HTTP/1.1" 200 5465 "https://www.cvevolpi.it/?v=7719717732300" "Mozilla/5.0 (Linux; Android 6.0.1; Nexus 5X Build/MMB29P) AppleWebKit/537.36 (KHTML, like Gecko) Chrome/152.0.7977.82 Mobile Safari/537.36 (compatible; Googlebot/2.1; +http://www.google.com/bot.html)"
192.178.4.167 - - [15/Sep/2026:01:53:26 +0200] "GET /?v=0724715033100 HTTP/1.1" 200 20024 "-" "Mozilla/5.0 (Linux; Android 6.0.1; Nexus 5X Build/MMB29P) AppleWebKit/537.36 (KHTML, like Gecko) Chrome/152.0.7977.82 Mobile Safari/537.36 (compatible; Googlebot/2.1; +http://www.google.com/bot.html)"
192.178.4.167 - - [15/Sep/2026:01:53:36 +0200] "GET /wp-content/themes/sentinel/scripts/caroufredsel/jquery.caroufredsel.min.js?ver=7.1 HTTP/1.1" 200 5518 "https://www.cvevolpi.it/?v=0724715033100" "Mozilla/5.0 (Linux; Android 6.0.1; Nexus 5X Build/MMB29P) AppleWebKit/537.36 (KHTML, like Gecko) Chrome/152.0.7977.82 Mobile Safari/537.36 (compatible; Googlebot/2.1; +http://www.google.com/bot.html)"
192.178.4.167 - - [15/Sep/2026:01:53:36 +0200] "GET /wp-content/themes/sentinel/scripts/caroufredsel/jquery.caroufredsel.min.js?ver=7.1 HTTP/1.1" 200 13175 "https://www.cvevolpi.it/?v=0724715033100" "Mozilla/5.0 (Linux; Android 6.0.1; Nexus 5X Build/MMB29P) AppleWebKit/537.36 (KHTML, like Gecko) Chrome/152.0.7977.82 Mobile Safari/537.36 (compatible; Googlebot/2.1; +http://www.google.com/bot.html)"
192.178.4.168 - - [15/Sep/2026:01:54:27 +0200] "GET /?v=8638821122800 HTTP/1.1" 200 20024 "-" "Mozilla/5.0 (Linux; Android 6.0.1; Nexus 5X Build/MMB29P) AppleWebKit/537.36 (KHTML, like Gecko) Chrome/152.0.7977.82 Mobile Safari/537.36 (compatible; Googlebot/2.1; +http://www.google.com/bot.html)"
192.178.4.168 - - [15/Sep/2026:01:54:28 +0200] "GET /?v=1773620854302 HTTP/1.1" 200 20040 "-" "Mozilla/5.0 (Linux; Android 6.0.1; Nexus 5X Build/MMB29P) AppleWebKit/537.36 (KHTML, like Gecko) Chrome/152.0.7977.82 Mobile Safari/537.36 (compatible; Googlebot/2.1; +http://www.google.com/bot.html)"
192.178.4.167 - - [15/Sep/2026:01:54:30 +0200] "GET /?v=48239188298502 HTTP/1.1" 200 20024 "-" "Mozilla/5.0 (Linux; Android 6.0.1; Nexus 5X Build/MMB29P) AppleWebKit/537.36 (KHTML, like Gecko) Chrome/152.0.7977.82 Mobile Safari/537.36 (compatible; Googlebot/2.1; +http://www.google.com/bot.html)"
192.178.4.166 - - [15/Sep/2026:01:54:32 +0200] "GET /?v=8190775994315 HTTP/1.1" 200 20024 "-" "Mozilla/5.0 (Linux; Android 6.0.1; Nexus 5X Build/MMB29P) AppleWebKit/537.36 (KHTML, like Gecko) Chrome/152.0.7977.82 Mobile Safari/537.36 (compatible; Googlebot/2.1; +http://www.google.com/bot.html)"
192.178.4.166 - - [15/Sep/2026:01:54:34 +0200] "GET /wp-content/themes/sentinel/scripts/isotope/jquery.isotope.min.js?ver=7.1 HTTP/1.1" 200 5508 "https://www.cvevolpi.it/?v=1773620854302" "Mozilla/5.0 (Linux; Android 6.0.1; Nexus 5X Build/MMB29P) AppleWebKit/537.36 (KHTML, like Gecko) Chrome/152.0.7977.82 Mobile Safari/537.36 (compatible; Googlebot/2.1; +http://www.google.com/bot.html)"
192.178.4.166 - - [15/Sep/2026:01:54:34 +0200] "GET /wp-content/themes/sentinel/scripts/isotope/jquery.isotope.min.js?ver=7.1 HTTP/1.1" 200 4853 "https://www.cvevolpi.it/?v=1773620854302" "Mozilla/5.0 (Linux; Android 6.0.1; Nexus 5X Build/MMB29P) AppleWebKit/537.36 (KHTML, like Gecko) Chrome/152.0.7977.82 Mobile Safari/537.36 (compatible; Googlebot/2.1; +http://www.google.com/bot.html)"
192.178.4.166 - - [15/Sep/2026:01:54:41 +0200] "GET /wp-content/plugins/contact-form-7/includes/swv/js/index.js?ver=6.1.7 HTTP/1.1" 200 3374 "https://www.cvevolpi.it/?v=48239188298502" "Mozilla/5.0 (Linux; Android 6.0.1; Nexus 5X Build/MMB29P) AppleWebKit/537.36 (KHTML, like Gecko) Chrome/152.0.7977.82 Mobile Safari/537.36 (compatible; Googlebot/2.1; +http://www.google.com/bot.html)"
192.178.4.166 - - [15/Sep/2026:01:54:41 +0200] "GET /wp-content/plugins/contact-form-7/includes/swv/js/index.js?ver=6.1.7 HTTP/1.1" 200 5502 "https://www.cvevolpi.it/?v=48239188298502" "Mozilla/5.0 (Linux; Android 6.0.1; Nexus 5X Build/MMB29P) AppleWebKit/537.36 (KHTML, like Gecko) Chrome/152.0.7977.82 Mobile Safari/537.36 (compatible; Googlebot/2.1; +http://www.google.com/bot.html)"
192.178.4.167 - - [15/Sep/2026:01:56:34 +0200] "GET /?v=4210325601904 HTTP/1.1" 200 20024 "-" "Mozilla/5.0 (Linux; Android 6.0.1; Nexus 5X Build/MMB29P) AppleWebKit/537.36 (KHTML, like Gecko) Chrome/152.0.7977.82 Mobile Safari/537.36 (compatible; Googlebot/2.1; +http://www.google.com/bot.html)"
212.183.175.188 - - [15/Sep/2026:01:56:34 +0200] "POST /wp-cron.php?doing_wp_cron=1789430194.7501080036163330078125 HTTP/1.1" 200 11 "-" "WordPress/7.1; https://www.cvevolpi.it"
192.178.4.168 - - [15/Sep/2026:01:58:35 +0200] "GET /?v=101995712300 HTTP/1.1" 200 20040 "-" "Mozilla/5.0 (Linux; Android 6.0.1; Nexus 5X Build/MMB29P) AppleWebKit/537.36 (KHTML, like Gecko) Chrome/152.0.7977.82 Mobile Safari/537.36 (compatible; Googlebot/2.1; +http://www.google.com/bot.html)"
192.178.4.166 - - [15/Sep/2026:01:58:42 +0200] "GET /wp-content/themes/sentinel/scripts/gmaps/jquery.gmaps.js?ver=7.1 HTTP/1.1" 200 5500 "https://www.cvevolpi.it/?v=101995712300" "Mozilla/5.0 (Linux; Android 6.0.1; Nexus 5X Build/MMB29P) AppleWebKit/537.36 (KHTML, like Gecko) Chrome/152.0.7977.82 Mobile Safari/537.36 (compatible; Googlebot/2.1; +http://www.google.com/bot.html)"
192.178.4.166 - - [15/Sep/2026:01:58:42 +0200] "GET /wp-content/themes/sentinel/scripts/gmaps/jquery.gmaps.js?ver=7.1 HTTP/1.1" 200 1011 "https://www.cvevolpi.it/?v=101995712300" "Mozilla/5.0 (Linux; Android 6.0.1; Nexus 5X Build/MMB29P) AppleWebKit/537.36 (KHTML, like Gecko) Chrome/152.0.7977.82 Mobile Safari/537.36 (compatible; Googlebot/2.1; +http://www.google.com/bot.html)"
192.178.4.166 - - [15/Sep/2026:02:00:36 +0200] "GET /?v=9222059601200 HTTP/1.1" 200 20008 "-" "Mozilla/5.0 (Linux; Android 6.0.1; Nexus 5X Build/MMB29P) AppleWebKit/537.36 (KHTML, like Gecko) Chrome/152.0.7977.82 Mobile Safari/537.36 (compatible; Googlebot/2.1; +http://www.google.com/bot.html)"
192.178.4.167 - - [15/Sep/2026:02:01:58 +0200] "GET /wp-content/themes/sentinel/scripts/isotope/jquery.isotope.min.js?ver=7.1 HTTP/1.1" 200 5508 "https://www.cvevolpi.it/?v=39932180794009" "Mozilla/5.0 (Linux; Android 6.0.1; Nexus 5X Build/MMB29P) AppleWebKit/537.36 (KHTML, like Gecko) Chrome/152.0.7977.82 Mobile Safari/537.36 (compatible; Googlebot/2.1; +http://www.google.com/bot.html)"
