192.178.4.167 - - [14/Sep/2026:09:03:42 +0200] "GET /wp-content/themes/sentinel/scripts/gmaps/jquery.gmaps.js?ver=7.1 HTTP/1.1" 200 1011 "https://www.cvevolpi.it/?v=70932182847100" "Mozilla/5.0 (Linux; Android 6.0.1; Nexus 5X Build/MMB29P) AppleWebKit/537.36 (KHTML, like Gecko) Chrome/152.0.7977.82 Mobile Safari/537.36 (compatible; Googlebot/2.1; +http://www.google.com/bot.html)"
192.178.4.167 - - [14/Sep/2026:09:03:42 +0200] "GET /wp-content/themes/sentinel/scripts/gmaps/jquery.gmaps.js?ver=7.1 HTTP/1.1" 200 5484 "https://www.cvevolpi.it/?v=70932182847100" "Mozilla/5.0 (Linux; Android 6.0.1; Nexus 5X Build/MMB29P) AppleWebKit/537.36 (KHTML, like Gecko) Chrome/152.0.7977.82 Mobile Safari/537.36 (compatible; Googlebot/2.1; +http://www.google.com/bot.html)"
192.178.4.166 - - [14/Sep/2026:09:04:00 +0200] "GET /?v=409619988500 HTTP/1.1" 200 19823 "-" "Mozilla/5.0 (Linux; Android 6.0.1; Nexus 5X Build/MMB29P) AppleWebKit/537.36 (KHTML, like Gecko) Chrome/152.0.7977.82 Mobile Safari/537.36 (compatible; Googlebot/2.1; +http://www.google.com/bot.html)"
47.79.206.242 - - [14/Sep/2026:09:04:16 +0200] "GET / HTTP/1.1" 200 19839 "https://www.google.com/" "Mozilla/5.0 (Windows NT 10.0; Win64; x64) AppleWebKit/537.36 (KHTML, like Gecko) Chrome/132.0.0.0 Safari/537.36"
192.178.4.167 - - [14/Sep/2026:09:04:45 +0200] "GET /?v=8581735192000 HTTP/1.1" 200 19823 "-" "Mozilla/5.0 (Linux; Android 6.0.1; Nexus 5X Build/MMB29P) AppleWebKit/537.36 (KHTML, like Gecko) Chrome/152.0.7977.82 Mobile Safari/537.36 (compatible; Googlebot/2.1; +http://www.google.com/bot.html)"
192.178.4.168 - - [14/Sep/2026:09:04:47 +0200] "GET /?v=79491182770502 HTTP/1.1" 200 19839 "-" "Mozilla/5.0 (Linux; Android 6.0.1; Nexus 5X Build/MMB29P) AppleWebKit/537.36 (KHTML, like Gecko) Chrome/152.0.7977.82 Mobile Safari/537.36 (compatible; Googlebot/2.1; +http://www.google.com/bot.html)"
192.178.4.166 - - [14/Sep/2026:09:05:32 +0200] "GET /?v=3542863791800 HTTP/1.1" 200 19823 "-" "Mozilla/5.0 (Linux; Android 6.0.1; Nexus 5X Build/MMB29P) AppleWebKit/537.36 (KHTML, like Gecko) Chrome/152.0.7977.82 Mobile Safari/537.36 (compatible; Googlebot/2.1; +http://www.google.com/bot.html)"
192.178.4.167 - - [14/Sep/2026:09:05:33 +0200] "GET /?v=11820185923413 HTTP/1.1" 200 19839 "-" "Mozilla/5.0 (Linux; Android 6.0.1; Nexus 5X Build/MMB29P) AppleWebKit/537.36 (KHTML, like Gecko) Chrome/152.0.7977.82 Mobile Safari/537.36 (compatible; Googlebot/2.1; +http://www.google.com/bot.html)"
192.178.4.167 - - [14/Sep/2026:09:07:03 +0200] "GET /?v=1138393605708 HTTP/1.1" 200 19823 "-" "Mozilla/5.0 (Linux; Android 6.0.1; Nexus 5X Build/MMB29P) AppleWebKit/537.36 (KHTML, like Gecko) Chrome/152.0.7977.82 Mobile Safari/537.36 (compatible; Googlebot/2.1; +http://www.google.com/bot.html)"
192.178.4.168 - - [14/Sep/2026:09:07:05 +0200] "GET /?v=57191106013803 HTTP/1.1" 200 19807 "-" "Mozilla/5.0 (Linux; Android 6.0.1; Nexus 5X Build/MMB29P) AppleWebKit/537.36 (KHTML, like Gecko) Chrome/152.0.7977.82 Mobile Safari/537.36 (compatible; Googlebot/2.1; +http://www.google.com/bot.html)"
192.178.4.166 - - [14/Sep/2026:09:07:11 +0200] "GET /wp-content/plugins/revslider/public/assets/js/rs6.min.js?ver=6.6.20 HTTP/1.1" 200 5516 "https://www.cvevolpi.it/?v=57191106013803" "Mozilla/5.0 (Linux; Android 6.0.1; Nexus 5X Build/MMB29P) AppleWebKit/537.36 (KHTML, like Gecko) Chrome/152.0.7977.82 Mobile Safari/537.36 (compatible; Googlebot/2.1; +http://www.google.com/bot.html)"
192.178.4.166 - - [14/Sep/2026:09:07:11 +0200] "GET /wp-content/plugins/revslider/public/assets/js/rs6.min.js?ver=6.6.20 HTTP/1.1" 200 99547 "https://www.cvevolpi.it/?v=57191106013803" "Mozilla/5.0 (Linux; Android 6.0.1; Nexus 5X Build/MMB29P) AppleWebKit/537.36 (KHTML, like Gecko) Chrome/152.0.7977.82 Mobile Safari/537.36 (compatible; Googlebot/2.1; +http://www.google.com/bot.html)"
192.178.4.167 - - [14/Sep/2026:09:07:12 +0200] "GET /wp-content/themes/sentinel/scripts/fontawesome/css/font-awesome.min.css?ver=7.1 HTTP/1.1" 200 4077 "https://www.cvevolpi.it/?v=57191106013803" "Mozilla/5.0 (Linux; Android 6.0.1; Nexus 5X Build/MMB29P) AppleWebKit/537.36 (KHTML, like Gecko) Chrome/152.0.7977.82 Mobile Safari/537.36 (compatible; Googlebot/2.1; +http://www.google.com/bot.html)"
192.178.4.167 - - [14/Sep/2026:09:07:12 +0200] "GET /wp-content/themes/sentinel/scripts/fontawesome/css/font-awesome.min.css?ver=7.1 HTTP/1.1" 200 5485 "https://www.cvevolpi.it/?v=57191106013803" "Mozilla/5.0 (Linux; Android 6.0.1; Nexus 5X Build/MMB29P) AppleWebKit/537.36 (KHTML, like Gecko) Chrome/152.0.7977.82 Mobile Safari/537.36 (compatible; Googlebot/2.1; +http://www.google.com/bot.html)"
192.178.4.166 - - [14/Sep/2026:09:07:51 +0200] "GET /?v=97902203083200 HTTP/1.1" 200 19839 "-" "Mozilla/5.0 (Linux; Android 6.0.1; Nexus 5X Build/MMB29P) AppleWebKit/537.36 (KHTML, like Gecko) Chrome/152.0.7977.82 Mobile Safari/537.36 (compatible; Googlebot/2.1; +http://www.google.com/bot.html)"
192.178.4.166 - - [14/Sep/2026:09:07:52 +0200] "GET /?v=1604256588106 HTTP/1.1" 200 19823 "-" "Mozilla/5.0 (Linux; Android 6.0.1; Nexus 5X Build/MMB29P) AppleWebKit/537.36 (KHTML, like Gecko) Chrome/152.0.7977.82 Mobile Safari/537.36 (compatible; Googlebot/2.1; +http://www.google.com/bot.html)"
9.129.43.9 - - [14/Sep/2026:09:08:16 +0200] "GET / HTTP/1.1" 200 19839 "-" "Mozilla/5.0 AppleWebKit/537.36 (KHTML, like Gecko); compatible; ChatGPT-User/1.0; +https://openai.com/bot"
212.183.175.188 - - [14/Sep/2026:09:08:16 +0200] "POST /wp-cron.php?doing_wp_cron=1789369696.8783369064331054687500 HTTP/1.1" 200 11 "-" "WordPress/7.1; https://www.cvevolpi.it"
192.178.4.166 - - [14/Sep/2026:09:08:38 +0200] "GET /?v=0802935983401 HTTP/1.1" 200 19823 "-" "Mozilla/5.0 (Linux; Android 6.0.1; Nexus 5X Build/MMB29P) AppleWebKit/537.36 (KHTML, like Gecko) Chrome/152.0.7977.82 Mobile Safari/537.36 (compatible; Googlebot/2.1; +http://www.google.com/bot.html)"
192.178.4.166 - - [14/Sep/2026:09:09:24 +0200] "GET /?v=5167180856617 HTTP/1.1" 200 19839 "-" "Mozilla/5.0 (Linux; Android 6.0.1; Nexus 5X Build/MMB29P) AppleWebKit/537.36 (KHTML, like Gecko) Chrome/152.0.7977.82 Mobile Safari/537.36 (compatible; Googlebot/2.1; +http://www.google.com/bot.html)"
192.178.4.166 - - [14/Sep/2026:09:09:26 +0200] "GET /?v=7291771034300 HTTP/1.1" 200 19823 "-" "Mozilla/5.0 (Linux; Android 6.0.1; Nexus 5X Build/MMB29P) AppleWebKit/537.36 (KHTML, like Gecko) Chrome/152.0.7977.82 Mobile Safari/537.36 (compatible; Googlebot/2.1; +http://www.google.com/bot.html)"
192.178.4.166 - - [14/Sep/2026:09:10:11 +0200] "GET /?v=80792156780403 HTTP/1.1" 200 19807 "-" "Mozilla/5.0 (Linux; Android 6.0.1; Nexus 5X Build/MMB29P) AppleWebKit/537.36 (KHTML, like Gecko) Chrome/152.0.7977.82 Mobile Safari/537.36 (compatible; Googlebot/2.1; +http://www.google.com/bot.html)"
192.178.4.168 - - [14/Sep/2026:09:10:12 +0200] "GET /?v=536457168301 HTTP/1.1" 200 19823 "-" "Mozilla/5.0 (Linux; Android 6.0.1; Nexus 5X Build/MMB29P) AppleWebKit/537.36 (KHTML, like Gecko) Chrome/152.0.7977.82 Mobile Safari/537.36 (compatible; Googlebot/2.1; +http://www.google.com/bot.html)"
192.178.4.167 - - [14/Sep/2026:09:10:16 +0200] "GET /wp-content/plugins/contact-form-7/includes/swv/js/index.js?ver=6.1.7 HTTP/1.1" 200 5486 "https://www.cvevolpi.it/?v=80792156780403" "Mozilla/5.0 (Linux; Android 6.0.1; Nexus 5X Build/MMB29P) AppleWebKit/537.36 (KHTML, like Gecko) Chrome/152.0.7977.82 Mobile Safari/537.36 (compatible; Googlebot/2.1; +http://www.google.com/bot.html)"
192.178.4.167 - - [14/Sep/2026:09:10:16 +0200] "GET /wp-content/plugins/contact-form-7/includes/swv/js/index.js?ver=6.1.7 HTTP/1.1" 200 3374 "https://www.cvevolpi.it/?v=80792156780403" "Mozilla/5.0 (Linux; Android 6.0.1; Nexus 5X Build/MMB29P) AppleWebKit/537.36 (KHTML, like Gecko) Chrome/152.0.7977.82 Mobile Safari/537.36 (compatible; Googlebot/2.1; +http://www.google.com/bot.html)"
192.178.4.166 - - [14/Sep/2026:09:10:39 +0200] "GET /?v=07051133795300 HTTP/1.1" 200 19807 "-" "Mozilla/5.0 (Linux; Android 6.0.1; Nexus 5X Build/MMB29P) AppleWebKit/537.36 (KHTML, like Gecko) Chrome/153.0.8010.36 Mobile Safari/537.36 (compatible; Googlebot/2.1; +http://www.google.com/bot.html)"
185.194.178.11 - - [14/Sep/2026:09:10:40 +0200] "POST /wp-login.php HTTP/1.1" 503 18974 "-" "Mozilla/5.0 (Windows NT 10.0; Win64; rv:143.0) Gecko/20100101 Firefox/143.0"
192.178.4.168 - - [14/Sep/2026:09:11:42 +0200] "GET /?v=0295869879300 HTTP/1.1" 200 19823 "-" "Mozilla/5.0 (Linux; Android 6.0.1; Nexus 5X Build/MMB29P) AppleWebKit/537.36 (KHTML, like Gecko) Chrome/152.0.7977.82 Mobile Safari/537.36 (compatible; Googlebot/2.1; +http://www.google.com/bot.html)"
212.183.175.188 - - [14/Sep/2026:09:11:43 +0200] "POST /wp-cron.php?doing_wp_cron=1789369903.4368119239807128906250 HTTP/1.1" 200 11 "-" "WordPress/7.1; https://www.cvevolpi.it"
192.178.4.167 - - [14/Sep/2026:09:12:29 +0200] "GET /?v=13071147477800 HTTP/1.1" 200 19823 "-" "Mozilla/5.0 (Linux; Android 6.0.1; Nexus 5X Build/MMB29P) AppleWebKit/537.36 (KHTML, like Gecko) Chrome/152.0.7977.82 Mobile Safari/537.36 (compatible; Googlebot/2.1; +http://www.google.com/bot.html)"
192.178.4.167 - - [14/Sep/2026:09:12:30 +0200] "GET /?v=90148210207 HTTP/1.1" 200 19839 "-" "Mozilla/5.0 (Linux; Android 6.0.1; Nexus 5X Build/MMB29P) AppleWebKit/537.36 (KHTML, like Gecko) Chrome/152.0.7977.82 Mobile Safari/537.36 (compatible; Googlebot/2.1; +http://www.google.com/bot.html)"
192.178.4.166 - - [14/Sep/2026:09:13:33 +0200] "GET /?v=1650238450000 HTTP/1.1" 200 19823 "-" "Mozilla/5.0 (Linux; Android 6.0.1; Nexus 5X Build/MMB29P) AppleWebKit/537.36 (KHTML, like Gecko) Chrome/152.0.7977.82 Mobile Safari/537.36 (compatible; Googlebot/2.1; +http://www.google.com/bot.html)"
192.178.4.167 - - [14/Sep/2026:09:14:21 +0200] "GET /?v=64060190258104 HTTP/1.1" 200 19807 "-" "Mozilla/5.0 (Linux; Android 6.0.1; Nexus 5X Build/MMB29P) AppleWebKit/537.36 (KHTML, like Gecko) Chrome/152.0.7977.82 Mobile Safari/537.36 (compatible; Googlebot/2.1; +http://www.google.com/bot.html)"
192.178.4.167 - - [14/Sep/2026:09:14:42 +0200] "GET /?v=941893835400 HTTP/1.1" 200 19823 "-" "Mozilla/5.0 (Linux; Android 6.0.1; Nexus 5X Build/MMB29P) AppleWebKit/537.36 (KHTML, like Gecko) Chrome/152.0.7977.82 Mobile Safari/537.36 (compatible; Googlebot/2.1; +http://www.google.com/bot.html)"
192.178.4.167 - - [14/Sep/2026:09:15:51 +0200] "GET /?v=0812534202 HTTP/1.1" 200 19823 "-" "Mozilla/5.0 (Linux; Android 6.0.1; Nexus 5X Build/MMB29P) AppleWebKit/537.36 (KHTML, like Gecko) Chrome/152.0.7977.82 Mobile Safari/537.36 (compatible; Googlebot/2.1; +http://www.google.com/bot.html)"
192.178.4.167 - - [14/Sep/2026:09:17:39 +0200] "GET /?v=87089102674100 HTTP/1.1" 200 19823 "-" "Mozilla/5.0 (Linux; Android 6.0.1; Nexus 5X Build/MMB29P) AppleWebKit/537.36 (KHTML, like Gecko) Chrome/152.0.7977.82 Mobile Safari/537.36 (compatible; Googlebot/2.1; +http://www.google.com/bot.html)"
192.178.4.166 - - [14/Sep/2026:09:17:46 +0200] "GET /?v=54903113389406 HTTP/1.1" 200 19823 "-" "Mozilla/5.0 (Linux; Android 6.0.1; Nexus 5X Build/MMB29P) AppleWebKit/537.36 (KHTML, like Gecko) Chrome/152.0.7977.82 Mobile Safari/537.36 (compatible; Googlebot/2.1; +http://www.google.com/bot.html)"
192.178.4.166 - - [14/Sep/2026:09:18:47 +0200] "GET /?v=0479868827200 HTTP/1.1" 200 19823 "-" "Mozilla/5.0 (Linux; Android 6.0.1; Nexus 5X Build/MMB29P) AppleWebKit/537.36 (KHTML, like Gecko) Chrome/152.0.7977.82 Mobile Safari/537.36 (compatible; Googlebot/2.1; +http://www.google.com/bot.html)"
212.183.175.188 - - [14/Sep/2026:09:18:48 +0200] "POST /wp-cron.php?doing_wp_cron=1789370328.2350139617919921875000 HTTP/1.1" 200 11 "-" "WordPress/7.1; https://www.cvevolpi.it"
192.178.4.166 - - [14/Sep/2026:09:19:32 +0200] "GET /?v=736315818103 HTTP/1.1" 200 19807 "-" "Mozilla/5.0 (Linux; Android 6.0.1; Nexus 5X Build/MMB29P) AppleWebKit/537.36 (KHTML, like Gecko) Chrome/152.0.7977.82 Mobile Safari/537.36 (compatible; Googlebot/2.1; +http://www.google.com/bot.html)"
192.178.4.166 - - [14/Sep/2026:09:19:37 +0200] "GET /?v=19608172436802 HTTP/1.1" 200 19823 "-" "Mozilla/5.0 (Linux; Android 6.0.1; Nexus 5X Build/MMB29P) AppleWebKit/537.36 (KHTML, like Gecko) Chrome/152.0.7977.82 Mobile Safari/537.36 (compatible; Googlebot/2.1; +http://www.google.com/bot.html)"
192.178.4.168 - - [14/Sep/2026:09:20:11 +0200] "GET /?v=1002925137801 HTTP/1.1" 200 19839 "-" "Mozilla/5.0 (Linux; Android 6.0.1; Nexus 5X Build/MMB29P) AppleWebKit/537.36 (KHTML, like Gecko) Chrome/152.0.7977.82 Mobile Safari/537.36 (compatible; Googlebot/2.1; +http://www.google.com/bot.html)"
212.183.175.188 - - [14/Sep/2026:09:20:12 +0200] "POST /wp-cron.php?doing_wp_cron=1789370412.4537179470062255859375 HTTP/1.1" 200 11 "-" "WordPress/7.1; https://www.cvevolpi.it"
185.194.178.50 - - [14/Sep/2026:09:20:27 +0200] "POST /wp-login.php HTTP/1.1" 503 18981 "-" "Mozilla/5.0 (Windows NT 10.0; Win64; rv:143.0) Gecko/20100101 Firefox/143.0"
192.178.4.167 - - [14/Sep/2026:09:21:01 +0200] "GET /?v=73001158939900 HTTP/1.1" 200 19823 "-" "Mozilla/5.0 (Linux; Android 6.0.1; Nexus 5X Build/MMB29P) AppleWebKit/537.36 (KHTML, like Gecko) Chrome/152.0.7977.82 Mobile Safari/537.36 (compatible; Googlebot/2.1; +http://www.google.com/bot.html)"
212.183.175.188 - - [14/Sep/2026:09:21:02 +0200] "POST /wp-cron.php?doing_wp_cron=1789370462.3223490715026855468750 HTTP/1.1" 200 11 "-" "WordPress/7.1; https://www.cvevolpi.it"
192.178.4.167 - - [14/Sep/2026:09:21:42 +0200] "GET /?products%2Fdetail%2F36941531392 HTTP/1.1" 200 19839 "-" "Mozilla/5.0 (Linux; Android 6.0.1; Nexus 5X Build/MMB29P) AppleWebKit/537.36 (KHTML, like Gecko) Chrome/152.0.7977.82 Mobile Safari/537.36 (compatible; Googlebot/2.1; +http://www.google.com/bot.html)"
192.178.4.166 - - [14/Sep/2026:09:25:05 +0200] "GET /?v=8470217962100 HTTP/1.1" 200 19823 "-" "Mozilla/5.0 (Linux; Android 6.0.1; Nexus 5X Build/MMB29P) AppleWebKit/537.36 (KHTML, like Gecko) Chrome/152.0.7977.82 Mobile Safari/537.36 (compatible; Googlebot/2.1; +http://www.google.com/bot.html)"
192.178.4.166 - - [14/Sep/2026:09:26:59 +0200] "GET /?v=78135208472300 HTTP/1.1" 200 19839 "-" "Mozilla/5.0 (Linux; Android 6.0.1; Nexus 5X Build/MMB29P) AppleWebKit/537.36 (KHTML, like Gecko) Chrome/152.0.7977.82 Mobile Safari/537.36 (compatible; Googlebot/2.1; +http://www.google.com/bot.html)"
192.178.4.166 - - [14/Sep/2026:09:28:08 +0200] "GET /?v=0170160799200 HTTP/1.1" 200 19807 "-" "Mozilla/5.0 (Linux; Android 6.0.1; Nexus 5X Build/MMB29P) AppleWebKit/537.36 (KHTML, like Gecko) Chrome/152.0.7977.82 Mobile Safari/537.36 (compatible; Googlebot/2.1; +http://www.google.com/bot.html)"
192.178.4.167 - - [14/Sep/2026:09:28:57 +0200] "GET /?v=2914216605000 HTTP/1.1" 200 19839 "-" "Mozilla/5.0 (Linux; Android 6.0.1; Nexus 5X Build/MMB29P) AppleWebKit/537.36 (KHTML, like Gecko) Chrome/152.0.7977.82 Mobile Safari/537.36 (compatible; Googlebot/2.1; +http://www.google.com/bot.html)"
207.46.13.64 - - [14/Sep/2026:09:29:39 +0200] "GET /?v=76896137386600 HTTP/1.1" 200 19839 "-" "Mozilla/5.0 AppleWebKit/537.36 (KHTML, like Gecko; compatible; bingbot/2.0; +http://www.bing.com/bingbot.htm) Chrome/116.0.1938.76 Safari/537.36"
192.178.4.168 - - [14/Sep/2026:09:29:43 +0200] "GET /?v=18836168443100 HTTP/1.1" 200 19807 "-" "Mozilla/5.0 (Linux; Android 6.0.1; Nexus 5X Build/MMB29P) AppleWebKit/537.36 (KHTML, like Gecko) Chrome/152.0.7977.82 Mobile Safari/537.36 (compatible; Googlebot/2.1; +http://www.google.com/bot.html)"
185.194.178.22 - - [14/Sep/2026:09:30:11 +0200] "POST /wp-login.php HTTP/1.1" 503 18974 "-" "Mozilla/5.0 (Windows NT 10.0; Win64; rv:143.0) Gecko/20100101 Firefox/143.0"
192.178.4.167 - - [14/Sep/2026:09:30:51 +0200] "GET /?v=0156469722700 HTTP/1.1" 200 19823 "-" "Mozilla/5.0 (Linux; Android 6.0.1; Nexus 5X Build/MMB29P) AppleWebKit/537.36 (KHTML, like Gecko) Chrome/152.0.7977.82 Mobile Safari/537.36 (compatible; Googlebot/2.1; +http://www.google.com/bot.html)"
212.183.175.188 - - [14/Sep/2026:09:30:52 +0200] "POST /wp-cron.php?doing_wp_cron=1789371052.4855771064758300781250 HTTP/1.1" 200 11 "-" "WordPress/7.1; https://www.cvevolpi.it"
192.178.4.168 - - [14/Sep/2026:09:32:44 +0200] "GET /?v=2720835508100 HTTP/1.1" 200 19823 "-" "Mozilla/5.0 (Linux; Android 6.0.1; Nexus 5X Build/MMB29P) AppleWebKit/537.36 (KHTML, like Gecko) Chrome/152.0.7977.82 Mobile Safari/537.36 (compatible; Googlebot/2.1; +http://www.google.com/bot.html)"
192.178.4.166 - - [14/Sep/2026:09:33:32 +0200] "GET /?v=1455966365504 HTTP/1.1" 200 19839 "-" "Mozilla/5.0 (Linux; Android 6.0.1; Nexus 5X Build/MMB29P) AppleWebKit/537.36 (KHTML, like Gecko) Chrome/152.0.7977.82 Mobile Safari/537.36 (compatible; Googlebot/2.1; +http://www.google.com/bot.html)"
192.178.4.167 - - [14/Sep/2026:09:33:34 +0200] "GET /?v=0800933468900 HTTP/1.1" 200 19839 "-" "Mozilla/5.0 (Linux; Android 6.0.1; Nexus 5X Build/MMB29P) AppleWebKit/537.36 (KHTML, like Gecko) Chrome/152.0.7977.82 Mobile Safari/537.36 (compatible; Googlebot/2.1; +http://www.google.com/bot.html)"
192.178.4.166 - - [14/Sep/2026:09:34:20 +0200] "GET /?v=8770861939300 HTTP/1.1" 200 19839 "-" "Mozilla/5.0 (Linux; Android 6.0.1; Nexus 5X Build/MMB29P) AppleWebKit/537.36 (KHTML, like Gecko) Chrome/152.0.7977.82 Mobile Safari/537.36 (compatible; Googlebot/2.1; +http://www.google.com/bot.html)"
192.178.4.166 - - [14/Sep/2026:09:35:07 +0200] "GET /?v=6054360111314 HTTP/1.1" 200 19823 "-" "Mozilla/5.0 (Linux; Android 6.0.1; Nexus 5X Build/MMB29P) AppleWebKit/537.36 (KHTML, like Gecko) Chrome/152.0.7977.82 Mobile Safari/537.36 (compatible; Googlebot/2.1; +http://www.google.com/bot.html)"
192.178.4.168 - - [14/Sep/2026:09:35:09 +0200] "GET /?v=095606133800 HTTP/1.1" 200 19839 "-" "Mozilla/5.0 (Linux; Android 6.0.1; Nexus 5X Build/MMB29P) AppleWebKit/537.36 (KHTML, like Gecko) Chrome/152.0.7977.82 Mobile Safari/537.36 (compatible; Googlebot/2.1; +http://www.google.com/bot.html)"
192.178.4.166 - - [14/Sep/2026:09:35:28 +0200] "GET /?v=08717169723700 HTTP/1.1" 200 19807 "-" "Mozilla/5.0 (Linux; Android 6.0.1; Nexus 5X Build/MMB29P) AppleWebKit/537.36 (KHTML, like Gecko) Chrome/152.0.7977.82 Mobile Safari/537.36 (compatible; Googlebot/2.1; +http://www.google.com/bot.html)"
192.178.4.167 - - [14/Sep/2026:09:36:09 +0200] "GET /?v=18520190357100 HTTP/1.1" 200 19823 "-" "Mozilla/5.0 (Linux; Android 6.0.1; Nexus 5X Build/MMB29P) AppleWebKit/537.36 (KHTML, like Gecko) Chrome/152.0.7977.82 Mobile Safari/537.36 (compatible; Googlebot/2.1; +http://www.google.com/bot.html)"
192.178.4.167 - - [14/Sep/2026:09:36:37 +0200] "GET /?v=29066177695101 HTTP/1.1" 200 19839 "-" "Mozilla/5.0 (Linux; Android 6.0.1; Nexus 5X Build/MMB29P) AppleWebKit/537.36 (KHTML, like Gecko) Chrome/152.0.7977.82 Mobile Safari/537.36 (compatible; Googlebot/2.1; +http://www.google.com/bot.html)"
192.178.4.167 - - [14/Sep/2026:09:36:45 +0200] "GET /wp-content/plugins/contact-form-7/includes/swv/js/index.js?ver=6.1.7 HTTP/1.1" 200 5502 "https://www.cvevolpi.it/?v=29066177695101" "Mozilla/5.0 (Linux; Android 6.0.1; Nexus 5X Build/MMB29P) AppleWebKit/537.36 (KHTML, like Gecko) Chrome/152.0.7977.82 Mobile Safari/537.36 (compatible; Googlebot/2.1; +http://www.google.com/bot.html)"
192.178.4.167 - - [14/Sep/2026:09:36:45 +0200] "GET /wp-content/plugins/contact-form-7/includes/swv/js/index.js?ver=6.1.7 HTTP/1.1" 200 3374 "https://www.cvevolpi.it/?v=29066177695101" "Mozilla/5.0 (Linux; Android 6.0.1; Nexus 5X Build/MMB29P) AppleWebKit/537.36 (KHTML, like Gecko) Chrome/152.0.7977.82 Mobile Safari/537.36 (compatible; Googlebot/2.1; +http://www.google.com/bot.html)"
192.178.4.168 - - [14/Sep/2026:09:37:47 +0200] "GET /?v=94892185653302 HTTP/1.1" 200 19807 "-" "Mozilla/5.0 (Linux; Android 6.0.1; Nexus 5X Build/MMB29P) AppleWebKit/537.36 (KHTML, like Gecko) Chrome/152.0.7977.82 Mobile Safari/537.36 (compatible; Googlebot/2.1; +http://www.google.com/bot.html)"
192.178.4.168 - - [14/Sep/2026:09:38:56 +0200] "GET /?v=0075944767904 HTTP/1.1" 200 19823 "-" "Mozilla/5.0 (Linux; Android 6.0.1; Nexus 5X Build/MMB29P) AppleWebKit/537.36 (KHTML, like Gecko) Chrome/152.0.7977.82 Mobile Safari/537.36 (compatible; Googlebot/2.1; +http://www.google.com/bot.html)"
185.194.178.53 - - [14/Sep/2026:09:40:00 +0200] "POST /wp-login.php HTTP/1.1" 503 18974 "-" "Mozilla/5.0 (Macintosh; Intel Mac OS X 10_15_7) AppleWebKit/605.1.15 Version/17.0 Safari/605.1.15"
192.178.4.167 - - [14/Sep/2026:09:40:05 +0200] "GET /?v=0147969119000 HTTP/1.1" 200 19839 "-" "Mozilla/5.0 (Linux; Android 6.0.1; Nexus 5X Build/MMB29P) AppleWebKit/537.36 (KHTML, like Gecko) Chrome/152.0.7977.82 Mobile Safari/537.36 (compatible; Googlebot/2.1; +http://www.google.com/bot.html)"
192.178.4.167 - - [14/Sep/2026:09:40:09 +0200] "GET /wp-content/themes/sentinel/scripts/bxslider/jquery.bxslider.min.js?ver=7.1 HTTP/1.1" 200 5510 "https://www.cvevolpi.it/?v=0147969119000" "Mozilla/5.0 (Linux; Android 6.0.1; Nexus 5X Build/MMB29P) AppleWebKit/537.36 (KHTML, like Gecko) Chrome/152.0.7977.82 Mobile Safari/537.36 (compatible; Googlebot/2.1; +http://www.google.com/bot.html)"
192.178.4.167 - - [14/Sep/2026:09:40:09 +0200] "GET /wp-content/themes/sentinel/scripts/bxslider/jquery.bxslider.min.js?ver=7.1 HTTP/1.1" 200 4908 "https://www.cvevolpi.it/?v=0147969119000" "Mozilla/5.0 (Linux; Android 6.0.1; Nexus 5X Build/MMB29P) AppleWebKit/537.36 (KHTML, like Gecko) Chrome/152.0.7977.82 Mobile Safari/537.36 (compatible; Googlebot/2.1; +http://www.google.com/bot.html)"
192.178.4.166 - - [14/Sep/2026:09:40:11 +0200] "GET /wp-content/themes/sentinel/scripts/imagesloaded/imagesloaded.min.js?ver=7.1 HTTP/1.1" 200 836 "https://www.cvevolpi.it/?v=0147969119000" "Mozilla/5.0 (Linux; Android 6.0.1; Nexus 5X Build/MMB29P) AppleWebKit/537.36 (KHTML, like Gecko) Chrome/152.0.7977.82 Mobile Safari/537.36 (compatible; Googlebot/2.1; +http://www.google.com/bot.html)"
192.178.4.166 - - [14/Sep/2026:09:40:11 +0200] "GET /wp-content/themes/sentinel/scripts/imagesloaded/imagesloaded.min.js?ver=7.1 HTTP/1.1" 200 5511 "https://www.cvevolpi.it/?v=0147969119000" "Mozilla/5.0 (Linux; Android 6.0.1; Nexus 5X Build/MMB29P) AppleWebKit/537.36 (KHTML, like Gecko) Chrome/152.0.7977.82 Mobile Safari/537.36 (compatible; Googlebot/2.1; +http://www.google.com/bot.html)"
192.178.4.166 - - [14/Sep/2026:09:40:13 +0200] "GET /wp-content/themes/sentinel/scripts/isotope/jquery.isotope.min.js?ver=7.1 HTTP/1.1" 200 5508 "https://www.cvevolpi.it/?v=0147969119000" "Mozilla/5.0 (Linux; Android 6.0.1; Nexus 5X Build/MMB29P) AppleWebKit/537.36 (KHTML, like Gecko) Chrome/152.0.7977.82 Mobile Safari/537.36 (compatible; Googlebot/2.1; +http://www.google.com/bot.html)"
192.178.4.166 - - [14/Sep/2026:09:40:13 +0200] "GET /wp-content/themes/sentinel/scripts/isotope/jquery.isotope.min.js?ver=7.1 HTTP/1.1" 200 4853 "https://www.cvevolpi.it/?v=0147969119000" "Mozilla/5.0 (Linux; Android 6.0.1; Nexus 5X Build/MMB29P) AppleWebKit/537.36 (KHTML, like Gecko) Chrome/152.0.7977.82 Mobile Safari/537.36 (compatible; Googlebot/2.1; +http://www.google.com/bot.html)"
192.178.4.167 - - [14/Sep/2026:09:41:14 +0200] "GET /?v=81489159705000 HTTP/1.1" 200 19823 "-" "Mozilla/5.0 (Linux; Android 6.0.1; Nexus 5X Build/MMB29P) AppleWebKit/537.36 (KHTML, like Gecko) Chrome/152.0.7977.82 Mobile Safari/537.36 (compatible; Googlebot/2.1; +http://www.google.com/bot.html)"
212.183.175.188 - - [14/Sep/2026:09:41:15 +0200] "POST /wp-cron.php?doing_wp_cron=1789371675.0073440074920654296875 HTTP/1.1" 200 11 "-" "WordPress/7.1; https://www.cvevolpi.it"
192.178.4.167 - - [14/Sep/2026:09:42:24 +0200] "GET /?v=00117149836301 HTTP/1.1" 200 19839 "-" "Mozilla/5.0 (Linux; Android 6.0.1; Nexus 5X Build/MMB29P) AppleWebKit/537.36 (KHTML, like Gecko) Chrome/152.0.7977.82 Mobile Safari/537.36 (compatible; Googlebot/2.1; +http://www.google.com/bot.html)"
192.178.4.167 - - [14/Sep/2026:09:42:36 +0200] "GET /wp-content/plugins/contact-form-7/includes/swv/js/index.js?ver=6.1.7 HTTP/1.1" 200 5502 "https://www.cvevolpi.it/?v=22108112657105" "Mozilla/5.0 (Linux; Android 6.0.1; Nexus 5X Build/MMB29P) AppleWebKit/537.36 (KHTML, like Gecko) Chrome/151.0.7922.173 Mobile Safari/537.36 (compatible; Googlebot/2.1; +http://www.google.com/bot.html)"
192.178.4.167 - - [14/Sep/2026:09:42:36 +0200] "GET /wp-content/plugins/contact-form-7/includes/swv/js/index.js?ver=6.1.7 HTTP/1.1" 200 3374 "https://www.cvevolpi.it/?v=22108112657105" "Mozilla/5.0 (Linux; Android 6.0.1; Nexus 5X Build/MMB29P) AppleWebKit/537.36 (KHTML, like Gecko) Chrome/151.0.7922.173 Mobile Safari/537.36 (compatible; Googlebot/2.1; +http://www.google.com/bot.html)"
192.178.4.166 - - [14/Sep/2026:09:43:33 +0200] "GET /?v=9192397837500 HTTP/1.1" 200 19823 "-" "Mozilla/5.0 (Linux; Android 6.0.1; Nexus 5X Build/MMB29P) AppleWebKit/537.36 (KHTML, like Gecko) Chrome/152.0.7977.82 Mobile Safari/537.36 (compatible; Googlebot/2.1; +http://www.google.com/bot.html)"
54.39.6.165 - - [14/Sep/2026:09:44:07 +0200] "GET /robots.txt HTTP/1.1" 200 5642 "-" "Mozilla/5.0 (compatible; AhrefsBot/7.0; +http://ahrefs.com/robot/)"
51.89.72.11 - - [14/Sep/2026:09:44:08 +0200] "GET /wp-sitemap.xml HTTP/1.1" 200 5661 "-" "Mozilla/5.0 (compatible; AhrefsBot/7.0; +http://ahrefs.com/robot/)"
51.89.71.159 - - [14/Sep/2026:09:44:09 +0200] "GET /wp-sitemap-posts-post-1.xml HTTP/1.1" 200 5686 "-" "Mozilla/5.0 (compatible; AhrefsBot/7.0; +http://ahrefs.com/robot/)"
51.89.59.39 - - [14/Sep/2026:09:44:10 +0200] "GET /wp-sitemap-posts-page-1.xml HTTP/1.1" 200 5817 "-" "Mozilla/5.0 (compatible; AhrefsBot/7.0; +http://ahrefs.com/robot/)"
51.89.69.39 - - [14/Sep/2026:09:44:11 +0200] "GET /wp-sitemap-taxonomies-category-1.xml HTTP/1.1" 200 5642 "-" "Mozilla/5.0 (compatible; AhrefsBot/7.0; +http://ahrefs.com/robot/)"
51.89.69.102 - - [14/Sep/2026:09:44:12 +0200] "GET /wp-sitemap-taxonomies-post_tag-1.xml HTTP/1.1" 200 5677 "-" "Mozilla/5.0 (compatible; AhrefsBot/7.0; +http://ahrefs.com/robot/)"
192.178.4.167 - - [14/Sep/2026:09:44:43 +0200] "GET /?v=2296882472600 HTTP/1.1" 200 19807 "-" "Mozilla/5.0 (Linux; Android 6.0.1; Nexus 5X Build/MMB29P) AppleWebKit/537.36 (KHTML, like Gecko) Chrome/152.0.7977.82 Mobile Safari/537.36 (compatible; Googlebot/2.1; +http://www.google.com/bot.html)"
192.178.4.167 - - [14/Sep/2026:09:45:58 +0200] "GET /?v=7118011450501 HTTP/1.1" 200 19823 "-" "Mozilla/5.0 (Linux; Android 6.0.1; Nexus 5X Build/MMB29P) AppleWebKit/537.36 (KHTML, like Gecko) Chrome/152.0.7977.82 Mobile Safari/537.36 (compatible; Googlebot/2.1; +http://www.google.com/bot.html)"
192.178.4.166 - - [14/Sep/2026:09:46:00 +0200] "GET /?v=82899192696402 HTTP/1.1" 200 19823 "-" "Mozilla/5.0 (Linux; Android 6.0.1; Nexus 5X Build/MMB29P) AppleWebKit/537.36 (KHTML, like Gecko) Chrome/152.0.7977.82 Mobile Safari/537.36 (compatible; Googlebot/2.1; +http://www.google.com/bot.html)"
192.178.4.166 - - [14/Sep/2026:09:46:01 +0200] "GET /?v=78074206117704 HTTP/1.1" 200 19839 "-" "Mozilla/5.0 (Linux; Android 6.0.1; Nexus 5X Build/MMB29P) AppleWebKit/537.36 (KHTML, like Gecko) Chrome/152.0.7977.82 Mobile Safari/537.36 (compatible; Googlebot/2.1; +http://www.google.com/bot.html)"
192.178.4.167 - - [14/Sep/2026:09:46:03 +0200] "GET /?v=1773063176508 HTTP/1.1" 200 19823 "-" "Mozilla/5.0 (Linux; Android 6.0.1; Nexus 5X Build/MMB29P) AppleWebKit/537.36 (KHTML, like Gecko) Chrome/152.0.7977.82 Mobile Safari/537.36 (compatible; Googlebot/2.1; +http://www.google.com/bot.html)"
192.178.4.168 - - [14/Sep/2026:09:47:38 +0200] "GET /?v=5423690234300 HTTP/1.1" 200 19839 "-" "Mozilla/5.0 (Linux; Android 6.0.1; Nexus 5X Build/MMB29P) AppleWebKit/537.36 (KHTML, like Gecko) Chrome/152.0.7977.82 Mobile Safari/537.36 (compatible; Googlebot/2.1; +http://www.google.com/bot.html)"
192.178.4.166 - - [14/Sep/2026:09:47:40 +0200] "GET /?v=6776916963902 HTTP/1.1" 200 19823 "-" "Mozilla/5.0 (Linux; Android 6.0.1; Nexus 5X Build/MMB29P) AppleWebKit/537.36 (KHTML, like Gecko) Chrome/152.0.7977.82 Mobile Safari/537.36 (compatible; Googlebot/2.1; +http://www.google.com/bot.html)"
85.208.96.204 - - [14/Sep/2026:09:47:55 +0200] "GET /robots.txt HTTP/1.1" 200 5610 "-" "Mozilla/5.0 (compatible; SemrushBot/7~bl; +http://www.semrush.com/bot.html)"
185.191.171.6 - - [14/Sep/2026:09:47:56 +0200] "GET /costruzioni/ HTTP/1.1" 200 19329 "-" "Mozilla/5.0 (compatible; SemrushBot/7~bl; +http://www.semrush.com/bot.html)"
192.178.4.166 - - [14/Sep/2026:09:48:13 +0200] "GET /?v=93550189421303 HTTP/1.1" 200 19823 "-" "Mozilla/5.0 (Linux; Android 6.0.1; Nexus 5X Build/MMB29P) AppleWebKit/537.36 (KHTML, like Gecko) Chrome/152.0.7977.82 Mobile Safari/537.36 (compatible; Googlebot/2.1; +http://www.google.com/bot.html)"
192.178.4.168 - - [14/Sep/2026:09:49:20 +0200] "GET /?v=02183194527102 HTTP/1.1" 200 19823 "-" "Mozilla/5.0 (Linux; Android 6.0.1; Nexus 5X Build/MMB29P) AppleWebKit/537.36 (KHTML, like Gecko) Chrome/152.0.7977.82 Mobile Safari/537.36 (compatible; Googlebot/2.1; +http://www.google.com/bot.html)"
185.194.178.48 - - [14/Sep/2026:09:49:51 +0200] "POST /wp-login.php HTTP/1.1" 503 18974 "-" "Mozilla/5.0 (Windows NT 10.0; Win64; rv:143.0) Gecko/20100101 Firefox/143.0"
207.46.13.14 - - [14/Sep/2026:09:50:41 +0200] "GET /wp-content/themes/sentinel/scripts/bxslider/jquery.bxslider.min.js?ver=7.1 HTTP/2.0" 200 4895 "-" "Mozilla/5.0 AppleWebKit/537.36 (KHTML, like Gecko; compatible; bingbot/2.0; +http://www.bing.com/bingbot.htm) Chrome/116.0.1938.76 Safari/537.36"
207.46.13.14 - - [14/Sep/2026:09:50:41 +0200] "GET /wp-includes/js/dist/hooks.min.js?ver=f0f188028580e8dc1255 HTTP/2.0" 200 1759 "-" "Mozilla/5.0 AppleWebKit/537.36 (KHTML, like Gecko; compatible; bingbot/2.0; +http://www.bing.com/bingbot.htm) Chrome/116.0.1938.76 Safari/537.36"
207.46.13.14 - - [14/Sep/2026:09:50:41 +0200] "GET /wp-content/themes/sentinel/scripts/retinajs/retina-1.1.0-ff-updt.min.js?ver=7.1 HTTP/2.0" 200 1111 "-" "Mozilla/5.0 AppleWebKit/537.36 (KHTML, like Gecko; compatible; bingbot/2.0; +http://www.bing.com/bingbot.htm) Chrome/116.0.1938.76 Safari/537.36"
207.46.13.14 - - [14/Sep/2026:09:50:41 +0200] "GET /wp-content/themes/sentinel/scripts/bxslider/jquery.bxslider.min.js?ver=7.1 HTTP/1.1" 200 5526 "-" "Mozilla/5.0 AppleWebKit/537.36 (KHTML, like Gecko; compatible; bingbot/2.0; +http://www.bing.com/bingbot.htm) Chrome/116.0.1938.76 Safari/537.36"
207.46.13.14 - - [14/Sep/2026:09:50:41 +0200] "GET /wp-includes/js/dist/hooks.min.js?ver=f0f188028580e8dc1255 HTTP/1.1" 200 5460 "-" "Mozilla/5.0 AppleWebKit/537.36 (KHTML, like Gecko; compatible; bingbot/2.0; +http://www.bing.com/bingbot.htm) Chrome/116.0.1938.76 Safari/537.36"
207.46.13.14 - - [14/Sep/2026:09:50:41 +0200] "GET /wp-content/themes/sentinel/scripts/retinajs/retina-1.1.0-ff-updt.min.js?ver=7.1 HTTP/1.1" 200 5499 "-" "Mozilla/5.0 AppleWebKit/537.36 (KHTML, like Gecko; compatible; bingbot/2.0; +http://www.bing.com/bingbot.htm) Chrome/116.0.1938.76 Safari/537.36"
207.46.13.14 - - [14/Sep/2026:09:50:42 +0200] "GET /wp-content/themes/sentinel/scripts/magnific-popup/magnific-popup.js?ver=7.1 HTTP/1.1" 200 5527 "-" "Mozilla/5.0 AppleWebKit/537.36 (KHTML, like Gecko; compatible; bingbot/2.0; +http://www.bing.com/bingbot.htm) Chrome/116.0.1938.76 Safari/537.36"
207.46.13.14 - - [14/Sep/2026:09:50:42 +0200] "GET /wp-content/themes/sentinel/scripts/gmaps/jquery.gmaps.js?ver=7.1 HTTP/1.1" 200 5500 "-" "Mozilla/5.0 AppleWebKit/537.36 (KHTML, like Gecko; compatible; bingbot/2.0; +http://www.bing.com/bingbot.htm) Chrome/116.0.1938.76 Safari/537.36"
207.46.13.14 - - [14/Sep/2026:09:50:42 +0200] "GET /wp-content/themes/sentinel/scripts/magnific-popup/magnific-popup.js?ver=7.1 HTTP/2.0" 200 6414 "-" "Mozilla/5.0 AppleWebKit/537.36 (KHTML, like Gecko; compatible; bingbot/2.0; +http://www.bing.com/bingbot.htm) Chrome/116.0.1938.76 Safari/537.36"
207.46.13.14 - - [14/Sep/2026:09:50:42 +0200] "GET /wp-content/themes/sentinel/scripts/gmaps/jquery.gmaps.js?ver=7.1 HTTP/2.0" 200 999 "-" "Mozilla/5.0 AppleWebKit/537.36 (KHTML, like Gecko; compatible; bingbot/2.0; +http://www.bing.com/bingbot.htm) Chrome/116.0.1938.76 Safari/537.36"
40.77.167.4 - - [14/Sep/2026:09:50:45 +0200] "GET /wp-content/themes/sentinel/scripts/caroufredsel/jquery.caroufredsel.min.js?ver=7.1 HTTP/2.0" 200 13162 "-" "Mozilla/5.0 AppleWebKit/537.36 (KHTML, like Gecko; compatible; bingbot/2.0; +http://www.bing.com/bingbot.htm) Chrome/116.0.1938.76 Safari/537.36"
40.77.167.71 - - [14/Sep/2026:09:50:45 +0200] "GET /wp-includes/js/dist/i18n.min.js?ver=1dfe7db3940c23ea9216 HTTP/2.0" 200 2380 "-" "Mozilla/5.0 AppleWebKit/537.36 (KHTML, like Gecko; compatible; bingbot/2.0; +http://www.bing.com/bingbot.htm) Chrome/116.0.1938.76 Safari/537.36"
40.77.167.71 - - [14/Sep/2026:09:50:45 +0200] "GET /wp-content/themes/sentinel/scripts/imagesloaded/imagesloaded.min.js?ver=7.1 HTTP/2.0" 200 824 "-" "Mozilla/5.0 AppleWebKit/537.36 (KHTML, like Gecko; compatible; bingbot/2.0; +http://www.bing.com/bingbot.htm) Chrome/116.0.1938.76 Safari/537.36"
40.77.167.4 - - [14/Sep/2026:09:50:45 +0200] "GET /wp-content/themes/sentinel/scripts/caroufredsel/jquery.caroufredsel.min.js?ver=7.1 HTTP/1.1" 200 5502 "-" "Mozilla/5.0 AppleWebKit/537.36 (KHTML, like Gecko; compatible; bingbot/2.0; +http://www.bing.com/bingbot.htm) Chrome/116.0.1938.76 Safari/537.36"
40.77.167.71 - - [14/Sep/2026:09:50:45 +0200] "GET /wp-includes/js/dist/i18n.min.js?ver=1dfe7db3940c23ea9216 HTTP/1.1" 200 5491 "-" "Mozilla/5.0 AppleWebKit/537.36 (KHTML, like Gecko; compatible; bingbot/2.0; +http://www.bing.com/bingbot.htm) Chrome/116.0.1938.76 Safari/537.36"
40.77.167.71 - - [14/Sep/2026:09:50:45 +0200] "GET /wp-content/themes/sentinel/scripts/imagesloaded/imagesloaded.min.js?ver=7.1 HTTP/1.1" 200 5511 "-" "Mozilla/5.0 AppleWebKit/537.36 (KHTML, like Gecko; compatible; bingbot/2.0; +http://www.bing.com/bingbot.htm) Chrome/116.0.1938.76 Safari/537.36"
40.77.167.71 - - [14/Sep/2026:09:50:46 +0200] "GET /wp-content/themes/sentinel/js/global.js?ver=7.1 HTTP/1.1" 200 5483 "-" "Mozilla/5.0 AppleWebKit/537.36 (KHTML, like Gecko; compatible; bingbot/2.0; +http://www.bing.com/bingbot.htm) Chrome/116.0.1938.76 Safari/537.36"
40.77.167.71 - - [14/Sep/2026:09:50:46 +0200] "GET /wp-content/themes/sentinel/js/global.js?ver=7.1 HTTP/2.0" 200 6734 "-" "Mozilla/5.0 AppleWebKit/537.36 (KHTML, like Gecko; compatible; bingbot/2.0; +http://www.bing.com/bingbot.htm) Chrome/116.0.1938.76 Safari/537.36"
40.77.167.4 - - [14/Sep/2026:09:50:55 +0200] "GET /wp-content/themes/sentinel/scripts/countdown/jquery.countdown.js?ver=7.1 HTTP/2.0" 200 1240 "-" "Mozilla/5.0 AppleWebKit/537.36 (KHTML, like Gecko; compatible; bingbot/2.0; +http://www.bing.com/bingbot.htm) Chrome/116.0.1938.76 Safari/537.36"
40.77.167.4 - - [14/Sep/2026:09:50:55 +0200] "GET /wp-content/themes/sentinel/scripts/countdown/jquery.countdown_init.js?ver=7.1 HTTP/2.0" 200 603 "-" "Mozilla/5.0 AppleWebKit/537.36 (KHTML, like Gecko; compatible; bingbot/2.0; +http://www.bing.com/bingbot.htm) Chrome/116.0.1938.76 Safari/537.36"
40.77.167.4 - - [14/Sep/2026:09:50:55 +0200] "GET /wp-content/themes/sentinel/scripts/isotope/jquery.isotope.min.js?ver=7.1 HTTP/2.0" 200 4840 "-" "Mozilla/5.0 AppleWebKit/537.36 (KHTML, like Gecko; compatible; bingbot/2.0; +http://www.bing.com/bingbot.htm) Chrome/116.0.1938.76 Safari/537.36"
40.77.167.4 - - [14/Sep/2026:09:50:55 +0200] "GET /wp-includes/js/wp-emoji-release.min.js?ver=7.1 HTTP/2.0" 200 4949 "-" "Mozilla/5.0 AppleWebKit/537.36 (KHTML, like Gecko; compatible; bingbot/2.0; +http://www.bing.com/bingbot.htm) Chrome/116.0.1938.76 Safari/537.36"
40.77.167.4 - - [14/Sep/2026:09:50:55 +0200] "GET /wp-content/themes/sentinel/scripts/countdown/jquery.countdown.js?ver=7.1 HTTP/1.1" 200 5508 "-" "Mozilla/5.0 AppleWebKit/537.36 (KHTML, like Gecko; compatible; bingbot/2.0; +http://www.bing.com/bingbot.htm) Chrome/116.0.1938.76 Safari/537.36"
40.77.167.4 - - [14/Sep/2026:09:50:55 +0200] "GET /wp-content/themes/sentinel/scripts/countdown/jquery.countdown_init.js?ver=7.1 HTTP/1.1" 200 5513 "-" "Mozilla/5.0 AppleWebKit/537.36 (KHTML, like Gecko; compatible; bingbot/2.0; +http://www.bing.com/bingbot.htm) Chrome/116.0.1938.76 Safari/537.36"
40.77.167.4 - - [14/Sep/2026:09:50:55 +0200] "GET /wp-content/themes/sentinel/scripts/isotope/jquery.isotope.min.js?ver=7.1 HTTP/1.1" 200 5508 "-" "Mozilla/5.0 AppleWebKit/537.36 (KHTML, like Gecko; compatible; bingbot/2.0; +http://www.bing.com/bingbot.htm) Chrome/116.0.1938.76 Safari/537.36"
40.77.167.4 - - [14/Sep/2026:09:50:55 +0200] "GET /wp-includes/js/wp-emoji-release.min.js?ver=7.1 HTTP/1.1" 200 5482 "-" "Mozilla/5.0 AppleWebKit/537.36 (KHTML, like Gecko; compatible; bingbot/2.0; +http://www.bing.com/bingbot.htm) Chrome/116.0.1938.76 Safari/537.36"
192.178.4.167 - - [14/Sep/2026:09:50:59 +0200] "GET /?v=87610205946600 HTTP/1.1" 200 19823 "-" "Mozilla/5.0 (Linux; Android 6.0.1; Nexus 5X Build/MMB29P) AppleWebKit/537.36 (KHTML, like Gecko) Chrome/152.0.7977.82 Mobile Safari/537.36 (compatible; Googlebot/2.1; +http://www.google.com/bot.html)"
212.183.175.188 - - [14/Sep/2026:09:50:59 +0200] "POST /wp-cron.php?doing_wp_cron=1789372259.6221139430999755859375 HTTP/1.1" 200 11 "-" "WordPress/7.1; https://www.cvevolpi.it"
192.178.4.166 - - [14/Sep/2026:09:51:46 +0200] "GET /?v=7891068109700 HTTP/1.1" 200 19807 "-" "Mozilla/5.0 (Linux; Android 6.0.1; Nexus 5X Build/MMB29P) AppleWebKit/537.36 (KHTML, like Gecko) Chrome/152.0.7977.82 Mobile Safari/537.36 (compatible; Googlebot/2.1; +http://www.google.com/bot.html)"
192.178.4.167 - - [14/Sep/2026:09:52:31 +0200] "GET /?v=11990138171101 HTTP/1.1" 200 19823 "-" "Mozilla/5.0 (Linux; Android 6.0.1; Nexus 5X Build/MMB29P) AppleWebKit/537.36 (KHTML, like Gecko) Chrome/152.0.7977.82 Mobile Safari/537.36 (compatible; Googlebot/2.1; +http://www.google.com/bot.html)"
49.51.203.164 - - [14/Sep/2026:09:53:10 +0200] "GET / HTTP/1.1" 200 19823 "http://cvevolpi.it" "Mozilla/5.0 (iPhone; CPU iPhone OS 13_2_3 like Mac OS X) AppleWebKit/605.1.15 (KHTML, like Gecko) Version/13.0.3 Mobile/15E148 Safari/604.1"
192.178.4.168 - - [14/Sep/2026:09:53:37 +0200] "GET /?v=3093046169904 HTTP/1.1" 200 19839 "-" "Mozilla/5.0 (Linux; Android 6.0.1; Nexus 5X Build/MMB29P) AppleWebKit/537.36 (KHTML, like Gecko) Chrome/152.0.7977.82 Mobile Safari/537.36 (compatible; Googlebot/2.1; +http://www.google.com/bot.html)"
192.178.4.167 - - [14/Sep/2026:09:55:06 +0200] "GET /?v=91259182545805 HTTP/1.1" 200 19807 "-" "Mozilla/5.0 (Linux; Android 6.0.1; Nexus 5X Build/MMB29P) AppleWebKit/537.36 (KHTML, like Gecko) Chrome/152.0.7977.82 Mobile Safari/537.36 (compatible; Googlebot/2.1; +http://www.google.com/bot.html)"
192.178.4.166 - - [14/Sep/2026:09:56:07 +0200] "GET /?v=22172165356202 HTTP/1.1" 200 19839 "-" "Mozilla/5.0 (Linux; Android 6.0.1; Nexus 5X Build/MMB29P) AppleWebKit/537.36 (KHTML, like Gecko) Chrome/152.0.7977.82 Mobile Safari/537.36 (compatible; Googlebot/2.1; +http://www.google.com/bot.html)"
192.178.4.167 - - [14/Sep/2026:09:58:09 +0200] "GET /?v=7463837339105 HTTP/1.1" 200 19807 "-" "Mozilla/5.0 (Linux; Android 6.0.1; Nexus 5X Build/MMB29P) AppleWebKit/537.36 (KHTML, like Gecko) Chrome/152.0.7977.82 Mobile Safari/537.36 (compatible; Googlebot/2.1; +http://www.google.com/bot.html)"
185.194.178.22 - - [14/Sep/2026:09:59:33 +0200] "POST /wp-login.php HTTP/1.1" 503 18974 "-" "Mozilla/5.0 (Windows NT 10.0; Win64; rv:143.0) Gecko/20100101 Firefox/143.0"
192.178.4.167 - - [14/Sep/2026:10:00:10 +0200] "GET /?v=07129201026203 HTTP/1.1" 200 19823 "-" "Mozilla/5.0 (Linux; Android 6.0.1; Nexus 5X Build/MMB29P) AppleWebKit/537.36 (KHTML, like Gecko) Chrome/152.0.7977.82 Mobile Safari/537.36 (compatible; Googlebot/2.1; +http://www.google.com/bot.html)"
212.183.175.188 - - [14/Sep/2026:10:00:11 +0200] "POST /wp-cron.php?doing_wp_cron=1789372810.7557730674743652343750 HTTP/1.1" 200 11 "-" "WordPress/7.1; https://www.cvevolpi.it"
192.178.4.166 - - [14/Sep/2026:10:00:45 +0200] "GET /wp-content/themes/sentinel/scripts/magnific-popup/magnific-popup.css?ver=7.1 HTTP/1.1" 200 1835 "https://www.cvevolpi.it/?v=07129201026203" "Mozilla/5.0 (Linux; Android 6.0.1; Nexus 5X Build/MMB29P) AppleWebKit/537.36 (KHTML, like Gecko) Chrome/152.0.7977.82 Mobile Safari/537.36 (compatible; Googlebot/2.1; +http://www.google.com/bot.html)"
192.178.4.166 - - [14/Sep/2026:10:00:45 +0200] "GET /wp-content/themes/sentinel/scripts/magnific-popup/magnific-popup.css?ver=7.1 HTTP/1.1" 200 5482 "https://www.cvevolpi.it/?v=07129201026203" "Mozilla/5.0 (Linux; Android 6.0.1; Nexus 5X Build/MMB29P) AppleWebKit/537.36 (KHTML, like Gecko) Chrome/152.0.7977.82 Mobile Safari/537.36 (compatible; Googlebot/2.1; +http://www.google.com/bot.html)"
192.178.4.167 - - [14/Sep/2026:10:02:12 +0200] "GET /?v=72129155404000 HTTP/1.1" 200 19839 "-" "Mozilla/5.0 (Linux; Android 6.0.1; Nexus 5X Build/MMB29P) AppleWebKit/537.36 (KHTML, like Gecko) Chrome/152.0.7977.82 Mobile Safari/537.36 (compatible; Googlebot/2.1; +http://www.google.com/bot.html)"
192.178.4.167 - - [14/Sep/2026:10:04:13 +0200] "GET /?v=78799150552300 HTTP/1.1" 200 19823 "-" "Mozilla/5.0 (Linux; Android 6.0.1; Nexus 5X Build/MMB29P) AppleWebKit/537.36 (KHTML, like Gecko) Chrome/152.0.7977.82 Mobile Safari/537.36 (compatible; Googlebot/2.1; +http://www.google.com/bot.html)"
40.77.167.132 - - [14/Sep/2026:10:06:05 +0200] "GET /?p=4980 HTTP/1.1" 404 48295 "-" "Mozilla/5.0 AppleWebKit/537.36 (KHTML, like Gecko; compatible; bingbot/2.0; +http://www.bing.com/bingbot.htm) Chrome/116.0.1938.76 Safari/537.36"
192.178.4.166 - - [14/Sep/2026:10:06:14 +0200] "GET /?v=7729027392900 HTTP/1.1" 200 19823 "-" "Mozilla/5.0 (Linux; Android 6.0.1; Nexus 5X Build/MMB29P) AppleWebKit/537.36 (KHTML, like Gecko) Chrome/152.0.7977.82 Mobile Safari/537.36 (compatible; Googlebot/2.1; +http://www.google.com/bot.html)"
192.178.4.166 - - [14/Sep/2026:10:08:16 +0200] "GET /?v=1783868790301 HTTP/1.1" 200 19839 "-" "Mozilla/5.0 (Linux; Android 6.0.1; Nexus 5X Build/MMB29P) AppleWebKit/537.36 (KHTML, like Gecko) Chrome/152.0.7977.82 Mobile Safari/537.36 (compatible; Googlebot/2.1; +http://www.google.com/bot.html)"
212.183.175.188 - - [14/Sep/2026:10:08:16 +0200] "POST /wp-cron.php?doing_wp_cron=1789373296.6271541118621826171875 HTTP/1.1" 200 11 "-" "WordPress/7.1; https://www.cvevolpi.it"
192.178.4.167 - - [14/Sep/2026:10:08:18 +0200] "GET /?v=8097036305300 HTTP/1.1" 200 19823 "-" "Mozilla/5.0 (Linux; Android 6.0.1; Nexus 5X Build/MMB29P) AppleWebKit/537.36 (KHTML, like Gecko) Chrome/152.0.7977.82 Mobile Safari/537.36 (compatible; Googlebot/2.1; +http://www.google.com/bot.html)"
192.178.4.167 - - [14/Sep/2026:10:08:20 +0200] "GET /?v=87272185721100 HTTP/1.1" 200 19823 "-" "Mozilla/5.0 (Linux; Android 6.0.1; Nexus 5X Build/MMB29P) AppleWebKit/537.36 (KHTML, like Gecko) Chrome/152.0.7977.82 Mobile Safari/537.36 (compatible; Googlebot/2.1; +http://www.google.com/bot.html)"
192.178.4.167 - - [14/Sep/2026:10:08:21 +0200] "GET /?v=19202206579100 HTTP/1.1" 200 19823 "-" "Mozilla/5.0 (Linux; Android 6.0.1; Nexus 5X Build/MMB29P) AppleWebKit/537.36 (KHTML, like Gecko) Chrome/152.0.7977.82 Mobile Safari/537.36 (compatible; Googlebot/2.1; +http://www.google.com/bot.html)"
192.178.4.166 - - [14/Sep/2026:10:08:23 +0200] "GET /?v=8823893653611 HTTP/1.1" 200 19823 "-" "Mozilla/5.0 (Linux; Android 6.0.1; Nexus 5X Build/MMB29P) AppleWebKit/537.36 (KHTML, like Gecko) Chrome/152.0.7977.82 Mobile Safari/537.36 (compatible; Googlebot/2.1; +http://www.google.com/bot.html)"
192.178.4.166 - - [14/Sep/2026:10:08:25 +0200] "GET /?v=757034304400 HTTP/1.1" 200 19823 "-" "Mozilla/5.0 (Linux; Android 6.0.1; Nexus 5X Build/MMB29P) AppleWebKit/537.36 (KHTML, like Gecko) Chrome/152.0.7977.82 Mobile Safari/537.36 (compatible; Googlebot/2.1; +http://www.google.com/bot.html)"
185.194.178.44 - - [14/Sep/2026:10:09:25 +0200] "POST /wp-login.php HTTP/1.1" 503 18974 "-" "Mozilla/5.0 (Macintosh; Intel Mac OS X 10_15_7) AppleWebKit/605.1.15 Version/17.0 Safari/605.1.15"
192.178.4.166 - - [14/Sep/2026:10:10:27 +0200] "GET /?v=78009160917600 HTTP/1.1" 200 19823 "-" "Mozilla/5.0 (Linux; Android 6.0.1; Nexus 5X Build/MMB29P) AppleWebKit/537.36 (KHTML, like Gecko) Chrome/152.0.7977.82 Mobile Safari/537.36 (compatible; Googlebot/2.1; +http://www.google.com/bot.html)"
212.183.175.188 - - [14/Sep/2026:10:10:28 +0200] "POST /wp-cron.php?doing_wp_cron=1789373428.5485799312591552734375 HTTP/1.1" 200 11 "-" "WordPress/7.1; https://www.cvevolpi.it"
192.178.4.166 - - [14/Sep/2026:10:12:29 +0200] "GET /?v=147578494803 HTTP/1.1" 200 19807 "-" "Mozilla/5.0 (Linux; Android 6.0.1; Nexus 5X Build/MMB29P) AppleWebKit/537.36 (KHTML, like Gecko) Chrome/152.0.7977.82 Mobile Safari/537.36 (compatible; Googlebot/2.1; +http://www.google.com/bot.html)"
192.178.4.166 - - [14/Sep/2026:10:12:32 +0200] "GET /wp-content/plugins/contact-form-7/includes/swv/js/index.js?ver=6.1.7 HTTP/1.1" 200 5502 "https://www.cvevolpi.it/?v=147578494803" "Mozilla/5.0 (Linux; Android 6.0.1; Nexus 5X Build/MMB29P) AppleWebKit/537.36 (KHTML, like Gecko) Chrome/152.0.7977.82 Mobile Safari/537.36 (compatible; Googlebot/2.1; +http://www.google.com/bot.html)"
192.178.4.166 - - [14/Sep/2026:10:12:32 +0200] "GET /wp-content/plugins/contact-form-7/includes/swv/js/index.js?ver=6.1.7 HTTP/1.1" 200 3374 "https://www.cvevolpi.it/?v=147578494803" "Mozilla/5.0 (Linux; Android 6.0.1; Nexus 5X Build/MMB29P) AppleWebKit/537.36 (KHTML, like Gecko) Chrome/152.0.7977.82 Mobile Safari/537.36 (compatible; Googlebot/2.1; +http://www.google.com/bot.html)"
192.178.4.166 - - [14/Sep/2026:10:12:34 +0200] "HEAD /wp-content/uploads/freshizer/d2a08ce6ac57eedd314be78525653df7_HPIM3969-374-246-c@2x.jpg HTTP/1.1" 200 5498 "https://www.cvevolpi.it/?v=147578494803" "Mozilla/5.0 (Linux; Android 6.0.1; Nexus 5X Build/MMB29P) AppleWebKit/537.36 (KHTML, like Gecko) Chrome/152.0.7977.82 Mobile Safari/537.36 (compatible; Googlebot/2.1; +http://www.google.com/bot.html)"
192.178.4.168 - - [14/Sep/2026:10:14:31 +0200] "GET /?v=1400015048202 HTTP/1.1" 200 19839 "-" "Mozilla/5.0 (Linux; Android 6.0.1; Nexus 5X Build/MMB29P) AppleWebKit/537.36 (KHTML, like Gecko) Chrome/152.0.7977.82 Mobile Safari/537.36 (compatible; Googlebot/2.1; +http://www.google.com/bot.html)"
93.32.43.120 - - [14/Sep/2026:10:14:58 +0200] "GET / HTTP/1.1" 200 19823 "-" "python-requests/2.31.0"
64.31.55.44 - - [14/Sep/2026:10:15:05 +0200] "GET /localhost.sql HTTP/1.1" 403 5670 "-" "Mozilla/5.0 (Macintosh; Intel Mac OS X 10_14_5) AppleWebKit/605.1.15 (KHTML, like Gecko) Version/12.1.1 Safari/605.1.15"
64.31.55.44 - - [14/Sep/2026:10:15:05 +0200] "GET /database.sql HTTP/1.1" 403 5670 "-" "Mozilla/5.0 (Macintosh; Intel Mac OS X 10_15_7) AppleWebKit/605.1.15 (KHTML, like Gecko) Version/17.0 Safari/605.1.15"
64.31.55.44 - - [14/Sep/2026:10:15:05 +0200] "GET /wp-content/uploads/dump.sql HTTP/1.1" 403 5670 "-" "Mozilla/5.0 (Windows NT 10.0; Win64; x64; rv:81.0) Gecko/20100101 Firefox/81.0"
64.31.55.44 - - [14/Sep/2026:10:15:05 +0200] "GET /sql.sql HTTP/1.1" 403 5670 "-" "Mozilla/5.0 (Macintosh; Intel Mac OS X 10_15_7) AppleWebKit/605.1.15 (KHTML, like Gecko) Version/17.8 Mobile/15E148 Safari/604.1"
64.31.55.44 - - [14/Sep/2026:10:15:05 +0200] "GET /www.sql HTTP/1.1" 403 5670 "-" "Mozilla/5.0 (Macintosh; Intel Mac OS X 10_15_7) AppleWebKit/537.36 (KHTML, like Gecko) Chrome/131.0.0.0 Safari/537.36"
64.31.55.44 - - [14/Sep/2026:10:15:05 +0200] "GET /cvevolpi.it.sql HTTP/1.1" 403 5670 "-" "Mozilla/5.0 (ZZ; Linux i686) AppleWebKit/537.36 (KHTML, like Gecko) Chrome/131.0.0.0 Safari/537.36"
64.31.55.44 - - [14/Sep/2026:10:15:05 +0200] "GET /dump.sql HTTP/1.1" 403 5670 "-" "Mozilla/5.0 (Windows NT 6.1; WOW64; rv:40.0) Gecko/20100101 Firefox/40.1"
64.31.55.44 - - [14/Sep/2026:10:15:05 +0200] "GET /translate.sql HTTP/1.1" 403 5670 "-" "Mozilla/5.0 (SS; Linux i686) AppleWebKit/537.36 (KHTML, like Gecko) Chrome/140.0.0.0 Safari/537.36"
64.31.55.44 - - [14/Sep/2026:10:15:05 +0200] "GET /users.sql HTTP/1.1" 403 5670 "-" "Mozilla/5.0 (Macintosh; PPC Mac OS X 10_8_9 rv:6.0; ms-MY) AppleWebKit/532.11.2 (KHTML, like Gecko) Version/5.0 Safari/532.11.2"
64.31.55.44 - - [14/Sep/2026:10:15:05 +0200] "GET /db_backup.sql HTTP/1.1" 403 5670 "-" "Mozilla/5.0 (Windows NT 10.0; Win64; x64; WOW64; rv:41.0) Gecko/20100101 Firefox/140.0 (x64 de)"
64.31.55.44 - - [14/Sep/2026:10:15:05 +0200] "GET /dbdump.sql HTTP/1.1" 403 5670 "-" "Mozilla/5.0 (Macintosh; Intel Mac OS X 10_15_6) AppleWebKit/605.1.15 (KHTML, like Gecko) Version/15.6.6 Mobile/15E148 Safari/604.1"
64.31.55.44 - - [14/Sep/2026:10:15:05 +0200] "GET /site.sql HTTP/1.1" 403 5670 "-" "Mozilla/5.0 (X11; Linux x86_64) AppleWebKit/537.36 (KHTML, like Gecko) Chrome/115.0.0.0 Safari/537.36"
64.31.55.44 - - [14/Sep/2026:10:15:05 +0200] "GET /db.sql HTTP/1.1" 403 5670 "-" "Mozilla/5.0 (Macintosh; Intel Mac OS X 10_15_7) AppleWebKit/605.1.15 (KHTML, like Gecko) Version/17.10 Safari/605.1.15"
64.31.55.44 - - [14/Sep/2026:10:15:05 +0200] "GET /cvevolpi.it_db.sql HTTP/1.1" 403 5670 "-" "Mozilla/5.0 (X11; Linux i686; rv:1.9.7.20) Gecko/ Firefox/3.6.11"
64.31.55.44 - - [14/Sep/2026:10:15:05 +0200] "GET /temp.sql HTTP/1.1" 403 5670 "-" "Mozilla/5.0 (Windows NT 10.0; Win64; x64) AppleWebKit/537.36 (KHTML, like Gecko) Chrome/70.0.3538.77 Safari/537.36"
64.31.55.44 - - [14/Sep/2026:10:15:05 +0200] "GET /mysql.sql HTTP/1.1" 403 5670 "-" "Mozilla/5.0 (Knoppix; Linux i686) AppleWebKit/537.36 (KHTML, like Gecko) Chrome/128.0.0.0 Safari/537.36"
64.31.55.44 - - [14/Sep/2026:10:15:05 +0200] "GET /mysqldump.sql HTTP/1.1" 403 5670 "-" "Mozilla/5.0 (Macintosh; Intel Mac OS X 10_15_7) AppleWebKit/537.36 (KHTML, like Gecko) Chrome/107.0.0.0 Safari/537.36"
64.31.55.44 - - [14/Sep/2026:10:15:05 +0200] "GET /data.sql HTTP/1.1" 403 5670 "-" "Mozilla/5.0 (Macintosh; Intel Mac OS X 10_15_7) AppleWebKit/537.36 (KHTML, like Gecko) Chrome/137.0.0.0 Safari/537.36"
64.31.55.44 - - [14/Sep/2026:10:15:05 +0200] "GET /backup.sql HTTP/1.1" 403 5670 "-" "Mozilla/5.0 (Windows NT 10.0; rv:140.0) Gecko/20100101 Firefox/140.0"
64.31.55.44 - - [14/Sep/2026:10:15:05 +0200] "GET /1.sql HTTP/1.1" 403 5670 "-" "Mozilla/5.0 (X11; Linux x86_64; rv:1.9.7.20) Gecko/ Firefox/3.6.11"
