64.31.55.44 - - [14/Sep/2026:10:15:05 +0200] "GET /wp-content/mysql.sql HTTP/1.1" 403 5670 "-" "Mozilla/5.0 (Fedora; Linux i686) AppleWebKit/537.36 (KHTML, like Gecko) Chrome/128.0.0.0 Safari/537.36"
212.183.175.188 - - [14/Sep/2026:10:16:32 +0200] "POST /?wordfence_syncAttackData=1789373792.8769 HTTP/1.1" 200 5386 "-" "WordPress/7.1; https://www.cvevolpi.it"
192.178.4.166 - - [14/Sep/2026:10:16:32 +0200] "GET /?v=48369178883804 HTTP/1.1" 200 19839 "-" "Mozilla/5.0 (Linux; Android 6.0.1; Nexus 5X Build/MMB29P) AppleWebKit/537.36 (KHTML, like Gecko) Chrome/152.0.7977.82 Mobile Safari/537.36 (compatible; Googlebot/2.1; +http://www.google.com/bot.html)"
192.178.4.168 - - [14/Sep/2026:10:16:34 +0200] "GET /?v=2983218248903 HTTP/1.1" 200 19807 "-" "Mozilla/5.0 (Linux; Android 6.0.1; Nexus 5X Build/MMB29P) AppleWebKit/537.36 (KHTML, like Gecko) Chrome/152.0.7977.82 Mobile Safari/537.36 (compatible; Googlebot/2.1; +http://www.google.com/bot.html)"
192.178.4.166 - - [14/Sep/2026:10:16:40 +0200] "GET /wp-content/themes/sentinel/responsive.css?ver=7.1 HTTP/1.1" 200 5471 "https://www.cvevolpi.it/?v=48369178883804" "Mozilla/5.0 (Linux; Android 6.0.1; Nexus 5X Build/MMB29P) AppleWebKit/537.36 (KHTML, like Gecko) Chrome/152.0.7977.82 Mobile Safari/537.36 (compatible; Googlebot/2.1; +http://www.google.com/bot.html)"
192.178.4.166 - - [14/Sep/2026:10:16:40 +0200] "GET /wp-content/themes/sentinel/responsive.css?ver=7.1 HTTP/1.1" 200 1839 "https://www.cvevolpi.it/?v=48369178883804" "Mozilla/5.0 (Linux; Android 6.0.1; Nexus 5X Build/MMB29P) AppleWebKit/537.36 (KHTML, like Gecko) Chrome/152.0.7977.82 Mobile Safari/537.36 (compatible; Googlebot/2.1; +http://www.google.com/bot.html)"
192.178.4.166 - - [14/Sep/2026:10:16:42 +0200] "GET /wp-content/themes/sentinel/style.css HTTP/1.1" 200 24015 "https://www.cvevolpi.it/wp-content/themes/sentinel-child/style.css?ver=7.1" "Mozilla/5.0 (Linux; Android 6.0.1; Nexus 5X Build/MMB29P) AppleWebKit/537.36 (KHTML, like Gecko) Chrome/152.0.7977.82 Mobile Safari/537.36 (compatible; Googlebot/2.1; +http://www.google.com/bot.html)"
192.178.4.166 - - [14/Sep/2026:10:16:42 +0200] "GET /wp-content/themes/sentinel/style.css HTTP/1.1" 200 5482 "https://www.cvevolpi.it/wp-content/themes/sentinel-child/style.css?ver=7.1" "Mozilla/5.0 (Linux; Android 6.0.1; Nexus 5X Build/MMB29P) AppleWebKit/537.36 (KHTML, like Gecko) Chrome/152.0.7977.82 Mobile Safari/537.36 (compatible; Googlebot/2.1; +http://www.google.com/bot.html)"
192.178.4.168 - - [14/Sep/2026:10:18:35 +0200] "GET /?v=01905164747603 HTTP/1.1" 200 19823 "-" "Mozilla/5.0 (Linux; Android 6.0.1; Nexus 5X Build/MMB29P) AppleWebKit/537.36 (KHTML, like Gecko) Chrome/152.0.7977.82 Mobile Safari/537.36 (compatible; Googlebot/2.1; +http://www.google.com/bot.html)"
212.183.175.188 - - [14/Sep/2026:10:18:36 +0200] "POST /wp-cron.php?doing_wp_cron=1789373916.0925610065460205078125 HTTP/1.1" 200 11 "-" "WordPress/7.1; https://www.cvevolpi.it"
192.178.4.167 - - [14/Sep/2026:10:18:37 +0200] "GET /?v=9499922642200 HTTP/1.1" 200 19823 "-" "Mozilla/5.0 (Linux; Android 6.0.1; Nexus 5X Build/MMB29P) AppleWebKit/537.36 (KHTML, like Gecko) Chrome/152.0.7977.82 Mobile Safari/537.36 (compatible; Googlebot/2.1; +http://www.google.com/bot.html)"
192.178.4.167 - - [14/Sep/2026:10:18:54 +0200] "GET /wp-content/themes/sentinel/vc.css?ver=7.1 HTTP/1.1" 200 5447 "https://www.cvevolpi.it/?v=9499922642200" "Mozilla/5.0 (Linux; Android 6.0.1; Nexus 5X Build/MMB29P) AppleWebKit/537.36 (KHTML, like Gecko) Chrome/152.0.7977.82 Mobile Safari/537.36 (compatible; Googlebot/2.1; +http://www.google.com/bot.html)"
192.178.4.167 - - [14/Sep/2026:10:18:54 +0200] "GET /wp-content/themes/sentinel/vc.css?ver=7.1 HTTP/1.1" 200 1546 "https://www.cvevolpi.it/?v=9499922642200" "Mozilla/5.0 (Linux; Android 6.0.1; Nexus 5X Build/MMB29P) AppleWebKit/537.36 (KHTML, like Gecko) Chrome/152.0.7977.82 Mobile Safari/537.36 (compatible; Googlebot/2.1; +http://www.google.com/bot.html)"
192.178.4.168 - - [14/Sep/2026:10:18:56 +0200] "HEAD /wp-content/uploads/freshizer/d2a08ce6ac57eedd314be78525653df7_HPIM3969-374-246-c@2x.jpg HTTP/1.1" 200 5466 "https://www.cvevolpi.it/?v=9499922642200" "Mozilla/5.0 (Linux; Android 6.0.1; Nexus 5X Build/MMB29P) AppleWebKit/537.36 (KHTML, like Gecko) Chrome/152.0.7977.82 Mobile Safari/537.36 (compatible; Googlebot/2.1; +http://www.google.com/bot.html)"
185.194.178.44 - - [14/Sep/2026:10:19:14 +0200] "POST /wp-login.php HTTP/1.1" 503 18061 "-" "Mozilla/5.0 (Macintosh; Intel Mac OS X 10_15_7) AppleWebKit/605.1.15 Version/17.0 Safari/605.1.15"
212.183.175.188 - - [14/Sep/2026:10:19:39 +0200] "POST /?wordfence_syncAttackData=1789373979.1613 HTTP/1.1" 200 5386 "-" "WordPress/7.1; https://www.cvevolpi.it"
192.178.4.166 - - [14/Sep/2026:10:19:38 +0200] "GET /?v=77814192787600 HTTP/1.1" 200 19807 "-" "Mozilla/5.0 (Linux; Android 6.0.1; Nexus 5X Build/MMB29P) AppleWebKit/537.36 (KHTML, like Gecko) Chrome/152.0.7977.82 Mobile Safari/537.36 (compatible; Googlebot/2.1; +http://www.google.com/bot.html)"
192.178.4.166 - - [14/Sep/2026:10:20:40 +0200] "GET /?v=0134169533902 HTTP/1.1" 200 19839 "-" "Mozilla/5.0 (Linux; Android 6.0.1; Nexus 5X Build/MMB29P) AppleWebKit/537.36 (KHTML, like Gecko) Chrome/152.0.7977.82 Mobile Safari/537.36 (compatible; Googlebot/2.1; +http://www.google.com/bot.html)"
212.183.175.188 - - [14/Sep/2026:10:20:40 +0200] "POST /wp-cron.php?doing_wp_cron=1789374040.6358320713043212890625 HTTP/1.1" 200 11 "-" "WordPress/7.1; https://www.cvevolpi.it"
212.183.175.188 - - [14/Sep/2026:10:21:46 +0200] "POST /wp-cron.php?doing_wp_cron=1789374106.8662309646606445312500 HTTP/1.1" 200 11 "-" "WordPress/7.1; https://www.cvevolpi.it"
192.178.4.166 - - [14/Sep/2026:10:21:46 +0200] "GET /?v=911024195705 HTTP/1.1" 200 19839 "-" "Mozilla/5.0 (Linux; Android 6.0.1; Nexus 5X Build/MMB29P) AppleWebKit/537.36 (KHTML, like Gecko) Chrome/152.0.7977.82 Mobile Safari/537.36 (compatible; Googlebot/2.1; +http://www.google.com/bot.html)"
192.178.4.167 - - [14/Sep/2026:10:21:48 +0200] "GET /?v=7751778816902 HTTP/1.1" 200 19823 "-" "Mozilla/5.0 (Linux; Android 6.0.1; Nexus 5X Build/MMB29P) AppleWebKit/537.36 (KHTML, like Gecko) Chrome/152.0.7977.82 Mobile Safari/537.36 (compatible; Googlebot/2.1; +http://www.google.com/bot.html)"
192.178.4.167 - - [14/Sep/2026:10:21:51 +0200] "GET /wp-content/themes/sentinel/responsive.css?ver=7.1 HTTP/1.1" 200 5471 "https://www.cvevolpi.it/?v=911024195705" "Mozilla/5.0 (Linux; Android 6.0.1; Nexus 5X Build/MMB29P) AppleWebKit/537.36 (KHTML, like Gecko) Chrome/152.0.7977.82 Mobile Safari/537.36 (compatible; Googlebot/2.1; +http://www.google.com/bot.html)"
192.178.4.167 - - [14/Sep/2026:10:21:51 +0200] "GET /wp-content/themes/sentinel/responsive.css?ver=7.1 HTTP/1.1" 200 1839 "https://www.cvevolpi.it/?v=911024195705" "Mozilla/5.0 (Linux; Android 6.0.1; Nexus 5X Build/MMB29P) AppleWebKit/537.36 (KHTML, like Gecko) Chrome/152.0.7977.82 Mobile Safari/537.36 (compatible; Googlebot/2.1; +http://www.google.com/bot.html)"
192.178.4.166 - - [14/Sep/2026:10:24:35 +0200] "GET /?v=0622787502400 HTTP/1.1" 200 19823 "-" "Mozilla/5.0 (Linux; Android 6.0.1; Nexus 5X Build/MMB29P) AppleWebKit/537.36 (KHTML, like Gecko) Chrome/152.0.7977.82 Mobile Safari/537.36 (compatible; Googlebot/2.1; +http://www.google.com/bot.html)"
192.178.4.167 - - [14/Sep/2026:10:24:37 +0200] "GET /?v=9319448103105 HTTP/1.1" 200 19823 "-" "Mozilla/5.0 (Linux; Android 6.0.1; Nexus 5X Build/MMB29P) AppleWebKit/537.36 (KHTML, like Gecko) Chrome/152.0.7977.82 Mobile Safari/537.36 (compatible; Googlebot/2.1; +http://www.google.com/bot.html)"
192.178.4.166 - - [14/Sep/2026:10:24:39 +0200] "GET /?v=0113844674800 HTTP/1.1" 200 19839 "-" "Mozilla/5.0 (Linux; Android 6.0.1; Nexus 5X Build/MMB29P) AppleWebKit/537.36 (KHTML, like Gecko) Chrome/152.0.7977.82 Mobile Safari/537.36 (compatible; Googlebot/2.1; +http://www.google.com/bot.html)"
192.178.4.166 - - [14/Sep/2026:10:24:42 +0200] "GET /wp-content/themes/sentinel/responsive.css?ver=7.1 HTTP/1.1" 200 5471 "https://www.cvevolpi.it/?v=0622787502400" "Mozilla/5.0 (Linux; Android 6.0.1; Nexus 5X Build/MMB29P) AppleWebKit/537.36 (KHTML, like Gecko) Chrome/152.0.7977.82 Mobile Safari/537.36 (compatible; Googlebot/2.1; +http://www.google.com/bot.html)"
192.178.4.166 - - [14/Sep/2026:10:24:42 +0200] "GET /wp-content/themes/sentinel/responsive.css?ver=7.1 HTTP/1.1" 200 1839 "https://www.cvevolpi.it/?v=0622787502400" "Mozilla/5.0 (Linux; Android 6.0.1; Nexus 5X Build/MMB29P) AppleWebKit/537.36 (KHTML, like Gecko) Chrome/152.0.7977.82 Mobile Safari/537.36 (compatible; Googlebot/2.1; +http://www.google.com/bot.html)"
192.178.4.166 - - [14/Sep/2026:10:24:43 +0200] "HEAD /wp-content/uploads/freshizer/444129b607c13d5b4bdf4a0d6542b7f7_IMG_6108-374-246-c@2x.jpg HTTP/1.1" 200 5497 "https://www.cvevolpi.it/?v=0622787502400" "Mozilla/5.0 (Linux; Android 6.0.1; Nexus 5X Build/MMB29P) AppleWebKit/537.36 (KHTML, like Gecko) Chrome/152.0.7977.82 Mobile Safari/537.36 (compatible; Googlebot/2.1; +http://www.google.com/bot.html)"
192.178.4.166 - - [14/Sep/2026:10:27:44 +0200] "GET /?v=0920960783200 HTTP/1.1" 200 19807 "-" "Mozilla/5.0 (Linux; Android 6.0.1; Nexus 5X Build/MMB29P) AppleWebKit/537.36 (KHTML, like Gecko) Chrome/152.0.7977.82 Mobile Safari/537.36 (compatible; Googlebot/2.1; +http://www.google.com/bot.html)"
212.183.175.188 - - [14/Sep/2026:10:29:01 +0200] "POST /wp-cron.php?doing_wp_cron=1789374541.6830070018768310546875 HTTP/1.1" 200 11 "-" "WordPress/7.1; https://www.cvevolpi.it"
185.194.178.12 - - [14/Sep/2026:10:29:01 +0200] "POST /wp-login.php HTTP/1.1" 503 18974 "-" "Mozilla/5.0 (Windows NT 10.0; Win64; rv:143.0) Gecko/20100101 Firefox/143.0"
212.183.175.188 - - [14/Sep/2026:10:29:02 +0200] "POST /wp-admin/admin-ajax.php?action=wordfence_testAjax HTTP/1.1" 200 27 "-" "WordPress/7.1; https://www.cvevolpi.it"
212.183.175.188 - - [14/Sep/2026:10:29:03 +0200] "GET /wp-admin/admin-ajax.php?action=wordfence_doScan&isFork=0&scanMode=standard&cronKey=2298520bdfce0e63710a17aed31725e9&signature=c8ad83e312009a64a93836bb3274320c3837409f6a1355084bcbde74275697cc HTTP/1.1" 499 0 "-" "WordPress/7.1; https://www.cvevolpi.it"
54.71.203.174 - - [14/Sep/2026:10:29:11 +0200] "POST /?_wfsf=detectProxy HTTP/1.1" 200 5516 "-" "Wordfence API/1.0 (+https://www.wordfence.com/help/api-callbacks/)"
212.183.175.188 - - [14/Sep/2026:10:29:21 +0200] "GET /wp-admin/admin-ajax.php?action=wordfence_doScan&isFork=1&scanMode=standard&cronKey=61ed2a8104298131b7552b69f9201597&signature=c08e8e16da633545395b3c9e817f1237d2cc3c5ee10e32ffe67137d0ab81be0d HTTP/1.1" 499 0 "-" "WordPress/7.1; https://www.cvevolpi.it"
212.183.175.188 - - [14/Sep/2026:10:29:37 +0200] "GET /wp-admin/admin-ajax.php?action=wordfence_doScan&isFork=1&scanMode=standard&cronKey=9246fe26064d7558542d47fa8a621ceb&signature=9445b93fb58051a435c94bef59ed838a3fb3e8643236c280c6ca88dc26548d01 HTTP/1.1" 499 0 "-" "WordPress/7.1; https://www.cvevolpi.it"
212.183.175.188 - - [14/Sep/2026:10:29:37 +0200] "POST /wp-cron.php?doing_wp_cron=1789374577.1674540042877197265625 HTTP/1.1" 200 11 "-" "WordPress/7.1; https://www.cvevolpi.it"
192.178.4.167 - - [14/Sep/2026:10:29:45 +0200] "GET /?v=05762205223002 HTTP/1.1" 200 19823 "-" "Mozilla/5.0 (Linux; Android 6.0.1; Nexus 5X Build/MMB29P) AppleWebKit/537.36 (KHTML, like Gecko) Chrome/152.0.7977.82 Mobile Safari/537.36 (compatible; Googlebot/2.1; +http://www.google.com/bot.html)"
212.183.175.188 - - [14/Sep/2026:10:29:53 +0200] "GET /wp-admin/admin-ajax.php?action=wordfence_doScan&isFork=1&scanMode=standard&cronKey=1a506206baab9f8854cdd220c664ff05&signature=47d9dfe56a1cdf5b9510edb26daedf87d1d0653aefd741400650932cd80d35ae HTTP/1.1" 499 0 "-" "WordPress/7.1; https://www.cvevolpi.it"
212.183.175.188 - - [14/Sep/2026:10:29:53 +0200] "POST /wp-cron.php?doing_wp_cron=1789374593.1531600952148437500000 HTTP/1.1" 200 11 "-" "WordPress/7.1; https://www.cvevolpi.it"
40.77.167.68 - - [14/Sep/2026:10:30:07 +0200] "GET /?v=1594344150803 HTTP/1.1" 200 19839 "-" "Mozilla/5.0 AppleWebKit/537.36 (KHTML, like Gecko; compatible; bingbot/2.0; +http://www.bing.com/bingbot.htm) Chrome/116.0.1938.76 Safari/537.36"
212.183.175.188 - - [14/Sep/2026:10:30:09 +0200] "GET /wp-admin/admin-ajax.php?action=wordfence_doScan&isFork=1&scanMode=standard&cronKey=5f21c889a8d23cf21d0c4fcb2237ba95&signature=c396471444e4ddb100a036e2878c2f8c3d1124c9c3d6475db73f2ea16246ff59 HTTP/1.1" 499 0 "-" "WordPress/7.1; https://www.cvevolpi.it"
212.183.175.188 - - [14/Sep/2026:10:30:25 +0200] "GET /wp-admin/admin-ajax.php?action=wordfence_doScan&isFork=1&scanMode=standard&cronKey=036c5ce93929ff2887aff86ebcc8acf8&signature=35a0927961bbaf379c49a951e8a76a2eb19b5dbbf2bfce295fafed34d2f6e30b HTTP/1.1" 499 0 "-" "WordPress/7.1; https://www.cvevolpi.it"
212.183.175.188 - - [14/Sep/2026:10:30:41 +0200] "GET /wp-admin/admin-ajax.php?action=wordfence_doScan&isFork=1&scanMode=standard&cronKey=88e126addd81b5df8eb89721f9e3a865&signature=ab70fc40452e01fcdc930273f892a3c253aa81719c375962e509006d9de234e2 HTTP/1.1" 499 0 "-" "WordPress/7.1; https://www.cvevolpi.it"
212.183.175.188 - - [14/Sep/2026:10:30:57 +0200] "GET /wp-admin/admin-ajax.php?action=wordfence_doScan&isFork=1&scanMode=standard&cronKey=63fd92ff2b83bb45713e0936a1909e39&signature=f9837ae092d58ff4ad9fa931578f3896c8f45c8fc18e0b360062198c67aef716 HTTP/1.1" 499 0 "-" "WordPress/7.1; https://www.cvevolpi.it"
212.183.175.188 - - [14/Sep/2026:10:30:57 +0200] "POST /wp-cron.php?doing_wp_cron=1789374657.1630089282989501953125 HTTP/1.1" 200 11 "-" "WordPress/7.1; https://www.cvevolpi.it"
212.183.175.188 - - [14/Sep/2026:10:31:13 +0200] "GET /wp-admin/admin-ajax.php?action=wordfence_doScan&isFork=1&scanMode=standard&cronKey=fdad819bff8a7c83053eb4cb43883f9b&signature=9a531aaa8bd0b2c0f88b972484c7eaaee468f56e305e78987e7ad024de6ca985 HTTP/1.1" 499 0 "-" "WordPress/7.1; https://www.cvevolpi.it"
212.183.175.188 - - [14/Sep/2026:10:31:13 +0200] "POST /wp-cron.php?doing_wp_cron=1789374673.1590778827667236328125 HTTP/1.1" 200 11 "-" "WordPress/7.1; https://www.cvevolpi.it"
212.183.175.188 - - [14/Sep/2026:10:31:29 +0200] "GET /wp-admin/admin-ajax.php?action=wordfence_doScan&isFork=1&scanMode=standard&cronKey=57bc4609164fbfacd3ac43afabe55d73&signature=f25fea93d90b8b0816c0ef1a61cbe008fe48cc93573c1bcc7e90cde06d3e53e2 HTTP/1.1" 499 0 "-" "WordPress/7.1; https://www.cvevolpi.it"
212.183.175.188 - - [14/Sep/2026:10:31:29 +0200] "POST /wp-cron.php?doing_wp_cron=1789374689.1629219055175781250000 HTTP/1.1" 200 11 "-" "WordPress/7.1; https://www.cvevolpi.it"
212.183.175.188 - - [14/Sep/2026:10:31:45 +0200] "GET /wp-admin/admin-ajax.php?action=wordfence_doScan&isFork=1&scanMode=standard&cronKey=d597fa6e7945ebede623056f291125f6&signature=81876501e223129f0bb7063963d2eaf3cd94259dd684bc99c2aa701db10aab02 HTTP/1.1" 499 0 "-" "WordPress/7.1; https://www.cvevolpi.it"
212.183.175.188 - - [14/Sep/2026:10:31:45 +0200] "POST /wp-cron.php?doing_wp_cron=1789374705.1552441120147705078125 HTTP/1.1" 200 11 "-" "WordPress/7.1; https://www.cvevolpi.it"
192.178.4.167 - - [14/Sep/2026:10:31:46 +0200] "GET /?v=1871796146806 HTTP/1.1" 200 19807 "-" "Mozilla/5.0 (Linux; Android 6.0.1; Nexus 5X Build/MMB29P) AppleWebKit/537.36 (KHTML, like Gecko) Chrome/152.0.7977.82 Mobile Safari/537.36 (compatible; Googlebot/2.1; +http://www.google.com/bot.html)"
192.178.4.166 - - [14/Sep/2026:10:31:48 +0200] "GET /?v=797293035601 HTTP/1.1" 200 19839 "-" "Mozilla/5.0 (Linux; Android 6.0.1; Nexus 5X Build/MMB29P) AppleWebKit/537.36 (KHTML, like Gecko) Chrome/152.0.7977.82 Mobile Safari/537.36 (compatible; Googlebot/2.1; +http://www.google.com/bot.html)"
212.183.175.188 - - [14/Sep/2026:10:32:01 +0200] "GET /wp-admin/admin-ajax.php?action=wordfence_doScan&isFork=1&scanMode=standard&cronKey=9702d06a09be8a272beaeb000d00d1ab&signature=ecc08f50bff25187d37e94376d97842c88189fd264b551eca27407f82facc1a8 HTTP/1.1" 499 0 "-" "WordPress/7.1; https://www.cvevolpi.it"
212.183.175.188 - - [14/Sep/2026:10:32:17 +0200] "GET /wp-admin/admin-ajax.php?action=wordfence_doScan&isFork=1&scanMode=standard&cronKey=32f8f0cf0b259b28de0807f868b4625e&signature=9b2689d444b902057a0554c6a035009d5ea990fd892e7bf48f14957100f3ab18 HTTP/1.1" 499 0 "-" "WordPress/7.1; https://www.cvevolpi.it"
212.183.175.188 - - [14/Sep/2026:10:32:33 +0200] "GET /wp-admin/admin-ajax.php?action=wordfence_doScan&isFork=1&scanMode=standard&cronKey=c24ce904c9947297e3bd6aa84a9c0bed&signature=e2762f1818870121f8761021b93150269f032f79c73861a08e5f7d670de3e221 HTTP/1.1" 499 0 "-" "WordPress/7.1; https://www.cvevolpi.it"
212.183.175.188 - - [14/Sep/2026:10:32:49 +0200] "GET /wp-admin/admin-ajax.php?action=wordfence_doScan&isFork=1&scanMode=standard&cronKey=8b9259dae2ca7fe072da810d4ef1f510&signature=798e24809752a95c97c689b1292ded81e9b4b89de072a4f9a0dc37b443c8f0af HTTP/1.1" 499 0 "-" "WordPress/7.1; https://www.cvevolpi.it"
212.183.175.188 - - [14/Sep/2026:10:32:49 +0200] "POST /wp-cron.php?doing_wp_cron=1789374769.5060338973999023437500 HTTP/1.1" 200 11 "-" "WordPress/7.1; https://www.cvevolpi.it"
212.183.175.188 - - [14/Sep/2026:10:33:05 +0200] "GET /wp-admin/admin-ajax.php?action=wordfence_doScan&isFork=1&scanMode=standard&cronKey=4eb5f3fd5f108aa63e3af8c94f6a77c2&signature=0661ac95caba9a20480271e0e69bc1f89aa0cad446179b47b0a6eab427f4d727 HTTP/1.1" 499 0 "-" "WordPress/7.1; https://www.cvevolpi.it"
212.183.175.188 - - [14/Sep/2026:10:33:05 +0200] "POST /wp-cron.php?doing_wp_cron=1789374785.7338418960571289062500 HTTP/1.1" 200 11 "-" "WordPress/7.1; https://www.cvevolpi.it"
192.178.4.166 - - [14/Sep/2026:10:33:50 +0200] "GET /?v=7084187193700 HTTP/1.1" 200 19823 "-" "Mozilla/5.0 (Linux; Android 6.0.1; Nexus 5X Build/MMB29P) AppleWebKit/537.36 (KHTML, like Gecko) Chrome/152.0.7977.82 Mobile Safari/537.36 (compatible; Googlebot/2.1; +http://www.google.com/bot.html)"
192.178.4.168 - - [14/Sep/2026:10:33:52 +0200] "GET /?v=27092117927500 HTTP/1.1" 200 19823 "-" "Mozilla/5.0 (Linux; Android 6.0.1; Nexus 5X Build/MMB29P) AppleWebKit/537.36 (KHTML, like Gecko) Chrome/152.0.7977.82 Mobile Safari/537.36 (compatible; Googlebot/2.1; +http://www.google.com/bot.html)"
192.178.4.166 - - [14/Sep/2026:10:35:57 +0200] "GET /?v=26586156837200 HTTP/1.1" 200 19807 "-" "Mozilla/5.0 (Linux; Android 6.0.1; Nexus 5X Build/MMB29P) AppleWebKit/537.36 (KHTML, like Gecko) Chrome/152.0.7977.82 Mobile Safari/537.36 (compatible; Googlebot/2.1; +http://www.google.com/bot.html)"
192.178.4.168 - - [14/Sep/2026:10:35:59 +0200] "GET /?v=71971196265503 HTTP/1.1" 200 19807 "-" "Mozilla/5.0 (Linux; Android 6.0.1; Nexus 5X Build/MMB29P) AppleWebKit/537.36 (KHTML, like Gecko) Chrome/152.0.7977.82 Mobile Safari/537.36 (compatible; Googlebot/2.1; +http://www.google.com/bot.html)"
192.178.4.168 - - [14/Sep/2026:10:38:03 +0200] "GET /?v=7019184045407 HTTP/1.1" 200 19839 "-" "Mozilla/5.0 (Linux; Android 6.0.1; Nexus 5X Build/MMB29P) AppleWebKit/537.36 (KHTML, like Gecko) Chrome/152.0.7977.82 Mobile Safari/537.36 (compatible; Googlebot/2.1; +http://www.google.com/bot.html)"
192.178.4.167 - - [14/Sep/2026:10:38:05 +0200] "GET /?v=46727109838500 HTTP/1.1" 200 19839 "-" "Mozilla/5.0 (Linux; Android 6.0.1; Nexus 5X Build/MMB29P) AppleWebKit/537.36 (KHTML, like Gecko) Chrome/152.0.7977.82 Mobile Safari/537.36 (compatible; Googlebot/2.1; +http://www.google.com/bot.html)"
192.178.4.166 - - [14/Sep/2026:10:38:28 +0200] "GET /wp-content/plugins/contact-form-7/includes/js/index.js?ver=6.1.7 HTTP/1.1" 200 5482 "https://www.cvevolpi.it/?v=7019184045407" "Mozilla/5.0 (Linux; Android 6.0.1; Nexus 5X Build/MMB29P) AppleWebKit/537.36 (KHTML, like Gecko) Chrome/152.0.7977.82 Mobile Safari/537.36 (compatible; Googlebot/2.1; +http://www.google.com/bot.html)"
192.178.4.166 - - [14/Sep/2026:10:38:28 +0200] "GET /wp-content/plugins/contact-form-7/includes/js/index.js?ver=6.1.7 HTTP/1.1" 200 4013 "https://www.cvevolpi.it/?v=7019184045407" "Mozilla/5.0 (Linux; Android 6.0.1; Nexus 5X Build/MMB29P) AppleWebKit/537.36 (KHTML, like Gecko) Chrome/152.0.7977.82 Mobile Safari/537.36 (compatible; Googlebot/2.1; +http://www.google.com/bot.html)"
185.194.178.35 - - [14/Sep/2026:10:38:57 +0200] "POST /wp-login.php HTTP/1.1" 503 18974 "-" "Mozilla/5.0 (Windows NT 10.0; Win64; rv:143.0) Gecko/20100101 Firefox/143.0"
192.178.4.167 - - [14/Sep/2026:10:39:06 +0200] "GET /?v=71170200660706 HTTP/1.1" 200 19823 "-" "Mozilla/5.0 (Linux; Android 6.0.1; Nexus 5X Build/MMB29P) AppleWebKit/537.36 (KHTML, like Gecko) Chrome/152.0.7977.82 Mobile Safari/537.36 (compatible; Googlebot/2.1; +http://www.google.com/bot.html)"
192.178.4.168 - - [14/Sep/2026:10:39:08 +0200] "GET /?v=5551966150602 HTTP/1.1" 200 19823 "-" "Mozilla/5.0 (Linux; Android 6.0.1; Nexus 5X Build/MMB29P) AppleWebKit/537.36 (KHTML, like Gecko) Chrome/152.0.7977.82 Mobile Safari/537.36 (compatible; Googlebot/2.1; +http://www.google.com/bot.html)"
192.178.4.166 - - [14/Sep/2026:10:40:09 +0200] "GET /?v=0179030542300 HTTP/1.1" 200 19823 "-" "Mozilla/5.0 (Linux; Android 6.0.1; Nexus 5X Build/MMB29P) AppleWebKit/537.36 (KHTML, like Gecko) Chrome/152.0.7977.82 Mobile Safari/537.36 (compatible; Googlebot/2.1; +http://www.google.com/bot.html)"
212.183.175.188 - - [14/Sep/2026:10:40:09 +0200] "POST /wp-cron.php?doing_wp_cron=1789375209.9060668945312500000000 HTTP/1.1" 200 11 "-" "WordPress/7.1; https://www.cvevolpi.it"
192.178.4.166 - - [14/Sep/2026:10:40:16 +0200] "GET /wp-content/themes/sentinel/responsive.css?ver=7.1 HTTP/1.1" 200 1839 "https://www.cvevolpi.it/?v=0179030542300" "Mozilla/5.0 (Linux; Android 6.0.1; Nexus 5X Build/MMB29P) AppleWebKit/537.36 (KHTML, like Gecko) Chrome/152.0.7977.82 Mobile Safari/537.36 (compatible; Googlebot/2.1; +http://www.google.com/bot.html)"
192.178.4.166 - - [14/Sep/2026:10:40:16 +0200] "GET /wp-content/themes/sentinel/responsive.css?ver=7.1 HTTP/1.1" 200 5455 "https://www.cvevolpi.it/?v=0179030542300" "Mozilla/5.0 (Linux; Android 6.0.1; Nexus 5X Build/MMB29P) AppleWebKit/537.36 (KHTML, like Gecko) Chrome/152.0.7977.82 Mobile Safari/537.36 (compatible; Googlebot/2.1; +http://www.google.com/bot.html)"
192.178.4.166 - - [14/Sep/2026:10:42:10 +0200] "GET /?v=5433017253802 HTTP/1.1" 200 19839 "-" "Mozilla/5.0 (Linux; Android 6.0.1; Nexus 5X Build/MMB29P) AppleWebKit/537.36 (KHTML, like Gecko) Chrome/152.0.7977.82 Mobile Safari/537.36 (compatible; Googlebot/2.1; +http://www.google.com/bot.html)"
192.178.4.168 - - [14/Sep/2026:10:42:12 +0200] "GET /?v=7156145907100 HTTP/1.1" 200 19839 "-" "Mozilla/5.0 (Linux; Android 6.0.1; Nexus 5X Build/MMB29P) AppleWebKit/537.36 (KHTML, like Gecko) Chrome/152.0.7977.82 Mobile Safari/537.36 (compatible; Googlebot/2.1; +http://www.google.com/bot.html)"
192.178.4.166 - - [14/Sep/2026:10:42:17 +0200] "GET /wp-content/themes/sentinel/scripts/gmaps/jquery.gmaps.js?ver=7.1 HTTP/1.1" 200 5516 "https://www.cvevolpi.it/?v=5433017253802" "Mozilla/5.0 (Linux; Android 6.0.1; Nexus 5X Build/MMB29P) AppleWebKit/537.36 (KHTML, like Gecko) Chrome/152.0.7977.82 Mobile Safari/537.36 (compatible; Googlebot/2.1; +http://www.google.com/bot.html)"
192.178.4.166 - - [14/Sep/2026:10:42:17 +0200] "GET /wp-content/themes/sentinel/scripts/gmaps/jquery.gmaps.js?ver=7.1 HTTP/1.1" 200 1011 "https://www.cvevolpi.it/?v=5433017253802" "Mozilla/5.0 (Linux; Android 6.0.1; Nexus 5X Build/MMB29P) AppleWebKit/537.36 (KHTML, like Gecko) Chrome/152.0.7977.82 Mobile Safari/537.36 (compatible; Googlebot/2.1; +http://www.google.com/bot.html)"
192.178.4.168 - - [14/Sep/2026:10:44:13 +0200] "GET /?v=44213141501200 HTTP/1.1" 200 19823 "-" "Mozilla/5.0 (Linux; Android 6.0.1; Nexus 5X Build/MMB29P) AppleWebKit/537.36 (KHTML, like Gecko) Chrome/152.0.7977.82 Mobile Safari/537.36 (compatible; Googlebot/2.1; +http://www.google.com/bot.html)"
192.178.4.166 - - [14/Sep/2026:10:44:15 +0200] "GET /?v=9489852735401 HTTP/1.1" 200 19807 "-" "Mozilla/5.0 (Linux; Android 6.0.1; Nexus 5X Build/MMB29P) AppleWebKit/537.36 (KHTML, like Gecko) Chrome/152.0.7977.82 Mobile Safari/537.36 (compatible; Googlebot/2.1; +http://www.google.com/bot.html)"
192.178.4.166 - - [14/Sep/2026:10:45:17 +0200] "GET /?v=16884198080700 HTTP/1.1" 200 19807 "-" "Mozilla/5.0 (Linux; Android 6.0.1; Nexus 5X Build/MMB29P) AppleWebKit/537.36 (KHTML, like Gecko) Chrome/152.0.7977.82 Mobile Safari/537.36 (compatible; Googlebot/2.1; +http://www.google.com/bot.html)"
192.178.4.166 - - [14/Sep/2026:10:45:19 +0200] "GET /?v=9735248328200 HTTP/1.1" 200 19807 "-" "Mozilla/5.0 (Linux; Android 6.0.1; Nexus 5X Build/MMB29P) AppleWebKit/537.36 (KHTML, like Gecko) Chrome/152.0.7977.82 Mobile Safari/537.36 (compatible; Googlebot/2.1; +http://www.google.com/bot.html)"
192.178.4.167 - - [14/Sep/2026:10:45:21 +0200] "GET /?v=6109315640603 HTTP/1.1" 200 19839 "-" "Mozilla/5.0 (Linux; Android 6.0.1; Nexus 5X Build/MMB29P) AppleWebKit/537.36 (KHTML, like Gecko) Chrome/152.0.7977.82 Mobile Safari/537.36 (compatible; Googlebot/2.1; +http://www.google.com/bot.html)"
192.178.4.167 - - [14/Sep/2026:10:45:22 +0200] "GET /?v=82882165670804 HTTP/1.1" 200 19807 "-" "Mozilla/5.0 (Linux; Android 6.0.1; Nexus 5X Build/MMB29P) AppleWebKit/537.36 (KHTML, like Gecko) Chrome/152.0.7977.82 Mobile Safari/537.36 (compatible; Googlebot/2.1; +http://www.google.com/bot.html)"
192.178.4.166 - - [14/Sep/2026:10:46:06 +0200] "GET /?v=68984146314800 HTTP/1.1" 200 19807 "-" "Mozilla/5.0 (Linux; Android 6.0.1; Nexus 5X Build/MMB29P) AppleWebKit/537.36 (KHTML, like Gecko) Chrome/152.0.7977.82 Mobile Safari/537.36 (compatible; Googlebot/2.1; +http://www.google.com/bot.html)"
192.178.4.168 - - [14/Sep/2026:10:46:08 +0200] "GET /?v=29302144281900 HTTP/1.1" 200 19823 "-" "Mozilla/5.0 (Linux; Android 6.0.1; Nexus 5X Build/MMB29P) AppleWebKit/537.36 (KHTML, like Gecko) Chrome/152.0.7977.82 Mobile Safari/537.36 (compatible; Googlebot/2.1; +http://www.google.com/bot.html)"
192.178.4.168 - - [14/Sep/2026:10:46:10 +0200] "GET /?v=7332853283000 HTTP/1.1" 200 19823 "-" "Mozilla/5.0 (Linux; Android 6.0.1; Nexus 5X Build/MMB29P) AppleWebKit/537.36 (KHTML, like Gecko) Chrome/152.0.7977.82 Mobile Safari/537.36 (compatible; Googlebot/2.1; +http://www.google.com/bot.html)"
192.178.4.166 - - [14/Sep/2026:10:46:11 +0200] "GET /?v=4771235509602 HTTP/1.1" 200 19823 "-" "Mozilla/5.0 (Linux; Android 6.0.1; Nexus 5X Build/MMB29P) AppleWebKit/537.36 (KHTML, like Gecko) Chrome/152.0.7977.82 Mobile Safari/537.36 (compatible; Googlebot/2.1; +http://www.google.com/bot.html)"
192.178.4.168 - - [14/Sep/2026:10:47:09 +0200] "GET /wp-content/plugins/revslider/public/assets/css/rs6.css?ver=6.6.20 HTTP/1.1" 200 5468 "https://www.cvevolpi.it/?v=29302144281900" "Mozilla/5.0 (Linux; Android 6.0.1; Nexus 5X Build/MMB29P) AppleWebKit/537.36 (KHTML, like Gecko) Chrome/152.0.7977.82 Mobile Safari/537.36 (compatible; Googlebot/2.1; +http://www.google.com/bot.html)"
192.178.4.168 - - [14/Sep/2026:10:47:09 +0200] "GET /wp-content/plugins/revslider/public/assets/css/rs6.css?ver=6.6.20 HTTP/1.1" 200 11896 "https://www.cvevolpi.it/?v=29302144281900" "Mozilla/5.0 (Linux; Android 6.0.1; Nexus 5X Build/MMB29P) AppleWebKit/537.36 (KHTML, like Gecko) Chrome/152.0.7977.82 Mobile Safari/537.36 (compatible; Googlebot/2.1; +http://www.google.com/bot.html)"
192.178.4.167 - - [14/Sep/2026:10:47:38 +0200] "GET /?v=11007207125903 HTTP/1.1" 200 19807 "-" "Mozilla/5.0 (Linux; Android 6.0.1; Nexus 5X Build/MMB29P) AppleWebKit/537.36 (KHTML, like Gecko) Chrome/152.0.7977.82 Mobile Safari/537.36 (compatible; Googlebot/2.1; +http://www.google.com/bot.html)"
192.178.4.167 - - [14/Sep/2026:10:47:39 +0200] "GET /?v=4107667745700 HTTP/1.1" 200 19807 "-" "Mozilla/5.0 (Linux; Android 6.0.1; Nexus 5X Build/MMB29P) AppleWebKit/537.36 (KHTML, like Gecko) Chrome/152.0.7977.82 Mobile Safari/537.36 (compatible; Googlebot/2.1; +http://www.google.com/bot.html)"
192.178.4.166 - - [14/Sep/2026:10:47:57 +0200] "HEAD /wp-content/uploads/freshizer/c72aa2e42be299d484160e459a27fd12_DSC02197-374-246-c@2x.jpg HTTP/1.1" 200 5496 "https://www.cvevolpi.it/?v=16884198080700" "Mozilla/5.0 (Linux; Android 6.0.1; Nexus 5X Build/MMB29P) AppleWebKit/537.36 (KHTML, like Gecko) Chrome/152.0.7977.82 Mobile Safari/537.36 (compatible; Googlebot/2.1; +http://www.google.com/bot.html)"
192.178.4.167 - - [14/Sep/2026:10:48:23 +0200] "GET /?v=96854127354602 HTTP/1.1" 200 19823 "-" "Mozilla/5.0 (Linux; Android 6.0.1; Nexus 5X Build/MMB29P) AppleWebKit/537.36 (KHTML, like Gecko) Chrome/152.0.7977.82 Mobile Safari/537.36 (compatible; Googlebot/2.1; +http://www.google.com/bot.html)"
185.194.178.2 - - [14/Sep/2026:10:48:47 +0200] "POST /wp-login.php HTTP/1.1" 503 18974 "-" "Mozilla/5.0 (Windows NT 10.0; Win64; x64) AppleWebKit/537.36 Chrome/129.0.0.0 Safari/537.36"
192.178.4.166 - - [14/Sep/2026:10:49:28 +0200] "GET /?v=52930127384302 HTTP/1.1" 200 19839 "-" "Mozilla/5.0 (Linux; Android 6.0.1; Nexus 5X Build/MMB29P) AppleWebKit/537.36 (KHTML, like Gecko) Chrome/152.0.7977.82 Mobile Safari/537.36 (compatible; Googlebot/2.1; +http://www.google.com/bot.html)"
212.183.175.188 - - [14/Sep/2026:10:49:29 +0200] "POST /wp-cron.php?doing_wp_cron=1789375769.3152880668640136718750 HTTP/1.1" 200 11 "-" "WordPress/7.1; https://www.cvevolpi.it"
192.178.4.167 - - [14/Sep/2026:10:50:12 +0200] "GET /?v=176179320700 HTTP/1.1" 200 19823 "-" "Mozilla/5.0 (Linux; Android 6.0.1; Nexus 5X Build/MMB29P) AppleWebKit/537.36 (KHTML, like Gecko) Chrome/152.0.7977.82 Mobile Safari/537.36 (compatible; Googlebot/2.1; +http://www.google.com/bot.html)"
192.178.4.168 - - [14/Sep/2026:10:50:14 +0200] "GET /?v=0258479349900 HTTP/1.1" 200 19823 "-" "Mozilla/5.0 (Linux; Android 6.0.1; Nexus 5X Build/MMB29P) AppleWebKit/537.36 (KHTML, like Gecko) Chrome/152.0.7977.82 Mobile Safari/537.36 (compatible; Googlebot/2.1; +http://www.google.com/bot.html)"
185.191.171.6 - - [14/Sep/2026:10:50:20 +0200] "GET /robots.txt HTTP/1.1" 200 5642 "-" "Mozilla/5.0 (compatible; SemrushBot/7~bl; +http://www.semrush.com/bot.html)"
185.191.171.10 - - [14/Sep/2026:10:50:21 +0200] "GET /fabbro/ HTTP/1.1" 200 19369 "-" "Mozilla/5.0 (compatible; SemrushBot/7~bl; +http://www.semrush.com/bot.html)"
192.178.4.167 - - [14/Sep/2026:10:51:21 +0200] "GET /?v=7398534300100 HTTP/1.1" 200 19823 "-" "Mozilla/5.0 (Linux; Android 6.0.1; Nexus 5X Build/MMB29P) AppleWebKit/537.36 (KHTML, like Gecko) Chrome/152.0.7977.82 Mobile Safari/537.36 (compatible; Googlebot/2.1; +http://www.google.com/bot.html)"
192.178.4.168 - - [14/Sep/2026:10:52:27 +0200] "GET /?v=4502241586200 HTTP/1.1" 200 19823 "-" "Mozilla/5.0 (Linux; Android 6.0.1; Nexus 5X Build/MMB29P) AppleWebKit/537.36 (KHTML, like Gecko) Chrome/152.0.7977.82 Mobile Safari/537.36 (compatible; Googlebot/2.1; +http://www.google.com/bot.html)"
192.178.4.168 - - [14/Sep/2026:10:54:39 +0200] "GET /?v=4553130812500 HTTP/1.1" 200 19839 "-" "Mozilla/5.0 (Linux; Android 6.0.1; Nexus 5X Build/MMB29P) AppleWebKit/537.36 (KHTML, like Gecko) Chrome/152.0.7977.82 Mobile Safari/537.36 (compatible; Googlebot/2.1; +http://www.google.com/bot.html)"
192.178.4.166 - - [14/Sep/2026:10:54:50 +0200] "HEAD /wp-content/uploads/freshizer/346bcc457c8aad58d6099614c593f245_DSC00130-374-246-c@2x.jpg HTTP/1.1" 200 5464 "https://www.cvevolpi.it/?v=4553130812500" "Mozilla/5.0 (Linux; Android 6.0.1; Nexus 5X Build/MMB29P) AppleWebKit/537.36 (KHTML, like Gecko) Chrome/152.0.7977.82 Mobile Safari/537.36 (compatible; Googlebot/2.1; +http://www.google.com/bot.html)"
192.178.4.168 - - [14/Sep/2026:10:55:47 +0200] "GET /?v=0422018627401 HTTP/1.1" 200 19839 "-" "Mozilla/5.0 (Linux; Android 6.0.1; Nexus 5X Build/MMB29P) AppleWebKit/537.36 (KHTML, like Gecko) Chrome/152.0.7977.82 Mobile Safari/537.36 (compatible; Googlebot/2.1; +http://www.google.com/bot.html)"
192.178.4.168 - - [14/Sep/2026:10:57:18 +0200] "GET /?v=35532185411800 HTTP/1.1" 200 19823 "-" "Mozilla/5.0 (Linux; Android 6.0.1; Nexus 5X Build/MMB29P) AppleWebKit/537.36 (KHTML, like Gecko) Chrome/152.0.7977.82 Mobile Safari/537.36 (compatible; Googlebot/2.1; +http://www.google.com/bot.html)"
192.178.4.167 - - [14/Sep/2026:10:57:24 +0200] "GET /wp-content/themes/sentinel/scripts/isotope/jquery.isotope.min.js?ver=7.1 HTTP/1.1" 200 5492 "https://www.cvevolpi.it/?v=35532185411800" "Mozilla/5.0 (Linux; Android 6.0.1; Nexus 5X Build/MMB29P) AppleWebKit/537.36 (KHTML, like Gecko) Chrome/152.0.7977.82 Mobile Safari/537.36 (compatible; Googlebot/2.1; +http://www.google.com/bot.html)"
192.178.4.167 - - [14/Sep/2026:10:57:24 +0200] "GET /wp-content/themes/sentinel/scripts/isotope/jquery.isotope.min.js?ver=7.1 HTTP/1.1" 200 4853 "https://www.cvevolpi.it/?v=35532185411800" "Mozilla/5.0 (Linux; Android 6.0.1; Nexus 5X Build/MMB29P) AppleWebKit/537.36 (KHTML, like Gecko) Chrome/152.0.7977.82 Mobile Safari/537.36 (compatible; Googlebot/2.1; +http://www.google.com/bot.html)"
192.178.4.168 - - [14/Sep/2026:10:58:01 +0200] "GET /?v=51514196246400 HTTP/1.1" 200 19823 "-" "Mozilla/5.0 (Linux; Android 6.0.1; Nexus 5X Build/MMB29P) AppleWebKit/537.36 (KHTML, like Gecko) Chrome/152.0.7977.82 Mobile Safari/537.36 (compatible; Googlebot/2.1; +http://www.google.com/bot.html)"
185.194.178.199 - - [14/Sep/2026:10:58:38 +0200] "POST /wp-login.php HTTP/1.1" 503 18974 "-" "Mozilla/5.0 (Windows NT 10.0; Win64; rv:143.0) Gecko/20100101 Firefox/143.0"
212.183.175.188 - - [14/Sep/2026:10:59:28 +0200] "POST /wp-cron.php?doing_wp_cron=1789376368.7114510536193847656250 HTTP/1.1" 200 11 "-" "WordPress/7.1; https://www.cvevolpi.it"
192.178.4.167 - - [14/Sep/2026:10:59:28 +0200] "GET /?v=4632328539606 HTTP/1.1" 200 19807 "-" "Mozilla/5.0 (Linux; Android 6.0.1; Nexus 5X Build/MMB29P) AppleWebKit/537.36 (KHTML, like Gecko) Chrome/152.0.7977.82 Mobile Safari/537.36 (compatible; Googlebot/2.1; +http://www.google.com/bot.html)"
192.178.4.168 - - [14/Sep/2026:11:00:13 +0200] "GET /?v=079216184001 HTTP/1.1" 200 19839 "-" "Mozilla/5.0 (Linux; Android 6.0.1; Nexus 5X Build/MMB29P) AppleWebKit/537.36 (KHTML, like Gecko) Chrome/152.0.7977.82 Mobile Safari/537.36 (compatible; Googlebot/2.1; +http://www.google.com/bot.html)"
192.178.4.168 - - [14/Sep/2026:11:00:15 +0200] "GET /?v=2116125279703 HTTP/1.1" 200 19823 "-" "Mozilla/5.0 (Linux; Android 6.0.1; Nexus 5X Build/MMB29P) AppleWebKit/537.36 (KHTML, like Gecko) Chrome/152.0.7977.82 Mobile Safari/537.36 (compatible; Googlebot/2.1; +http://www.google.com/bot.html)"
52.167.144.160 - - [14/Sep/2026:11:01:36 +0200] "GET /wp-sitemap-posts-page-1.xml HTTP/1.1" 200 5833 "-" "Mozilla/5.0 AppleWebKit/537.36 (KHTML, like Gecko; compatible; bingbot/2.0; +http://www.bing.com/bingbot.htm) Chrome/116.0.1938.76 Safari/537.36"
192.178.4.166 - - [14/Sep/2026:11:01:42 +0200] "GET /?v=37367166117300 HTTP/1.1" 200 19823 "-" "Mozilla/5.0 (Linux; Android 6.0.1; Nexus 5X Build/MMB29P) AppleWebKit/537.36 (KHTML, like Gecko) Chrome/152.0.7977.82 Mobile Safari/537.36 (compatible; Googlebot/2.1; +http://www.google.com/bot.html)"
34.172.189.138 - - [14/Sep/2026:11:02:15 +0200] "GET /allestimenti-speciali HTTP/1.1" 301 5528 "-" "Mozilla/5.0 AppleWebKit/537.36 (KHTML, like Gecko; compatible; Reflectionbot/1.0; +https://reflection.ai/bot) Chrome/151.0.0.0 Safari/537.36"
34.172.189.138 - - [14/Sep/2026:11:02:16 +0200] "GET /allestimenti-speciali/ HTTP/1.1" 200 19020 "-" "Mozilla/5.0 AppleWebKit/537.36 (KHTML, like Gecko; compatible; Reflectionbot/1.0; +https://reflection.ai/bot) Chrome/151.0.0.0 Safari/537.36"
192.178.4.167 - - [14/Sep/2026:11:02:26 +0200] "GET /?v=4969038972302 HTTP/1.1" 200 19823 "-" "Mozilla/5.0 (Linux; Android 6.0.1; Nexus 5X Build/MMB29P) AppleWebKit/537.36 (KHTML, like Gecko) Chrome/152.0.7977.82 Mobile Safari/537.36 (compatible; Googlebot/2.1; +http://www.google.com/bot.html)"
192.178.4.166 - - [14/Sep/2026:11:03:12 +0200] "GET /?v=8652686429206 HTTP/1.1" 200 19807 "-" "Mozilla/5.0 (Linux; Android 6.0.1; Nexus 5X Build/MMB29P) AppleWebKit/537.36 (KHTML, like Gecko) Chrome/152.0.7977.82 Mobile Safari/537.36 (compatible; Googlebot/2.1; +http://www.google.com/bot.html)"
192.178.4.167 - - [14/Sep/2026:11:03:56 +0200] "GET /?v=1873395023400 HTTP/1.1" 200 19823 "-" "Mozilla/5.0 (Linux; Android 6.0.1; Nexus 5X Build/MMB29P) AppleWebKit/537.36 (KHTML, like Gecko) Chrome/152.0.7977.82 Mobile Safari/537.36 (compatible; Googlebot/2.1; +http://www.google.com/bot.html)"
192.178.4.167 - - [14/Sep/2026:11:04:40 +0200] "GET /?v=7319972029500 HTTP/1.1" 200 19839 "-" "Mozilla/5.0 (Linux; Android 6.0.1; Nexus 5X Build/MMB29P) AppleWebKit/537.36 (KHTML, like Gecko) Chrome/152.0.7977.82 Mobile Safari/537.36 (compatible; Googlebot/2.1; +http://www.google.com/bot.html)"
192.178.4.166 - - [14/Sep/2026:11:06:07 +0200] "GET /?v=9798057802201 HTTP/1.1" 200 19823 "-" "Mozilla/5.0 (Linux; Android 6.0.1; Nexus 5X Build/MMB29P) AppleWebKit/537.36 (KHTML, like Gecko) Chrome/152.0.7977.82 Mobile Safari/537.36 (compatible; Googlebot/2.1; +http://www.google.com/bot.html)"
192.178.4.167 - - [14/Sep/2026:11:06:51 +0200] "GET /?v=088044904104 HTTP/1.1" 200 19823 "-" "Mozilla/5.0 (Linux; Android 6.0.1; Nexus 5X Build/MMB29P) AppleWebKit/537.36 (KHTML, like Gecko) Chrome/152.0.7977.82 Mobile Safari/537.36 (compatible; Googlebot/2.1; +http://www.google.com/bot.html)"
192.178.4.166 - - [14/Sep/2026:11:06:52 +0200] "GET /?v=906172266700 HTTP/1.1" 200 19807 "-" "Mozilla/5.0 (Linux; Android 6.0.1; Nexus 5X Build/MMB29P) AppleWebKit/537.36 (KHTML, like Gecko) Chrome/152.0.7977.82 Mobile Safari/537.36 (compatible; Googlebot/2.1; +http://www.google.com/bot.html)"
192.178.4.167 - - [14/Sep/2026:11:06:54 +0200] "GET /?v=13027112127802 HTTP/1.1" 200 19839 "-" "Mozilla/5.0 (Linux; Android 6.0.1; Nexus 5X Build/MMB29P) AppleWebKit/537.36 (KHTML, like Gecko) Chrome/152.0.7977.82 Mobile Safari/537.36 (compatible; Googlebot/2.1; +http://www.google.com/bot.html)"
192.178.4.167 - - [14/Sep/2026:11:06:56 +0200] "GET /?v=0197093081606 HTTP/1.1" 200 19823 "-" "Mozilla/5.0 (Linux; Android 6.0.1; Nexus 5X Build/MMB29P) AppleWebKit/537.36 (KHTML, like Gecko) Chrome/152.0.7977.82 Mobile Safari/537.36 (compatible; Googlebot/2.1; +http://www.google.com/bot.html)"
170.106.160.90 - - [14/Sep/2026:11:07:19 +0200] "GET / HTTP/1.1" 200 19823 "http://www.cvevolpi.it" "Mozilla/5.0 (iPhone; CPU iPhone OS 13_2_3 like Mac OS X) AppleWebKit/605.1.15 (KHTML, like Gecko) Version/13.0.3 Mobile/15E148 Safari/604.1"
192.178.4.166 - - [14/Sep/2026:11:08:23 +0200] "GET /?v=97721183931700 HTTP/1.1" 200 19823 "-" "Mozilla/5.0 (Linux; Android 6.0.1; Nexus 5X Build/MMB29P) AppleWebKit/537.36 (KHTML, like Gecko) Chrome/152.0.7977.82 Mobile Safari/537.36 (compatible; Googlebot/2.1; +http://www.google.com/bot.html)"
212.183.175.188 - - [14/Sep/2026:11:08:24 +0200] "POST /wp-cron.php?doing_wp_cron=1789376904.3211350440979003906250 HTTP/1.1" 200 11 "-" "WordPress/7.1; https://www.cvevolpi.it"
185.194.178.53 - - [14/Sep/2026:11:08:29 +0200] "POST /wp-login.php HTTP/1.1" 503 18974 "-" "Mozilla/5.0 (Windows NT 10.0; Win64; rv:143.0) Gecko/20100101 Firefox/143.0"
212.183.175.188 - - [14/Sep/2026:11:09:08 +0200] "POST /wp-cron.php?doing_wp_cron=1789376948.7049820423126220703125 HTTP/1.1" 200 11 "-" "WordPress/7.1; https://www.cvevolpi.it"
212.183.175.188 - - [14/Sep/2026:11:09:08 +0200] "POST /?wordfence_syncAttackData=1789376948.2485 HTTP/1.1" 200 5402 "-" "WordPress/7.1; https://www.cvevolpi.it"
192.178.4.168 - - [14/Sep/2026:11:09:07 +0200] "GET /?v=0440982003912 HTTP/1.1" 200 19807 "-" "Mozilla/5.0 (Linux; Android 6.0.1; Nexus 5X Build/MMB29P) AppleWebKit/537.36 (KHTML, like Gecko) Chrome/152.0.7977.82 Mobile Safari/537.36 (compatible; Googlebot/2.1; +http://www.google.com/bot.html)"
192.178.4.168 - - [14/Sep/2026:11:09:09 +0200] "GET /?v=98538208658900 HTTP/1.1" 200 19823 "-" "Mozilla/5.0 (Linux; Android 6.0.1; Nexus 5X Build/MMB29P) AppleWebKit/537.36 (KHTML, like Gecko) Chrome/152.0.7977.82 Mobile Safari/537.36 (compatible; Googlebot/2.1; +http://www.google.com/bot.html)"
192.178.4.166 - - [14/Sep/2026:11:09:11 +0200] "GET /?v=9199610493500 HTTP/1.1" 200 19823 "-" "Mozilla/5.0 (Linux; Android 6.0.1; Nexus 5X Build/MMB29P) AppleWebKit/537.36 (KHTML, like Gecko) Chrome/152.0.7977.82 Mobile Safari/537.36 (compatible; Googlebot/2.1; +http://www.google.com/bot.html)"
192.178.4.166 - - [14/Sep/2026:11:10:39 +0200] "GET /?v=5115881107911 HTTP/1.1" 200 19823 "-" "Mozilla/5.0 (Linux; Android 6.0.1; Nexus 5X Build/MMB29P) AppleWebKit/537.36 (KHTML, like Gecko) Chrome/152.0.7977.82 Mobile Safari/537.36 (compatible; Googlebot/2.1; +http://www.google.com/bot.html)"
192.178.4.167 - - [14/Sep/2026:11:10:41 +0200] "GET /?v=349836499304 HTTP/1.1" 200 19839 "-" "Mozilla/5.0 (Linux; Android 6.0.1; Nexus 5X Build/MMB29P) AppleWebKit/537.36 (KHTML, like Gecko) Chrome/152.0.7977.82 Mobile Safari/537.36 (compatible; Googlebot/2.1; +http://www.google.com/bot.html)"
192.178.4.167 - - [14/Sep/2026:11:10:43 +0200] "GET /?v=6215772277902 HTTP/1.1" 200 19823 "-" "Mozilla/5.0 (Linux; Android 6.0.1; Nexus 5X Build/MMB29P) AppleWebKit/537.36 (KHTML, like Gecko) Chrome/152.0.7977.82 Mobile Safari/537.36 (compatible; Googlebot/2.1; +http://www.google.com/bot.html)"
192.178.4.166 - - [14/Sep/2026:11:11:28 +0200] "GET /?v=96204153139800 HTTP/1.1" 200 19839 "-" "Mozilla/5.0 (Linux; Android 6.0.1; Nexus 5X Build/MMB29P) AppleWebKit/537.36 (KHTML, like Gecko) Chrome/152.0.7977.82 Mobile Safari/537.36 (compatible; Googlebot/2.1; +http://www.google.com/bot.html)"
192.178.4.167 - - [14/Sep/2026:11:11:36 +0200] "GET /wp-content/plugins/contact-form-7/includes/swv/js/index.js?ver=6.1.7 HTTP/1.1" 200 5502 "https://www.cvevolpi.it/?v=96204153139800" "Mozilla/5.0 (Linux; Android 6.0.1; Nexus 5X Build/MMB29P) AppleWebKit/537.36 (KHTML, like Gecko) Chrome/152.0.7977.82 Mobile Safari/537.36 (compatible; Googlebot/2.1; +http://www.google.com/bot.html)"
192.178.4.167 - - [14/Sep/2026:11:11:36 +0200] "GET /wp-content/plugins/contact-form-7/includes/swv/js/index.js?ver=6.1.7 HTTP/1.1" 200 3374 "https://www.cvevolpi.it/?v=96204153139800" "Mozilla/5.0 (Linux; Android 6.0.1; Nexus 5X Build/MMB29P) AppleWebKit/537.36 (KHTML, like Gecko) Chrome/152.0.7977.82 Mobile Safari/537.36 (compatible; Googlebot/2.1; +http://www.google.com/bot.html)"
192.178.4.167 - - [14/Sep/2026:11:11:37 +0200] "GET /wp-content/themes/sentinel/scripts/isotope/jquery.isotope.min.js?ver=7.1 HTTP/1.1" 200 4853 "https://www.cvevolpi.it/?v=96204153139800" "Mozilla/5.0 (Linux; Android 6.0.1; Nexus 5X Build/MMB29P) AppleWebKit/537.36 (KHTML, like Gecko) Chrome/152.0.7977.82 Mobile Safari/537.36 (compatible; Googlebot/2.1; +http://www.google.com/bot.html)"
192.178.4.167 - - [14/Sep/2026:11:11:37 +0200] "GET /wp-content/themes/sentinel/scripts/isotope/jquery.isotope.min.js?ver=7.1 HTTP/1.1" 200 5508 "https://www.cvevolpi.it/?v=96204153139800" "Mozilla/5.0 (Linux; Android 6.0.1; Nexus 5X Build/MMB29P) AppleWebKit/537.36 (KHTML, like Gecko) Chrome/152.0.7977.82 Mobile Safari/537.36 (compatible; Googlebot/2.1; +http://www.google.com/bot.html)"
192.178.4.166 - - [14/Sep/2026:11:11:49 +0200] "GET /wp-content/themes/sentinel/scripts/isotope/jquery.isotope.min.js?ver=7.1 HTTP/1.1" 200 5492 "https://www.cvevolpi.it/?v=6215772277902" "Mozilla/5.0 (Linux; Android 6.0.1; Nexus 5X Build/MMB29P) AppleWebKit/537.36 (KHTML, like Gecko) Chrome/152.0.7977.82 Mobile Safari/537.36 (compatible; Googlebot/2.1; +http://www.google.com/bot.html)"
192.178.4.166 - - [14/Sep/2026:11:11:49 +0200] "GET /wp-content/themes/sentinel/scripts/isotope/jquery.isotope.min.js?ver=7.1 HTTP/1.1" 200 4853 "https://www.cvevolpi.it/?v=6215772277902" "Mozilla/5.0 (Linux; Android 6.0.1; Nexus 5X Build/MMB29P) AppleWebKit/537.36 (KHTML, like Gecko) Chrome/152.0.7977.82 Mobile Safari/537.36 (compatible; Googlebot/2.1; +http://www.google.com/bot.html)"
192.178.4.168 - - [14/Sep/2026:11:12:54 +0200] "GET /?v=31557110204200 HTTP/1.1" 200 19823 "-" "Mozilla/5.0 (Linux; Android 6.0.1; Nexus 5X Build/MMB29P) AppleWebKit/537.36 (KHTML, like Gecko) Chrome/152.0.7977.82 Mobile Safari/537.36 (compatible; Googlebot/2.1; +http://www.google.com/bot.html)"
192.178.4.167 - - [14/Sep/2026:11:13:39 +0200] "GET /?v=26279134975800 HTTP/1.1" 200 19839 "-" "Mozilla/5.0 (Linux; Android 6.0.1; Nexus 5X Build/MMB29P) AppleWebKit/537.36 (KHTML, like Gecko) Chrome/152.0.7977.82 Mobile Safari/537.36 (compatible; Googlebot/2.1; +http://www.google.com/bot.html)"
192.178.4.166 - - [14/Sep/2026:11:13:40 +0200] "GET /?v=0945777879900 HTTP/1.1" 200 19823 "-" "Mozilla/5.0 (Linux; Android 6.0.1; Nexus 5X Build/MMB29P) AppleWebKit/537.36 (KHTML, like Gecko) Chrome/152.0.7977.82 Mobile Safari/537.36 (compatible; Googlebot/2.1; +http://www.google.com/bot.html)"
192.178.4.168 - - [14/Sep/2026:11:13:52 +0200] "GET /wp-content/themes/sentinel-child/style.css?ver=7.1 HTTP/1.1" 200 5734 "https://www.cvevolpi.it/?v=0945777879900" "Mozilla/5.0 (Linux; Android 6.0.1; Nexus 5X Build/MMB29P) AppleWebKit/537.36 (KHTML, like Gecko) Chrome/152.0.7977.82 Mobile Safari/537.36 (compatible; Googlebot/2.1; +http://www.google.com/bot.html)"
192.178.4.167 - - [14/Sep/2026:11:13:56 +0200] "HEAD /wp-content/plugins/revslider/public/assets/assets/dummy@2x.png HTTP/1.1" 404 5549 "https://www.cvevolpi.it/?v=0945777879900" "Mozilla/5.0 (Linux; Android 6.0.1; Nexus 5X Build/MMB29P) AppleWebKit/537.36 (KHTML, like Gecko) Chrome/152.0.7977.82 Mobile Safari/537.36 (compatible; Googlebot/2.1; +http://www.google.com/bot.html)"
192.178.4.167 - - [14/Sep/2026:11:13:58 +0200] "HEAD /wp-content/plugins/revslider/public/assets/assets/dummy@2x.png HTTP/1.1" 404 5565 "https://www.cvevolpi.it/?v=0945777879900" "Mozilla/5.0 (Linux; Android 6.0.1; Nexus 5X Build/MMB29P) AppleWebKit/537.36 (KHTML, like Gecko) Chrome/152.0.7977.82 Mobile Safari/537.36 (compatible; Googlebot/2.1; +http://www.google.com/bot.html)"
192.178.4.167 - - [14/Sep/2026:11:13:59 +0200] "HEAD /wp-content/plugins/revslider/public/assets/assets/dummy@2x.png HTTP/1.1" 404 5565 "https://www.cvevolpi.it/?v=0945777879900" "Mozilla/5.0 (Linux; Android 6.0.1; Nexus 5X Build/MMB29P) AppleWebKit/537.36 (KHTML, like Gecko) Chrome/152.0.7977.82 Mobile Safari/537.36 (compatible; Googlebot/2.1; +http://www.google.com/bot.html)"
192.178.4.166 - - [14/Sep/2026:11:14:01 +0200] "HEAD /wp-content/plugins/revslider/public/assets/assets/dummy@2x.png HTTP/1.1" 404 5581 "https://www.cvevolpi.it/?v=0945777879900" "Mozilla/5.0 (Linux; Android 6.0.1; Nexus 5X Build/MMB29P) AppleWebKit/537.36 (KHTML, like Gecko) Chrome/152.0.7977.82 Mobile Safari/537.36 (compatible; Googlebot/2.1; +http://www.google.com/bot.html)"
192.178.4.166 - - [14/Sep/2026:11:14:03 +0200] "HEAD /wp-content/plugins/revslider/public/assets/assets/dummy@2x.png HTTP/1.1" 404 5581 "https://www.cvevolpi.it/?v=0945777879900" "Mozilla/5.0 (Linux; Android 6.0.1; Nexus 5X Build/MMB29P) AppleWebKit/537.36 (KHTML, like Gecko) Chrome/152.0.7977.82 Mobile Safari/537.36 (compatible; Googlebot/2.1; +http://www.google.com/bot.html)"
192.178.4.166 - - [14/Sep/2026:11:14:05 +0200] "GET /wp-content/themes/sentinel/scripts/zocial/zocial.css?ver=7.1 HTTP/1.1" 200 5482 "https://www.cvevolpi.it/?v=31557110204200" "Mozilla/5.0 (Linux; Android 6.0.1; Nexus 5X Build/MMB29P) AppleWebKit/537.36 (KHTML, like Gecko) Chrome/152.0.7977.82 Mobile Safari/537.36 (compatible; Googlebot/2.1; +http://www.google.com/bot.html)"
192.178.4.166 - - [14/Sep/2026:11:14:05 +0200] "GET /wp-content/themes/sentinel/scripts/zocial/zocial.css?ver=7.1 HTTP/1.1" 200 1700 "https://www.cvevolpi.it/?v=31557110204200" "Mozilla/5.0 (Linux; Android 6.0.1; Nexus 5X Build/MMB29P) AppleWebKit/537.36 (KHTML, like Gecko) Chrome/152.0.7977.82 Mobile Safari/537.36 (compatible; Googlebot/2.1; +http://www.google.com/bot.html)"
192.178.4.166 - - [14/Sep/2026:11:14:07 +0200] "GET /wp-content/themes/sentinel/style.css HTTP/1.1" 200 24015 "https://www.cvevolpi.it/wp-content/themes/sentinel-child/style.css?ver=7.1" "Mozilla/5.0 (Linux; Android 6.0.1; Nexus 5X Build/MMB29P) AppleWebKit/537.36 (KHTML, like Gecko) Chrome/152.0.7977.82 Mobile Safari/537.36 (compatible; Googlebot/2.1; +http://www.google.com/bot.html)"
192.178.4.166 - - [14/Sep/2026:11:14:07 +0200] "GET /wp-content/themes/sentinel/style.css HTTP/1.1" 200 5466 "https://www.cvevolpi.it/wp-content/themes/sentinel-child/style.css?ver=7.1" "Mozilla/5.0 (Linux; Android 6.0.1; Nexus 5X Build/MMB29P) AppleWebKit/537.36 (KHTML, like Gecko) Chrome/152.0.7977.82 Mobile Safari/537.36 (compatible; Googlebot/2.1; +http://www.google.com/bot.html)"
192.178.4.166 - - [14/Sep/2026:11:14:09 +0200] "GET /wp-content/themes/sentinel/scripts/isotope/jquery.isotope.min.js?ver=7.1 HTTP/1.1" 200 5508 "https://www.cvevolpi.it/?v=31557110204200" "Mozilla/5.0 (Linux; Android 6.0.1; Nexus 5X Build/MMB29P) AppleWebKit/537.36 (KHTML, like Gecko) Chrome/152.0.7977.82 Mobile Safari/537.36 (compatible; Googlebot/2.1; +http://www.google.com/bot.html)"
192.178.4.166 - - [14/Sep/2026:11:14:09 +0200] "GET /wp-content/themes/sentinel/scripts/isotope/jquery.isotope.min.js?ver=7.1 HTTP/1.1" 200 4853 "https://www.cvevolpi.it/?v=31557110204200" "Mozilla/5.0 (Linux; Android 6.0.1; Nexus 5X Build/MMB29P) AppleWebKit/537.36 (KHTML, like Gecko) Chrome/152.0.7977.82 Mobile Safari/537.36 (compatible; Googlebot/2.1; +http://www.google.com/bot.html)"
51.89.59.38 - - [14/Sep/2026:11:14:12 +0200] "GET /wp-sitemap.xml HTTP/1.1" 200 5677 "-" "Mozilla/5.0 (compatible; AhrefsBot/7.0; +http://ahrefs.com/robot/)"
212.183.175.188 - - [14/Sep/2026:11:14:13 +0200] "POST /wp-cron.php?doing_wp_cron=1789377253.3875949382781982421875 HTTP/1.1" 200 11 "-" "WordPress/7.1; https://www.cvevolpi.it"
51.89.38.140 - - [14/Sep/2026:11:14:14 +0200] "GET /wp-sitemap-posts-post-1.xml HTTP/1.1" 200 5670 "-" "Mozilla/5.0 (compatible; AhrefsBot/7.0; +http://ahrefs.com/robot/)"
51.89.69.32 - - [14/Sep/2026:11:14:15 +0200] "GET /wp-sitemap-posts-page-1.xml HTTP/1.1" 200 5801 "-" "Mozilla/5.0 (compatible; AhrefsBot/7.0; +http://ahrefs.com/robot/)"
51.89.38.139 - - [14/Sep/2026:11:14:16 +0200] "GET /wp-sitemap-taxonomies-category-1.xml HTTP/1.1" 200 5658 "-" "Mozilla/5.0 (compatible; AhrefsBot/7.0; +http://ahrefs.com/robot/)"
51.89.71.147 - - [14/Sep/2026:11:14:17 +0200] "GET /wp-sitemap-taxonomies-post_tag-1.xml HTTP/1.1" 200 5677 "-" "Mozilla/5.0 (compatible; AhrefsBot/7.0; +http://ahrefs.com/robot/)"
