192.178.4.167 - - [14/Sep/2026:18:22:50 +0200] "GET /?v=0059466392400 HTTP/1.1" 200 20024 "-" "Mozilla/5.0 (Linux; Android 6.0.1; Nexus 5X Build/MMB29P) AppleWebKit/537.36 (KHTML, like Gecko) Chrome/152.0.7977.82 Mobile Safari/537.36 (compatible; Googlebot/2.1; +http://www.google.com/bot.html)"
192.178.4.167 - - [14/Sep/2026:18:24:36 +0200] "GET /?v=9011526155100 HTTP/1.1" 200 20008 "-" "Mozilla/5.0 (Linux; Android 6.0.1; Nexus 5X Build/MMB29P) AppleWebKit/537.36 (KHTML, like Gecko) Chrome/152.0.7977.82 Mobile Safari/537.36 (compatible; Googlebot/2.1; +http://www.google.com/bot.html)"
212.183.175.188 - - [14/Sep/2026:18:24:37 +0200] "POST /wp-cron.php?doing_wp_cron=1789403077.4022290706634521484375 HTTP/1.1" 200 11 "-" "WordPress/7.1; https://www.cvevolpi.it"
192.178.4.166 - - [14/Sep/2026:18:25:52 +0200] "GET /?v=70458121341600 HTTP/1.1" 200 20024 "-" "Mozilla/5.0 (Linux; Android 6.0.1; Nexus 5X Build/MMB29P) AppleWebKit/537.36 (KHTML, like Gecko) Chrome/153.0.8010.36 Mobile Safari/537.36 (compatible; Googlebot/2.1; +http://www.google.com/bot.html)"
192.178.4.166 - - [14/Sep/2026:18:25:54 +0200] "GET /?v=98759213223900 HTTP/1.1" 200 20024 "-" "Mozilla/5.0 (Linux; Android 6.0.1; Nexus 5X Build/MMB29P) AppleWebKit/537.36 (KHTML, like Gecko) Chrome/153.0.8010.36 Mobile Safari/537.36 (compatible; Googlebot/2.1; +http://www.google.com/bot.html)"
192.178.4.167 - - [14/Sep/2026:18:25:56 +0200] "GET /?v=24037178434206 HTTP/1.1" 200 20024 "-" "Mozilla/5.0 (Linux; Android 6.0.1; Nexus 5X Build/MMB29P) AppleWebKit/537.36 (KHTML, like Gecko) Chrome/153.0.8010.36 Mobile Safari/537.36 (compatible; Googlebot/2.1; +http://www.google.com/bot.html)"
192.178.4.167 - - [14/Sep/2026:18:25:58 +0200] "GET /?v=96131153831200 HTTP/1.1" 200 20024 "-" "Mozilla/5.0 (Linux; Android 6.0.1; Nexus 5X Build/MMB29P) AppleWebKit/537.36 (KHTML, like Gecko) Chrome/153.0.8010.36 Mobile Safari/537.36 (compatible; Googlebot/2.1; +http://www.google.com/bot.html)"
192.178.4.167 - - [14/Sep/2026:18:26:00 +0200] "GET /?v=998449512303 HTTP/1.1" 200 20024 "-" "Mozilla/5.0 (Linux; Android 6.0.1; Nexus 5X Build/MMB29P) AppleWebKit/537.36 (KHTML, like Gecko) Chrome/153.0.8010.36 Mobile Safari/537.36 (compatible; Googlebot/2.1; +http://www.google.com/bot.html)"
192.178.4.166 - - [14/Sep/2026:18:26:02 +0200] "GET /?v=98813155022400 HTTP/1.1" 200 20024 "-" "Mozilla/5.0 (Linux; Android 6.0.1; Nexus 5X Build/MMB29P) AppleWebKit/537.36 (KHTML, like Gecko) Chrome/153.0.8010.36 Mobile Safari/537.36 (compatible; Googlebot/2.1; +http://www.google.com/bot.html)"
192.178.4.166 - - [14/Sep/2026:18:26:03 +0200] "GET /?v=01867100705000 HTTP/1.1" 200 20008 "-" "Mozilla/5.0 (Linux; Android 6.0.1; Nexus 5X Build/MMB29P) AppleWebKit/537.36 (KHTML, like Gecko) Chrome/153.0.8010.36 Mobile Safari/537.36 (compatible; Googlebot/2.1; +http://www.google.com/bot.html)"
192.178.4.166 - - [14/Sep/2026:18:26:05 +0200] "GET /?v=98202137040402 HTTP/1.1" 200 20008 "-" "Mozilla/5.0 (Linux; Android 6.0.1; Nexus 5X Build/MMB29P) AppleWebKit/537.36 (KHTML, like Gecko) Chrome/153.0.8010.36 Mobile Safari/537.36 (compatible; Googlebot/2.1; +http://www.google.com/bot.html)"
192.178.4.166 - - [14/Sep/2026:18:26:23 +0200] "GET /?v=28500106015200 HTTP/1.1" 200 20024 "-" "Mozilla/5.0 (Linux; Android 6.0.1; Nexus 5X Build/MMB29P) AppleWebKit/537.36 (KHTML, like Gecko) Chrome/152.0.7977.82 Mobile Safari/537.36 (compatible; Googlebot/2.1; +http://www.google.com/bot.html)"
84.247.146.84 - - [14/Sep/2026:18:27:51 +0200] "POST /?rest_route=/batch/v1 HTTP/1.1" 207 6747 "-" "Mozilla/5.0 (Windows NT 10.0; Win64; x64) AppleWebKit/537.36 (KHTML, like Gecko) Chrome/131.0.0.0 Safari/537.36"
84.247.146.84 - - [14/Sep/2026:18:27:53 +0200] "POST /wp-json/batch/v1 HTTP/1.1" 207 6731 "-" "Mozilla/5.0 (Windows NT 10.0; Win64; x64) AppleWebKit/537.36 (KHTML, like Gecko) Chrome/131.0.0.0 Safari/537.36"
84.247.146.84 - - [14/Sep/2026:18:27:55 +0200] "POST /index.php?rest_route=/batch/v1 HTTP/1.1" 207 1016 "-" "Mozilla/5.0 (Windows NT 10.0; Win64; x64) AppleWebKit/537.36 (KHTML, like Gecko) Chrome/131.0.0.0 Safari/537.36"
192.178.4.166 - - [14/Sep/2026:18:28:11 +0200] "GET /?v=1172937198704 HTTP/1.1" 200 20008 "-" "Mozilla/5.0 (Linux; Android 6.0.1; Nexus 5X Build/MMB29P) AppleWebKit/537.36 (KHTML, like Gecko) Chrome/152.0.7977.82 Mobile Safari/537.36 (compatible; Googlebot/2.1; +http://www.google.com/bot.html)"
192.178.4.168 - - [14/Sep/2026:18:30:25 +0200] "GET /?v=50110159991000 HTTP/1.1" 200 20024 "-" "Mozilla/5.0 (Linux; Android 6.0.1; Nexus 5X Build/MMB29P) AppleWebKit/537.36 (KHTML, like Gecko) Chrome/152.0.7977.82 Mobile Safari/537.36 (compatible; Googlebot/2.1; +http://www.google.com/bot.html)"
192.178.4.168 - - [14/Sep/2026:18:32:26 +0200] "GET /?v=8422454527803 HTTP/1.1" 200 20024 "-" "Mozilla/5.0 (Linux; Android 6.0.1; Nexus 5X Build/MMB29P) AppleWebKit/537.36 (KHTML, like Gecko) Chrome/152.0.7977.82 Mobile Safari/537.36 (compatible; Googlebot/2.1; +http://www.google.com/bot.html)"
216.73.216.82 - - [14/Sep/2026:18:33:03 +0200] "GET /robots.txt HTTP/1.1" 200 5844 "-" "Mozilla/5.0 AppleWebKit/537.36 (KHTML, like Gecko; compatible; ClaudeBot/1.0; +claudebot@anthropic.com)"
216.73.216.82 - - [14/Sep/2026:18:33:04 +0200] "GET /wp-sitemap.xml HTTP/1.1" 200 5880 "-" "Mozilla/5.0 AppleWebKit/537.36 (KHTML, like Gecko; compatible; ClaudeBot/1.0; +claudebot@anthropic.com)"
192.178.4.167 - - [14/Sep/2026:18:34:27 +0200] "GET /?v=1233170330301 HTTP/1.1" 200 20024 "-" "Mozilla/5.0 (Linux; Android 6.0.1; Nexus 5X Build/MMB29P) AppleWebKit/537.36 (KHTML, like Gecko) Chrome/152.0.7977.82 Mobile Safari/537.36 (compatible; Googlebot/2.1; +http://www.google.com/bot.html)"
192.178.4.166 - - [14/Sep/2026:18:34:29 +0200] "GET /?v=88889203960900 HTTP/1.1" 200 20024 "-" "Mozilla/5.0 (Linux; Android 6.0.1; Nexus 5X Build/MMB29P) AppleWebKit/537.36 (KHTML, like Gecko) Chrome/152.0.7977.82 Mobile Safari/537.36 (compatible; Googlebot/2.1; +http://www.google.com/bot.html)"
192.178.4.168 - - [14/Sep/2026:18:34:31 +0200] "GET /?v=4072334167600 HTTP/1.1" 200 20008 "-" "Mozilla/5.0 (Linux; Android 6.0.1; Nexus 5X Build/MMB29P) AppleWebKit/537.36 (KHTML, like Gecko) Chrome/152.0.7977.82 Mobile Safari/537.36 (compatible; Googlebot/2.1; +http://www.google.com/bot.html)"
192.178.4.166 - - [14/Sep/2026:18:35:32 +0200] "GET /?v=33678201660300 HTTP/1.1" 200 20008 "-" "Mozilla/5.0 (Linux; Android 6.0.1; Nexus 5X Build/MMB29P) AppleWebKit/537.36 (KHTML, like Gecko) Chrome/152.0.7977.82 Mobile Safari/537.36 (compatible; Googlebot/2.1; +http://www.google.com/bot.html)"
192.178.4.167 - - [14/Sep/2026:18:37:33 +0200] "GET /?v=82967198053803 HTTP/1.1" 200 20024 "-" "Mozilla/5.0 (Linux; Android 6.0.1; Nexus 5X Build/MMB29P) AppleWebKit/537.36 (KHTML, like Gecko) Chrome/152.0.7977.82 Mobile Safari/537.36 (compatible; Googlebot/2.1; +http://www.google.com/bot.html)"
192.178.4.166 - - [14/Sep/2026:18:39:34 +0200] "GET /?v=6054898486100 HTTP/1.1" 200 20024 "-" "Mozilla/5.0 (Linux; Android 6.0.1; Nexus 5X Build/MMB29P) AppleWebKit/537.36 (KHTML, like Gecko) Chrome/152.0.7977.82 Mobile Safari/537.36 (compatible; Googlebot/2.1; +http://www.google.com/bot.html)"
192.178.4.168 - - [14/Sep/2026:18:39:35 +0200] "GET /?v=1824681527100 HTTP/1.1" 200 20024 "-" "Mozilla/5.0 (Linux; Android 6.0.1; Nexus 5X Build/MMB29P) AppleWebKit/537.36 (KHTML, like Gecko) Chrome/152.0.7977.82 Mobile Safari/537.36 (compatible; Googlebot/2.1; +http://www.google.com/bot.html)"
192.178.4.168 - - [14/Sep/2026:18:39:37 +0200] "GET /?v=6692221541200 HTTP/1.1" 200 20024 "-" "Mozilla/5.0 (Linux; Android 6.0.1; Nexus 5X Build/MMB29P) AppleWebKit/537.36 (KHTML, like Gecko) Chrome/152.0.7977.82 Mobile Safari/537.36 (compatible; Googlebot/2.1; +http://www.google.com/bot.html)"
192.178.4.166 - - [14/Sep/2026:18:41:38 +0200] "GET /?v=0017049728203 HTTP/1.1" 200 20040 "-" "Mozilla/5.0 (Linux; Android 6.0.1; Nexus 5X Build/MMB29P) AppleWebKit/537.36 (KHTML, like Gecko) Chrome/152.0.7977.82 Mobile Safari/537.36 (compatible; Googlebot/2.1; +http://www.google.com/bot.html)"
192.178.4.168 - - [14/Sep/2026:18:41:39 +0200] "GET /?v=99711193737304 HTTP/1.1" 200 20008 "-" "Mozilla/5.0 (Linux; Android 6.0.1; Nexus 5X Build/MMB29P) AppleWebKit/537.36 (KHTML, like Gecko) Chrome/152.0.7977.82 Mobile Safari/537.36 (compatible; Googlebot/2.1; +http://www.google.com/bot.html)"
74.7.227.45 - - [14/Sep/2026:18:42:24 +0200] "GET /wp-sitemap.xml HTTP/1.1" 200 5896 "-" "Mozilla/5.0 AppleWebKit/537.36 (KHTML, like Gecko; compatible; GPTBot/1.4; +https://openai.com/gptbot)"
74.7.175.179 - - [14/Sep/2026:18:42:24 +0200] "GET /robots.txt HTTP/1.1" 200 5860 "-" "Mozilla/5.0 (Macintosh; Intel Mac OS X 10_15_7) AppleWebKit/537.36 (KHTML, like Gecko) Chrome/131.0.0.0 Safari/537.36; compatible; OAI-SearchBot/1.4; robots.txt; +https://openai.com/searchbot"
192.178.4.166 - - [14/Sep/2026:18:42:40 +0200] "GET /?v=0657650118703 HTTP/1.1" 200 20024 "-" "Mozilla/5.0 (Linux; Android 6.0.1; Nexus 5X Build/MMB29P) AppleWebKit/537.36 (KHTML, like Gecko) Chrome/152.0.7977.82 Mobile Safari/537.36 (compatible; Googlebot/2.1; +http://www.google.com/bot.html)"
51.195.215.200 - - [14/Sep/2026:18:44:12 +0200] "GET /robots.txt HTTP/1.1" 200 5844 "-" "Mozilla/5.0 (compatible; AhrefsBot/7.0; +http://ahrefs.com/robot/)"
51.195.183.84 - - [14/Sep/2026:18:44:13 +0200] "GET /wp-sitemap.xml HTTP/1.1" 200 5912 "-" "Mozilla/5.0 (compatible; AhrefsBot/7.0; +http://ahrefs.com/robot/)"
192.178.4.166 - - [14/Sep/2026:18:44:41 +0200] "GET /?v=5943081523100 HTTP/1.1" 200 20024 "-" "Mozilla/5.0 (Linux; Android 6.0.1; Nexus 5X Build/MMB29P) AppleWebKit/537.36 (KHTML, like Gecko) Chrome/152.0.7977.82 Mobile Safari/537.36 (compatible; Googlebot/2.1; +http://www.google.com/bot.html)"
192.178.4.166 - - [14/Sep/2026:18:46:43 +0200] "GET /?v=77857209046902 HTTP/1.1" 200 20008 "-" "Mozilla/5.0 (Linux; Android 6.0.1; Nexus 5X Build/MMB29P) AppleWebKit/537.36 (KHTML, like Gecko) Chrome/152.0.7977.82 Mobile Safari/537.36 (compatible; Googlebot/2.1; +http://www.google.com/bot.html)"
192.178.4.167 - - [14/Sep/2026:18:48:45 +0200] "GET /?v=79639203556200 HTTP/1.1" 200 20040 "-" "Mozilla/5.0 (Linux; Android 6.0.1; Nexus 5X Build/MMB29P) AppleWebKit/537.36 (KHTML, like Gecko) Chrome/152.0.7977.82 Mobile Safari/537.36 (compatible; Googlebot/2.1; +http://www.google.com/bot.html)"
192.178.4.166 - - [14/Sep/2026:18:49:31 +0200] "GET /?v=00863210795800 HTTP/1.1" 200 20024 "-" "Mozilla/5.0 (Linux; Android 6.0.1; Nexus 5X Build/MMB29P) AppleWebKit/537.36 (KHTML, like Gecko) Chrome/152.0.7977.82 Mobile Safari/537.36 (compatible; Googlebot/2.1; +http://www.google.com/bot.html)"
192.178.4.167 - - [14/Sep/2026:18:50:15 +0200] "GET /?v=09145197160303 HTTP/1.1" 200 20024 "-" "Mozilla/5.0 (Linux; Android 6.0.1; Nexus 5X Build/MMB29P) AppleWebKit/537.36 (KHTML, like Gecko) Chrome/152.0.7977.82 Mobile Safari/537.36 (compatible; Googlebot/2.1; +http://www.google.com/bot.html)"
192.178.4.167 - - [14/Sep/2026:18:50:16 +0200] "GET /?v=23803143533203 HTTP/1.1" 200 20008 "-" "Mozilla/5.0 (Linux; Android 6.0.1; Nexus 5X Build/MMB29P) AppleWebKit/537.36 (KHTML, like Gecko) Chrome/152.0.7977.82 Mobile Safari/537.36 (compatible; Googlebot/2.1; +http://www.google.com/bot.html)"
192.178.4.167 - - [14/Sep/2026:18:51:00 +0200] "GET /?v=268707223901 HTTP/1.1" 200 20024 "-" "Mozilla/5.0 (Linux; Android 6.0.1; Nexus 5X Build/MMB29P) AppleWebKit/537.36 (KHTML, like Gecko) Chrome/152.0.7977.82 Mobile Safari/537.36 (compatible; Googlebot/2.1; +http://www.google.com/bot.html)"
192.178.4.167 - - [14/Sep/2026:18:51:04 +0200] "GET /?v=2075773967705 HTTP/1.1" 200 20008 "-" "Mozilla/5.0 (Linux; Android 6.0.1; Nexus 5X Build/MMB29P) AppleWebKit/537.36 (KHTML, like Gecko) Chrome/152.0.7977.82 Mobile Safari/537.36 (compatible; Googlebot/2.1; +http://www.google.com/bot.html)"
192.178.4.167 - - [14/Sep/2026:18:51:06 +0200] "GET /?v=5831941050403 HTTP/1.1" 200 20040 "-" "Mozilla/5.0 (Linux; Android 6.0.1; Nexus 5X Build/MMB29P) AppleWebKit/537.36 (KHTML, like Gecko) Chrome/152.0.7977.82 Mobile Safari/537.36 (compatible; Googlebot/2.1; +http://www.google.com/bot.html)"
192.178.4.168 - - [14/Sep/2026:18:51:50 +0200] "GET /?v=1875781672800 HTTP/1.1" 200 20024 "-" "Mozilla/5.0 (Linux; Android 6.0.1; Nexus 5X Build/MMB29P) AppleWebKit/537.36 (KHTML, like Gecko) Chrome/152.0.7977.82 Mobile Safari/537.36 (compatible; Googlebot/2.1; +http://www.google.com/bot.html)"
192.178.4.167 - - [14/Sep/2026:18:51:51 +0200] "GET /?v=4404640819500 HTTP/1.1" 200 20024 "-" "Mozilla/5.0 (Linux; Android 6.0.1; Nexus 5X Build/MMB29P) AppleWebKit/537.36 (KHTML, like Gecko) Chrome/152.0.7977.82 Mobile Safari/537.36 (compatible; Googlebot/2.1; +http://www.google.com/bot.html)"
192.178.4.166 - - [14/Sep/2026:18:51:53 +0200] "GET /?v=21249166310306 HTTP/1.1" 200 20024 "-" "Mozilla/5.0 (Linux; Android 6.0.1; Nexus 5X Build/MMB29P) AppleWebKit/537.36 (KHTML, like Gecko) Chrome/152.0.7977.82 Mobile Safari/537.36 (compatible; Googlebot/2.1; +http://www.google.com/bot.html)"
192.178.4.166 - - [14/Sep/2026:18:51:55 +0200] "GET /wp-content/themes/sentinel/scripts/isotope/jquery.isotope.min.js?ver=7.1 HTTP/1.1" 200 5508 "https://www.cvevolpi.it/?v=1875781672800" "Mozilla/5.0 (Linux; Android 6.0.1; Nexus 5X Build/MMB29P) AppleWebKit/537.36 (KHTML, like Gecko) Chrome/152.0.7977.82 Mobile Safari/537.36 (compatible; Googlebot/2.1; +http://www.google.com/bot.html)"
192.178.4.166 - - [14/Sep/2026:18:51:55 +0200] "GET /wp-content/themes/sentinel/scripts/isotope/jquery.isotope.min.js?ver=7.1 HTTP/1.1" 200 4853 "https://www.cvevolpi.it/?v=1875781672800" "Mozilla/5.0 (Linux; Android 6.0.1; Nexus 5X Build/MMB29P) AppleWebKit/537.36 (KHTML, like Gecko) Chrome/152.0.7977.82 Mobile Safari/537.36 (compatible; Googlebot/2.1; +http://www.google.com/bot.html)"
192.178.4.166 - - [14/Sep/2026:18:52:37 +0200] "GET /?v=8748787091803 HTTP/1.1" 200 20008 "-" "Mozilla/5.0 (Linux; Android 6.0.1; Nexus 5X Build/MMB29P) AppleWebKit/537.36 (KHTML, like Gecko) Chrome/152.0.7977.82 Mobile Safari/537.36 (compatible; Googlebot/2.1; +http://www.google.com/bot.html)"
192.178.4.166 - - [14/Sep/2026:18:53:20 +0200] "GET /?v=9642776609604 HTTP/1.1" 200 20040 "-" "Mozilla/5.0 (Linux; Android 6.0.1; Nexus 5X Build/MMB29P) AppleWebKit/537.36 (KHTML, like Gecko) Chrome/152.0.7977.82 Mobile Safari/537.36 (compatible; Googlebot/2.1; +http://www.google.com/bot.html)"
192.178.4.167 - - [14/Sep/2026:18:54:47 +0200] "GET /?v=6071749907000 HTTP/1.1" 200 20008 "-" "Mozilla/5.0 (Linux; Android 6.0.1; Nexus 5X Build/MMB29P) AppleWebKit/537.36 (KHTML, like Gecko) Chrome/152.0.7977.82 Mobile Safari/537.36 (compatible; Googlebot/2.1; +http://www.google.com/bot.html)"
192.178.4.166 - - [14/Sep/2026:18:55:31 +0200] "GET /?v=7600652388100 HTTP/1.1" 200 20040 "-" "Mozilla/5.0 (Linux; Android 6.0.1; Nexus 5X Build/MMB29P) AppleWebKit/537.36 (KHTML, like Gecko) Chrome/152.0.7977.82 Mobile Safari/537.36 (compatible; Googlebot/2.1; +http://www.google.com/bot.html)"
51.8.102.40 - - [14/Sep/2026:18:56:06 +0200] "GET /robots.txt HTTP/1.1" 301 5844 "-" "Mozilla/5.0 (Macintosh; Intel Mac OS X 10_15_7) AppleWebKit/537.36 (KHTML, like Gecko) Chrome/131.0.0.0 Safari/537.36; compatible; OAI-SearchBot/1.0; +https://openai.com/searchbot"
51.8.102.111 - - [14/Sep/2026:18:56:07 +0200] "GET /robots.txt HTTP/1.1" 200 5860 "-" "Mozilla/5.0 (Macintosh; Intel Mac OS X 10_15_7) AppleWebKit/537.36 (KHTML, like Gecko) Chrome/131.0.0.0 Safari/537.36; compatible; OAI-SearchBot/1.0; +https://openai.com/searchbot"
192.178.4.166 - - [14/Sep/2026:18:56:15 +0200] "GET /?v=07212116689005 HTTP/1.1" 200 20040 "-" "Mozilla/5.0 (Linux; Android 6.0.1; Nexus 5X Build/MMB29P) AppleWebKit/537.36 (KHTML, like Gecko) Chrome/152.0.7977.82 Mobile Safari/537.36 (compatible; Googlebot/2.1; +http://www.google.com/bot.html)"
192.178.4.166 - - [14/Sep/2026:18:56:16 +0200] "GET /?v=1219079032800 HTTP/1.1" 200 20024 "-" "Mozilla/5.0 (Linux; Android 6.0.1; Nexus 5X Build/MMB29P) AppleWebKit/537.36 (KHTML, like Gecko) Chrome/152.0.7977.82 Mobile Safari/537.36 (compatible; Googlebot/2.1; +http://www.google.com/bot.html)"
192.178.4.167 - - [14/Sep/2026:18:57:00 +0200] "GET /?v=2621214173200 HTTP/1.1" 200 20008 "-" "Mozilla/5.0 (Linux; Android 6.0.1; Nexus 5X Build/MMB29P) AppleWebKit/537.36 (KHTML, like Gecko) Chrome/152.0.7977.82 Mobile Safari/537.36 (compatible; Googlebot/2.1; +http://www.google.com/bot.html)"
192.178.4.167 - - [14/Sep/2026:18:57:11 +0200] "GET /?v=1719536210102 HTTP/1.1" 200 20024 "-" "Mozilla/5.0 (Linux; Android 6.0.1; Nexus 5X Build/MMB29P) AppleWebKit/537.36 (KHTML, like Gecko) Chrome/152.0.7977.82 Mobile Safari/537.36 (compatible; Googlebot/2.1; +http://www.google.com/bot.html)"
212.183.175.188 - - [14/Sep/2026:18:58:12 +0200] "POST /?wordfence_syncAttackData=1789405092.6036 HTTP/1.1" 200 5737 "-" "WordPress/7.1; https://www.cvevolpi.it"
192.178.4.167 - - [14/Sep/2026:18:58:12 +0200] "GET /?v=25589201343102 HTTP/1.1" 200 20024 "-" "Mozilla/5.0 (Linux; Android 6.0.1; Nexus 5X Build/MMB29P) AppleWebKit/537.36 (KHTML, like Gecko) Chrome/152.0.7977.82 Mobile Safari/537.36 (compatible; Googlebot/2.1; +http://www.google.com/bot.html)"
192.178.4.167 - - [14/Sep/2026:18:59:13 +0200] "GET /?v=29739184169601 HTTP/1.1" 200 20008 "-" "Mozilla/5.0 (Linux; Android 6.0.1; Nexus 5X Build/MMB29P) AppleWebKit/537.36 (KHTML, like Gecko) Chrome/152.0.7977.82 Mobile Safari/537.36 (compatible; Googlebot/2.1; +http://www.google.com/bot.html)"
192.178.4.168 - - [14/Sep/2026:19:00:22 +0200] "GET /?v=47905158763102 HTTP/1.1" 200 20024 "-" "Mozilla/5.0 (Linux; Android 6.0.1; Nexus 5X Build/MMB29P) AppleWebKit/537.36 (KHTML, like Gecko) Chrome/152.0.7977.82 Mobile Safari/537.36 (compatible; Googlebot/2.1; +http://www.google.com/bot.html)"
192.178.4.167 - - [14/Sep/2026:19:01:53 +0200] "GET /?v=3248745647300 HTTP/1.1" 200 20008 "-" "Mozilla/5.0 (Linux; Android 6.0.1; Nexus 5X Build/MMB29P) AppleWebKit/537.36 (KHTML, like Gecko) Chrome/152.0.7977.82 Mobile Safari/537.36 (compatible; Googlebot/2.1; +http://www.google.com/bot.html)"
192.178.4.167 - - [14/Sep/2026:19:01:57 +0200] "GET /wp-content/themes/sentinel/responsive.css?ver=7.1 HTTP/1.1" 200 5471 "https://www.cvevolpi.it/?v=3248745647300" "Mozilla/5.0 (Linux; Android 6.0.1; Nexus 5X Build/MMB29P) AppleWebKit/537.36 (KHTML, like Gecko) Chrome/152.0.7977.82 Mobile Safari/537.36 (compatible; Googlebot/2.1; +http://www.google.com/bot.html)"
192.178.4.167 - - [14/Sep/2026:19:01:57 +0200] "GET /wp-content/themes/sentinel/responsive.css?ver=7.1 HTTP/1.1" 200 1839 "https://www.cvevolpi.it/?v=3248745647300" "Mozilla/5.0 (Linux; Android 6.0.1; Nexus 5X Build/MMB29P) AppleWebKit/537.36 (KHTML, like Gecko) Chrome/152.0.7977.82 Mobile Safari/537.36 (compatible; Googlebot/2.1; +http://www.google.com/bot.html)"
192.178.4.166 - - [14/Sep/2026:19:02:37 +0200] "GET /?v=2154815908402 HTTP/1.1" 200 20024 "-" "Mozilla/5.0 (Linux; Android 6.0.1; Nexus 5X Build/MMB29P) AppleWebKit/537.36 (KHTML, like Gecko) Chrome/152.0.7977.82 Mobile Safari/537.36 (compatible; Googlebot/2.1; +http://www.google.com/bot.html)"
192.178.4.167 - - [14/Sep/2026:19:03:23 +0200] "GET /?v=914007034500 HTTP/1.1" 200 20024 "-" "Mozilla/5.0 (Linux; Android 6.0.1; Nexus 5X Build/MMB29P) AppleWebKit/537.36 (KHTML, like Gecko) Chrome/152.0.7977.82 Mobile Safari/537.36 (compatible; Googlebot/2.1; +http://www.google.com/bot.html)"
212.183.175.188 - - [14/Sep/2026:19:03:23 +0200] "POST /wp-cron.php?doing_wp_cron=1789405403.8477659225463867187500 HTTP/1.1" 200 11 "-" "WordPress/7.1; https://www.cvevolpi.it"
192.178.4.168 - - [14/Sep/2026:19:04:52 +0200] "GET /?v=24281101580203 HTTP/1.1" 200 20024 "-" "Mozilla/5.0 (Linux; Android 6.0.1; Nexus 5X Build/MMB29P) AppleWebKit/537.36 (KHTML, like Gecko) Chrome/152.0.7977.82 Mobile Safari/537.36 (compatible; Googlebot/2.1; +http://www.google.com/bot.html)"
192.178.4.166 - - [14/Sep/2026:19:04:55 +0200] "GET /?v=09765190545702 HTTP/1.1" 200 20024 "-" "Mozilla/5.0 (Linux; Android 6.0.1; Nexus 5X Build/MMB29P) AppleWebKit/537.36 (KHTML, like Gecko) Chrome/152.0.7977.82 Mobile Safari/537.36 (compatible; Googlebot/2.1; +http://www.google.com/bot.html)"
192.178.4.166 - - [14/Sep/2026:19:05:02 +0200] "HEAD /wp-content/uploads/freshizer/c72aa2e42be299d484160e459a27fd12_DSC02197-374-246-c@2x.jpg HTTP/1.1" 200 5480 "https://www.cvevolpi.it/?v=24281101580203" "Mozilla/5.0 (Linux; Android 6.0.1; Nexus 5X Build/MMB29P) AppleWebKit/537.36 (KHTML, like Gecko) Chrome/152.0.7977.82 Mobile Safari/537.36 (compatible; Googlebot/2.1; +http://www.google.com/bot.html)"
192.178.4.166 - - [14/Sep/2026:19:05:40 +0200] "GET /?v=6158766914004 HTTP/1.1" 200 20024 "-" "Mozilla/5.0 (Linux; Android 6.0.1; Nexus 5X Build/MMB29P) AppleWebKit/537.36 (KHTML, like Gecko) Chrome/152.0.7977.82 Mobile Safari/537.36 (compatible; Googlebot/2.1; +http://www.google.com/bot.html)"
192.178.4.168 - - [14/Sep/2026:19:06:24 +0200] "GET /?v=54909133910800 HTTP/1.1" 200 20024 "-" "Mozilla/5.0 (Linux; Android 6.0.1; Nexus 5X Build/MMB29P) AppleWebKit/537.36 (KHTML, like Gecko) Chrome/152.0.7977.82 Mobile Safari/537.36 (compatible; Googlebot/2.1; +http://www.google.com/bot.html)"
192.178.4.166 - - [14/Sep/2026:19:07:51 +0200] "GET /?v=2279028027400 HTTP/1.1" 200 20008 "-" "Mozilla/5.0 (Linux; Android 6.0.1; Nexus 5X Build/MMB29P) AppleWebKit/537.36 (KHTML, like Gecko) Chrome/152.0.7977.82 Mobile Safari/537.36 (compatible; Googlebot/2.1; +http://www.google.com/bot.html)"
192.178.4.166 - - [14/Sep/2026:19:08:34 +0200] "GET /?v=13608103177702 HTTP/1.1" 200 20024 "-" "Mozilla/5.0 (Linux; Android 6.0.1; Nexus 5X Build/MMB29P) AppleWebKit/537.36 (KHTML, like Gecko) Chrome/152.0.7977.82 Mobile Safari/537.36 (compatible; Googlebot/2.1; +http://www.google.com/bot.html)"
212.183.175.188 - - [14/Sep/2026:19:08:35 +0200] "POST /wp-cron.php?doing_wp_cron=1789405715.3128459453582763671875 HTTP/1.1" 200 11 "-" "WordPress/7.1; https://www.cvevolpi.it"
192.178.4.166 - - [14/Sep/2026:19:08:36 +0200] "GET /?v=905821290400 HTTP/1.1" 200 20008 "-" "Mozilla/5.0 (Linux; Android 6.0.1; Nexus 5X Build/MMB29P) AppleWebKit/537.36 (KHTML, like Gecko) Chrome/152.0.7977.82 Mobile Safari/537.36 (compatible; Googlebot/2.1; +http://www.google.com/bot.html)"
192.178.4.166 - - [14/Sep/2026:19:09:21 +0200] "GET /?v=04227181023700 HTTP/1.1" 200 20024 "-" "Mozilla/5.0 (Linux; Android 6.0.1; Nexus 5X Build/MMB29P) AppleWebKit/537.36 (KHTML, like Gecko) Chrome/152.0.7977.82 Mobile Safari/537.36 (compatible; Googlebot/2.1; +http://www.google.com/bot.html)"
192.178.4.166 - - [14/Sep/2026:19:10:04 +0200] "GET /?v=78902133654808 HTTP/1.1" 200 20024 "-" "Mozilla/5.0 (Linux; Android 6.0.1; Nexus 5X Build/MMB29P) AppleWebKit/537.36 (KHTML, like Gecko) Chrome/152.0.7977.82 Mobile Safari/537.36 (compatible; Googlebot/2.1; +http://www.google.com/bot.html)"
192.178.4.167 - - [14/Sep/2026:19:10:48 +0200] "GET /?v=3820030761003 HTTP/1.1" 200 20008 "-" "Mozilla/5.0 (Linux; Android 6.0.1; Nexus 5X Build/MMB29P) AppleWebKit/537.36 (KHTML, like Gecko) Chrome/152.0.7977.82 Mobile Safari/537.36 (compatible; Googlebot/2.1; +http://www.google.com/bot.html)"
192.178.4.166 - - [14/Sep/2026:19:11:36 +0200] "GET /?v=4075245888203 HTTP/1.1" 200 20008 "-" "Mozilla/5.0 (Linux; Android 6.0.1; Nexus 5X Build/MMB29P) AppleWebKit/537.36 (KHTML, like Gecko) Chrome/152.0.7977.82 Mobile Safari/537.36 (compatible; Googlebot/2.1; +http://www.google.com/bot.html)"
192.178.4.168 - - [14/Sep/2026:19:11:38 +0200] "GET /?v=24375138912400 HTTP/1.1" 200 20024 "-" "Mozilla/5.0 (Linux; Android 6.0.1; Nexus 5X Build/MMB29P) AppleWebKit/537.36 (KHTML, like Gecko) Chrome/152.0.7977.82 Mobile Safari/537.36 (compatible; Googlebot/2.1; +http://www.google.com/bot.html)"
192.178.4.166 - - [14/Sep/2026:19:14:34 +0200] "GET /?v=39427148774100 HTTP/1.1" 200 20024 "-" "Mozilla/5.0 (Linux; Android 6.0.1; Nexus 5X Build/MMB29P) AppleWebKit/537.36 (KHTML, like Gecko) Chrome/152.0.7977.82 Mobile Safari/537.36 (compatible; Googlebot/2.1; +http://www.google.com/bot.html)"
192.178.4.166 - - [14/Sep/2026:19:16:05 +0200] "GET /?v=8401714009302 HTTP/1.1" 200 20008 "-" "Mozilla/5.0 (Linux; Android 6.0.1; Nexus 5X Build/MMB29P) AppleWebKit/537.36 (KHTML, like Gecko) Chrome/152.0.7977.82 Mobile Safari/537.36 (compatible; Googlebot/2.1; +http://www.google.com/bot.html)"
192.178.4.166 - - [14/Sep/2026:19:16:50 +0200] "GET /?v=9931379551202 HTTP/1.1" 200 20008 "-" "Mozilla/5.0 (Linux; Android 6.0.1; Nexus 5X Build/MMB29P) AppleWebKit/537.36 (KHTML, like Gecko) Chrome/152.0.7977.82 Mobile Safari/537.36 (compatible; Googlebot/2.1; +http://www.google.com/bot.html)"
192.178.4.166 - - [14/Sep/2026:19:17:35 +0200] "GET /?v=95717204961305 HTTP/1.1" 200 20024 "-" "Mozilla/5.0 (Linux; Android 6.0.1; Nexus 5X Build/MMB29P) AppleWebKit/537.36 (KHTML, like Gecko) Chrome/152.0.7977.82 Mobile Safari/537.36 (compatible; Googlebot/2.1; +http://www.google.com/bot.html)"
192.178.4.166 - - [14/Sep/2026:19:17:36 +0200] "GET /?v=91101106147700 HTTP/1.1" 200 20024 "-" "Mozilla/5.0 (Linux; Android 6.0.1; Nexus 5X Build/MMB29P) AppleWebKit/537.36 (KHTML, like Gecko) Chrome/152.0.7977.82 Mobile Safari/537.36 (compatible; Googlebot/2.1; +http://www.google.com/bot.html)"
212.183.175.188 - - [14/Sep/2026:19:17:36 +0200] "POST /wp-cron.php?doing_wp_cron=1789406256.1196460723876953125000 HTTP/1.1" 200 11 "-" "WordPress/7.1; https://www.cvevolpi.it"
192.178.4.166 - - [14/Sep/2026:19:19:04 +0200] "GET /?v=0836820079200 HTTP/1.1" 200 20024 "-" "Mozilla/5.0 (Linux; Android 6.0.1; Nexus 5X Build/MMB29P) AppleWebKit/537.36 (KHTML, like Gecko) Chrome/152.0.7977.82 Mobile Safari/537.36 (compatible; Googlebot/2.1; +http://www.google.com/bot.html)"
17.166.20.250 - - [14/Sep/2026:19:19:41 +0200] "GET /wp-content/uploads/freshizer/d2a08ce6ac57eedd314be78525653df7_HPIM3969-374-246-c.jpg HTTP/1.1" 200 5532 "-" "Mozilla/5.0 (Macintosh; Intel Mac OS X 10_15_7) AppleWebKit/605.1.15 (KHTML, like Gecko) Version/17.4 Safari/605.1.15 (Applebot/0.1; +http://www.apple.com/go/applebot)"
17.166.20.250 - - [14/Sep/2026:19:19:41 +0200] "GET /wp-content/uploads/freshizer/d2a08ce6ac57eedd314be78525653df7_HPIM3969-374-246-c.jpg HTTP/2.0" 200 36167 "-" "Mozilla/5.0 (Macintosh; Intel Mac OS X 10_15_7) AppleWebKit/605.1.15 (KHTML, like Gecko) Version/17.4 Safari/605.1.15 (Applebot/0.1; +http://www.apple.com/go/applebot)"
40.77.167.63 - - [14/Sep/2026:19:20:47 +0200] "GET / HTTP/1.1" 200 20024 "-" "Mozilla/5.0 AppleWebKit/537.36 (KHTML, like Gecko; compatible; bingbot/2.0; +http://www.bing.com/bingbot.htm) Chrome/116.0.1938.76 Safari/537.36"
212.183.175.188 - - [14/Sep/2026:19:20:48 +0200] "POST /wp-cron.php?doing_wp_cron=1789406448.1928849220275878906250 HTTP/1.1" 200 11 "-" "WordPress/7.1; https://www.cvevolpi.it"
192.178.4.168 - - [14/Sep/2026:19:21:50 +0200] "GET /?v=92222151004600 HTTP/1.1" 200 20024 "-" "Mozilla/5.0 (Linux; Android 6.0.1; Nexus 5X Build/MMB29P) AppleWebKit/537.36 (KHTML, like Gecko) Chrome/152.0.7977.82 Mobile Safari/537.36 (compatible; Googlebot/2.1; +http://www.google.com/bot.html)"
192.178.4.168 - - [14/Sep/2026:19:23:01 +0200] "GET /?v=2696877067602 HTTP/1.1" 200 20040 "-" "Mozilla/5.0 (Linux; Android 6.0.1; Nexus 5X Build/MMB29P) AppleWebKit/537.36 (KHTML, like Gecko) Chrome/152.0.7977.82 Mobile Safari/537.36 (compatible; Googlebot/2.1; +http://www.google.com/bot.html)"
192.178.4.168 - - [14/Sep/2026:19:23:44 +0200] "GET /?v=678284099000 HTTP/1.1" 200 20008 "-" "Mozilla/5.0 (Linux; Android 6.0.1; Nexus 5X Build/MMB29P) AppleWebKit/537.36 (KHTML, like Gecko) Chrome/152.0.7977.82 Mobile Safari/537.36 (compatible; Googlebot/2.1; +http://www.google.com/bot.html)"
192.178.4.167 - - [14/Sep/2026:19:23:56 +0200] "GET /wp-content/themes/sentinel/style.css HTTP/1.1" 200 5482 "https://www.cvevolpi.it/wp-content/themes/sentinel-child/style.css?ver=7.1" "Mozilla/5.0 (Linux; Android 6.0.1; Nexus 5X Build/MMB29P) AppleWebKit/537.36 (KHTML, like Gecko) Chrome/152.0.7977.82 Mobile Safari/537.36 (compatible; Googlebot/2.1; +http://www.google.com/bot.html)"
192.178.4.167 - - [14/Sep/2026:19:23:56 +0200] "GET /wp-content/themes/sentinel/style.css HTTP/1.1" 200 24015 "https://www.cvevolpi.it/wp-content/themes/sentinel-child/style.css?ver=7.1" "Mozilla/5.0 (Linux; Android 6.0.1; Nexus 5X Build/MMB29P) AppleWebKit/537.36 (KHTML, like Gecko) Chrome/152.0.7977.82 Mobile Safari/537.36 (compatible; Googlebot/2.1; +http://www.google.com/bot.html)"
192.178.4.167 - - [14/Sep/2026:19:25:11 +0200] "GET /?v=1224321864600 HTTP/1.1" 200 20040 "-" "Mozilla/5.0 (Linux; Android 6.0.1; Nexus 5X Build/MMB29P) AppleWebKit/537.36 (KHTML, like Gecko) Chrome/152.0.7977.82 Mobile Safari/537.36 (compatible; Googlebot/2.1; +http://www.google.com/bot.html)"
192.178.4.166 - - [14/Sep/2026:19:25:12 +0200] "GET /?v=4196951202002 HTTP/1.1" 200 20008 "-" "Mozilla/5.0 (Linux; Android 6.0.1; Nexus 5X Build/MMB29P) AppleWebKit/537.36 (KHTML, like Gecko) Chrome/152.0.7977.82 Mobile Safari/537.36 (compatible; Googlebot/2.1; +http://www.google.com/bot.html)"
192.178.4.167 - - [14/Sep/2026:19:26:16 +0200] "GET /?v=7281519607204 HTTP/1.1" 200 20040 "-" "Mozilla/5.0 (Linux; Android 6.0.1; Nexus 5X Build/MMB29P) AppleWebKit/537.36 (KHTML, like Gecko) Chrome/152.0.7977.82 Mobile Safari/537.36 (compatible; Googlebot/2.1; +http://www.google.com/bot.html)"
192.178.4.167 - - [14/Sep/2026:19:26:20 +0200] "GET /wp-content/themes/sentinel/responsive.css?ver=7.1 HTTP/1.1" 200 5471 "https://www.cvevolpi.it/?v=7281519607204" "Mozilla/5.0 (Linux; Android 6.0.1; Nexus 5X Build/MMB29P) AppleWebKit/537.36 (KHTML, like Gecko) Chrome/152.0.7977.82 Mobile Safari/537.36 (compatible; Googlebot/2.1; +http://www.google.com/bot.html)"
192.178.4.167 - - [14/Sep/2026:19:26:20 +0200] "GET /wp-content/themes/sentinel/responsive.css?ver=7.1 HTTP/1.1" 200 1839 "https://www.cvevolpi.it/?v=7281519607204" "Mozilla/5.0 (Linux; Android 6.0.1; Nexus 5X Build/MMB29P) AppleWebKit/537.36 (KHTML, like Gecko) Chrome/152.0.7977.82 Mobile Safari/537.36 (compatible; Googlebot/2.1; +http://www.google.com/bot.html)"
192.178.4.168 - - [14/Sep/2026:19:26:59 +0200] "GET /?v=07601142485200 HTTP/1.1" 200 20040 "-" "Mozilla/5.0 (Linux; Android 6.0.1; Nexus 5X Build/MMB29P) AppleWebKit/537.36 (KHTML, like Gecko) Chrome/152.0.7977.82 Mobile Safari/537.36 (compatible; Googlebot/2.1; +http://www.google.com/bot.html)"
192.178.4.167 - - [14/Sep/2026:19:27:02 +0200] "GET /wp-content/themes/sentinel/responsive.css?ver=7.1 HTTP/1.1" 200 5471 "https://www.cvevolpi.it/?v=07601142485200" "Mozilla/5.0 (Linux; Android 6.0.1; Nexus 5X Build/MMB29P) AppleWebKit/537.36 (KHTML, like Gecko) Chrome/152.0.7977.82 Mobile Safari/537.36 (compatible; Googlebot/2.1; +http://www.google.com/bot.html)"
192.178.4.167 - - [14/Sep/2026:19:27:02 +0200] "GET /wp-content/themes/sentinel/responsive.css?ver=7.1 HTTP/1.1" 200 1839 "https://www.cvevolpi.it/?v=07601142485200" "Mozilla/5.0 (Linux; Android 6.0.1; Nexus 5X Build/MMB29P) AppleWebKit/537.36 (KHTML, like Gecko) Chrome/152.0.7977.82 Mobile Safari/537.36 (compatible; Googlebot/2.1; +http://www.google.com/bot.html)"
192.178.4.167 - - [14/Sep/2026:19:27:43 +0200] "GET /?v=72860153162403 HTTP/1.1" 200 20040 "-" "Mozilla/5.0 (Linux; Android 6.0.1; Nexus 5X Build/MMB29P) AppleWebKit/537.36 (KHTML, like Gecko) Chrome/152.0.7977.82 Mobile Safari/537.36 (compatible; Googlebot/2.1; +http://www.google.com/bot.html)"
192.178.4.167 - - [14/Sep/2026:19:29:10 +0200] "GET /?v=7532079754000 HTTP/1.1" 200 20024 "-" "Mozilla/5.0 (Linux; Android 6.0.1; Nexus 5X Build/MMB29P) AppleWebKit/537.36 (KHTML, like Gecko) Chrome/152.0.7977.82 Mobile Safari/537.36 (compatible; Googlebot/2.1; +http://www.google.com/bot.html)"
192.178.4.166 - - [14/Sep/2026:19:29:12 +0200] "GET /?v=90897156645502 HTTP/1.1" 200 20040 "-" "Mozilla/5.0 (Linux; Android 6.0.1; Nexus 5X Build/MMB29P) AppleWebKit/537.36 (KHTML, like Gecko) Chrome/152.0.7977.82 Mobile Safari/537.36 (compatible; Googlebot/2.1; +http://www.google.com/bot.html)"
192.178.4.167 - - [14/Sep/2026:19:29:55 +0200] "GET /?v=9691940400604 HTTP/1.1" 200 20024 "-" "Mozilla/5.0 (Linux; Android 6.0.1; Nexus 5X Build/MMB29P) AppleWebKit/537.36 (KHTML, like Gecko) Chrome/152.0.7977.82 Mobile Safari/537.36 (compatible; Googlebot/2.1; +http://www.google.com/bot.html)"
192.178.4.166 - - [14/Sep/2026:19:30:01 +0200] "GET /wp-content/themes/sentinel-child/style.css?ver=7.1 HTTP/1.1" 200 5718 "https://www.cvevolpi.it/?v=9691940400604" "Mozilla/5.0 (Linux; Android 6.0.1; Nexus 5X Build/MMB29P) AppleWebKit/537.36 (KHTML, like Gecko) Chrome/152.0.7977.82 Mobile Safari/537.36 (compatible; Googlebot/2.1; +http://www.google.com/bot.html)"
192.178.4.167 - - [14/Sep/2026:19:30:02 +0200] "GET /wp-content/plugins/contact-form-7/includes/swv/js/index.js?ver=6.1.7 HTTP/1.1" 200 5486 "https://www.cvevolpi.it/?v=9691940400604" "Mozilla/5.0 (Linux; Android 6.0.1; Nexus 5X Build/MMB29P) AppleWebKit/537.36 (KHTML, like Gecko) Chrome/152.0.7977.82 Mobile Safari/537.36 (compatible; Googlebot/2.1; +http://www.google.com/bot.html)"
192.178.4.167 - - [14/Sep/2026:19:30:02 +0200] "GET /wp-content/plugins/contact-form-7/includes/swv/js/index.js?ver=6.1.7 HTTP/1.1" 200 3374 "https://www.cvevolpi.it/?v=9691940400604" "Mozilla/5.0 (Linux; Android 6.0.1; Nexus 5X Build/MMB29P) AppleWebKit/537.36 (KHTML, like Gecko) Chrome/152.0.7977.82 Mobile Safari/537.36 (compatible; Googlebot/2.1; +http://www.google.com/bot.html)"
192.178.4.166 - - [14/Sep/2026:19:30:39 +0200] "GET /?v=6078999259203 HTTP/1.1" 200 20024 "-" "Mozilla/5.0 (Linux; Android 6.0.1; Nexus 5X Build/MMB29P) AppleWebKit/537.36 (KHTML, like Gecko) Chrome/152.0.7977.82 Mobile Safari/537.36 (compatible; Googlebot/2.1; +http://www.google.com/bot.html)"
192.178.4.167 - - [14/Sep/2026:19:32:07 +0200] "GET /?v=7985829481900 HTTP/1.1" 200 20040 "-" "Mozilla/5.0 (Linux; Android 6.0.1; Nexus 5X Build/MMB29P) AppleWebKit/537.36 (KHTML, like Gecko) Chrome/152.0.7977.82 Mobile Safari/537.36 (compatible; Googlebot/2.1; +http://www.google.com/bot.html)"
192.178.4.168 - - [14/Sep/2026:19:32:51 +0200] "GET /?v=3766582253801 HTTP/1.1" 200 20024 "-" "Mozilla/5.0 (Linux; Android 6.0.1; Nexus 5X Build/MMB29P) AppleWebKit/537.36 (KHTML, like Gecko) Chrome/152.0.7977.82 Mobile Safari/537.36 (compatible; Googlebot/2.1; +http://www.google.com/bot.html)"
192.178.4.166 - - [14/Sep/2026:19:34:18 +0200] "GET /?v=88417109249801 HTTP/1.1" 200 20040 "-" "Mozilla/5.0 (Linux; Android 6.0.1; Nexus 5X Build/MMB29P) AppleWebKit/537.36 (KHTML, like Gecko) Chrome/152.0.7977.82 Mobile Safari/537.36 (compatible; Googlebot/2.1; +http://www.google.com/bot.html)"
192.178.4.168 - - [14/Sep/2026:19:34:20 +0200] "GET /?v=89154171907500 HTTP/1.1" 200 20024 "-" "Mozilla/5.0 (Linux; Android 6.0.1; Nexus 5X Build/MMB29P) AppleWebKit/537.36 (KHTML, like Gecko) Chrome/152.0.7977.82 Mobile Safari/537.36 (compatible; Googlebot/2.1; +http://www.google.com/bot.html)"
192.178.4.167 - - [14/Sep/2026:19:35:04 +0200] "GET /?v=3496237613202 HTTP/1.1" 200 20024 "-" "Mozilla/5.0 (Linux; Android 6.0.1; Nexus 5X Build/MMB29P) AppleWebKit/537.36 (KHTML, like Gecko) Chrome/152.0.7977.82 Mobile Safari/537.36 (compatible; Googlebot/2.1; +http://www.google.com/bot.html)"
192.178.4.166 - - [14/Sep/2026:19:35:09 +0200] "GET /wp-content/themes/sentinel/scripts/caroufredsel/jquery.caroufredsel.min.js?ver=7.1 HTTP/1.1" 200 5502 "https://www.cvevolpi.it/?v=3496237613202" "Mozilla/5.0 (Linux; Android 6.0.1; Nexus 5X Build/MMB29P) AppleWebKit/537.36 (KHTML, like Gecko) Chrome/152.0.7977.82 Mobile Safari/537.36 (compatible; Googlebot/2.1; +http://www.google.com/bot.html)"
192.178.4.166 - - [14/Sep/2026:19:35:09 +0200] "GET /wp-content/themes/sentinel/scripts/caroufredsel/jquery.caroufredsel.min.js?ver=7.1 HTTP/1.1" 200 13175 "https://www.cvevolpi.it/?v=3496237613202" "Mozilla/5.0 (Linux; Android 6.0.1; Nexus 5X Build/MMB29P) AppleWebKit/537.36 (KHTML, like Gecko) Chrome/152.0.7977.82 Mobile Safari/537.36 (compatible; Googlebot/2.1; +http://www.google.com/bot.html)"
192.178.4.166 - - [14/Sep/2026:19:35:11 +0200] "GET /wp-content/plugins/contact-form-7/includes/css/styles.css?ver=6.1.7 HTTP/1.1" 200 915 "https://www.cvevolpi.it/?v=3496237613202" "Mozilla/5.0 (Linux; Android 6.0.1; Nexus 5X Build/MMB29P) AppleWebKit/537.36 (KHTML, like Gecko) Chrome/152.0.7977.82 Mobile Safari/537.36 (compatible; Googlebot/2.1; +http://www.google.com/bot.html)"
192.178.4.166 - - [14/Sep/2026:19:35:11 +0200] "GET /wp-content/plugins/contact-form-7/includes/css/styles.css?ver=6.1.7 HTTP/1.1" 200 5503 "https://www.cvevolpi.it/?v=3496237613202" "Mozilla/5.0 (Linux; Android 6.0.1; Nexus 5X Build/MMB29P) AppleWebKit/537.36 (KHTML, like Gecko) Chrome/152.0.7977.82 Mobile Safari/537.36 (compatible; Googlebot/2.1; +http://www.google.com/bot.html)"
192.178.4.167 - - [14/Sep/2026:19:35:12 +0200] "GET /wp-content/themes/sentinel/scripts/isotope/jquery.isotope.min.js?ver=7.1 HTTP/1.1" 200 5508 "https://www.cvevolpi.it/?v=3496237613202" "Mozilla/5.0 (Linux; Android 6.0.1; Nexus 5X Build/MMB29P) AppleWebKit/537.36 (KHTML, like Gecko) Chrome/152.0.7977.82 Mobile Safari/537.36 (compatible; Googlebot/2.1; +http://www.google.com/bot.html)"
192.178.4.167 - - [14/Sep/2026:19:35:12 +0200] "GET /wp-content/themes/sentinel/scripts/isotope/jquery.isotope.min.js?ver=7.1 HTTP/1.1" 200 4853 "https://www.cvevolpi.it/?v=3496237613202" "Mozilla/5.0 (Linux; Android 6.0.1; Nexus 5X Build/MMB29P) AppleWebKit/537.36 (KHTML, like Gecko) Chrome/152.0.7977.82 Mobile Safari/537.36 (compatible; Googlebot/2.1; +http://www.google.com/bot.html)"
192.178.4.167 - - [14/Sep/2026:19:35:48 +0200] "GET /?v=7188141590901 HTTP/1.1" 200 20024 "-" "Mozilla/5.0 (Linux; Android 6.0.1; Nexus 5X Build/MMB29P) AppleWebKit/537.36 (KHTML, like Gecko) Chrome/152.0.7977.82 Mobile Safari/537.36 (compatible; Googlebot/2.1; +http://www.google.com/bot.html)"
47.128.99.44 - - [14/Sep/2026:19:35:55 +0200] "GET / HTTP/1.1" 200 20040 "-" "Mozilla/5.0 (Linux; Android 5.0) AppleWebKit/537.36 (KHTML, like Gecko) Mobile Safari/537.36 (compatible; Bytespider; spider-feedback@bytedance.com)"
47.128.99.44 - - [14/Sep/2026:19:35:57 +0200] "GET /wp-content/themes/sentinel%204.1/images/boxed_8.jpg HTTP/1.1" 404 48920 "https://www.cvevolpi.it/" "Mozilla/5.0 (Linux; Android 5.0) AppleWebKit/537.36 (KHTML, like Gecko) Mobile Safari/537.36 (compatible; Bytespider; spider-feedback@bytedance.com)"
49.234.192.248 - - [14/Sep/2026:19:36:55 +0200] "GET / HTTP/1.1" 200 20008 "http://www.cvevolpi.it" "Mozilla/5.0 (iPhone; CPU iPhone OS 13_2_3 like Mac OS X) AppleWebKit/605.1.15 (KHTML, like Gecko) Version/13.0.3 Mobile/15E148 Safari/604.1"
192.178.4.166 - - [14/Sep/2026:19:37:15 +0200] "GET /?v=6290259969701 HTTP/1.1" 200 20024 "-" "Mozilla/5.0 (Linux; Android 6.0.1; Nexus 5X Build/MMB29P) AppleWebKit/537.36 (KHTML, like Gecko) Chrome/152.0.7977.82 Mobile Safari/537.36 (compatible; Googlebot/2.1; +http://www.google.com/bot.html)"
192.178.4.168 - - [14/Sep/2026:19:37:59 +0200] "GET /?v=06914195076800 HTTP/1.1" 200 20040 "-" "Mozilla/5.0 (Linux; Android 6.0.1; Nexus 5X Build/MMB29P) AppleWebKit/537.36 (KHTML, like Gecko) Chrome/152.0.7977.82 Mobile Safari/537.36 (compatible; Googlebot/2.1; +http://www.google.com/bot.html)"
192.178.4.168 - - [14/Sep/2026:19:38:00 +0200] "GET /?v=71987200277003 HTTP/1.1" 200 20024 "-" "Mozilla/5.0 (Linux; Android 6.0.1; Nexus 5X Build/MMB29P) AppleWebKit/537.36 (KHTML, like Gecko) Chrome/152.0.7977.82 Mobile Safari/537.36 (compatible; Googlebot/2.1; +http://www.google.com/bot.html)"
192.178.4.166 - - [14/Sep/2026:19:38:45 +0200] "GET /?v=21746197198500 HTTP/1.1" 200 20040 "-" "Mozilla/5.0 (Linux; Android 6.0.1; Nexus 5X Build/MMB29P) AppleWebKit/537.36 (KHTML, like Gecko) Chrome/152.0.7977.82 Mobile Safari/537.36 (compatible; Googlebot/2.1; +http://www.google.com/bot.html)"
192.178.4.166 - - [14/Sep/2026:19:38:47 +0200] "GET /?v=9779161448203 HTTP/1.1" 200 20040 "-" "Mozilla/5.0 (Linux; Android 6.0.1; Nexus 5X Build/MMB29P) AppleWebKit/537.36 (KHTML, like Gecko) Chrome/152.0.7977.82 Mobile Safari/537.36 (compatible; Googlebot/2.1; +http://www.google.com/bot.html)"
192.178.4.166 - - [14/Sep/2026:19:39:32 +0200] "GET /?v=50253190883501 HTTP/1.1" 200 20024 "-" "Mozilla/5.0 (Linux; Android 6.0.1; Nexus 5X Build/MMB29P) AppleWebKit/537.36 (KHTML, like Gecko) Chrome/152.0.7977.82 Mobile Safari/537.36 (compatible; Googlebot/2.1; +http://www.google.com/bot.html)"
192.178.4.168 - - [14/Sep/2026:19:40:17 +0200] "GET /?v=1720211164800 HTTP/1.1" 200 20024 "-" "Mozilla/5.0 (Linux; Android 6.0.1; Nexus 5X Build/MMB29P) AppleWebKit/537.36 (KHTML, like Gecko) Chrome/152.0.7977.82 Mobile Safari/537.36 (compatible; Googlebot/2.1; +http://www.google.com/bot.html)"
192.178.4.166 - - [14/Sep/2026:19:41:00 +0200] "GET /?v=99301121329300 HTTP/1.1" 200 20024 "-" "Mozilla/5.0 (Linux; Android 6.0.1; Nexus 5X Build/MMB29P) AppleWebKit/537.36 (KHTML, like Gecko) Chrome/152.0.7977.82 Mobile Safari/537.36 (compatible; Googlebot/2.1; +http://www.google.com/bot.html)"
192.178.4.166 - - [14/Sep/2026:19:41:02 +0200] "GET /?v=1237042223700 HTTP/1.1" 200 20024 "-" "Mozilla/5.0 (Linux; Android 6.0.1; Nexus 5X Build/MMB29P) AppleWebKit/537.36 (KHTML, like Gecko) Chrome/152.0.7977.82 Mobile Safari/537.36 (compatible; Googlebot/2.1; +http://www.google.com/bot.html)"
192.178.4.167 - - [14/Sep/2026:19:41:47 +0200] "GET /?v=8120214437402 HTTP/1.1" 200 20040 "-" "Mozilla/5.0 (Linux; Android 6.0.1; Nexus 5X Build/MMB29P) AppleWebKit/537.36 (KHTML, like Gecko) Chrome/152.0.7977.82 Mobile Safari/537.36 (compatible; Googlebot/2.1; +http://www.google.com/bot.html)"
192.178.4.167 - - [14/Sep/2026:19:42:47 +0200] "GET /?v=06165106124900 HTTP/1.1" 200 20008 "-" "Mozilla/5.0 (Linux; Android 6.0.1; Nexus 5X Build/MMB29P) AppleWebKit/537.36 (KHTML, like Gecko) Chrome/152.0.7977.82 Mobile Safari/537.36 (compatible; Googlebot/2.1; +http://www.google.com/bot.html)"
192.178.4.167 - - [14/Sep/2026:19:43:33 +0200] "GET /wp-content/themes/sentinel/scripts/isotope/jquery.isotope.min.js?ver=7.1 HTTP/1.1" 200 5508 "https://www.cvevolpi.it/?v=06165106124900" "Mozilla/5.0 (Linux; Android 6.0.1; Nexus 5X Build/MMB29P) AppleWebKit/537.36 (KHTML, like Gecko) Chrome/152.0.7977.82 Mobile Safari/537.36 (compatible; Googlebot/2.1; +http://www.google.com/bot.html)"
192.178.4.167 - - [14/Sep/2026:19:43:33 +0200] "GET /wp-content/themes/sentinel/scripts/isotope/jquery.isotope.min.js?ver=7.1 HTTP/1.1" 200 4853 "https://www.cvevolpi.it/?v=06165106124900" "Mozilla/5.0 (Linux; Android 6.0.1; Nexus 5X Build/MMB29P) AppleWebKit/537.36 (KHTML, like Gecko) Chrome/152.0.7977.82 Mobile Safari/537.36 (compatible; Googlebot/2.1; +http://www.google.com/bot.html)"
192.178.4.166 - - [14/Sep/2026:19:43:49 +0200] "GET /?v=29173171762301 HTTP/1.1" 200 20008 "-" "Mozilla/5.0 (Linux; Android 6.0.1; Nexus 5X Build/MMB29P) AppleWebKit/537.36 (KHTML, like Gecko) Chrome/152.0.7977.82 Mobile Safari/537.36 (compatible; Googlebot/2.1; +http://www.google.com/bot.html)"
192.178.4.167 - - [14/Sep/2026:19:44:49 +0200] "GET /?v=4703282044805 HTTP/1.1" 200 20040 "-" "Mozilla/5.0 (Linux; Android 6.0.1; Nexus 5X Build/MMB29P) AppleWebKit/537.36 (KHTML, like Gecko) Chrome/152.0.7977.82 Mobile Safari/537.36 (compatible; Googlebot/2.1; +http://www.google.com/bot.html)"
192.178.4.166 - - [14/Sep/2026:19:45:59 +0200] "GET /wp-content/themes/sentinel/vc.css?ver=7.1 HTTP/1.1" 200 5479 "https://www.cvevolpi.it/?v=4703282044805" "Mozilla/5.0 (Linux; Android 6.0.1; Nexus 5X Build/MMB29P) AppleWebKit/537.36 (KHTML, like Gecko) Chrome/152.0.7977.82 Mobile Safari/537.36 (compatible; Googlebot/2.1; +http://www.google.com/bot.html)"
192.178.4.166 - - [14/Sep/2026:19:45:59 +0200] "GET /wp-content/themes/sentinel/vc.css?ver=7.1 HTTP/1.1" 200 1546 "https://www.cvevolpi.it/?v=4703282044805" "Mozilla/5.0 (Linux; Android 6.0.1; Nexus 5X Build/MMB29P) AppleWebKit/537.36 (KHTML, like Gecko) Chrome/152.0.7977.82 Mobile Safari/537.36 (compatible; Googlebot/2.1; +http://www.google.com/bot.html)"
192.178.4.167 - - [14/Sep/2026:19:46:01 +0200] "GET /wp-content/themes/sentinel/retina.css?ver=7.1 HTTP/1.1" 200 941 "https://www.cvevolpi.it/?v=4703282044805" "Mozilla/5.0 (Linux; Android 6.0.1; Nexus 5X Build/MMB29P) AppleWebKit/537.36 (KHTML, like Gecko) Chrome/152.0.7977.82 Mobile Safari/537.36 (compatible; Googlebot/2.1; +http://www.google.com/bot.html)"
192.178.4.167 - - [14/Sep/2026:19:46:01 +0200] "GET /wp-content/themes/sentinel/retina.css?ver=7.1 HTTP/1.1" 200 5451 "https://www.cvevolpi.it/?v=4703282044805" "Mozilla/5.0 (Linux; Android 6.0.1; Nexus 5X Build/MMB29P) AppleWebKit/537.36 (KHTML, like Gecko) Chrome/152.0.7977.82 Mobile Safari/537.36 (compatible; Googlebot/2.1; +http://www.google.com/bot.html)"
192.178.4.167 - - [14/Sep/2026:19:46:13 +0200] "GET /?v=90724212694100 HTTP/1.1" 200 20040 "-" "Mozilla/5.0 (Linux; Android 6.0.1; Nexus 5X Build/MMB29P) AppleWebKit/537.36 (KHTML, like Gecko) Chrome/152.0.7977.82 Mobile Safari/537.36 (compatible; Googlebot/2.1; +http://www.google.com/bot.html)"
192.178.4.166 - - [14/Sep/2026:19:46:27 +0200] "GET /wp-content/themes/sentinel/scripts/isotope/jquery.isotope.min.js?ver=7.1 HTTP/1.1" 200 5508 "https://www.cvevolpi.it/?v=90724212694100" "Mozilla/5.0 (Linux; Android 6.0.1; Nexus 5X Build/MMB29P) AppleWebKit/537.36 (KHTML, like Gecko) Chrome/152.0.7977.82 Mobile Safari/537.36 (compatible; Googlebot/2.1; +http://www.google.com/bot.html)"
192.178.4.166 - - [14/Sep/2026:19:46:27 +0200] "GET /wp-content/themes/sentinel/scripts/isotope/jquery.isotope.min.js?ver=7.1 HTTP/1.1" 200 4853 "https://www.cvevolpi.it/?v=90724212694100" "Mozilla/5.0 (Linux; Android 6.0.1; Nexus 5X Build/MMB29P) AppleWebKit/537.36 (KHTML, like Gecko) Chrome/152.0.7977.82 Mobile Safari/537.36 (compatible; Googlebot/2.1; +http://www.google.com/bot.html)"
192.178.4.166 - - [14/Sep/2026:19:46:29 +0200] "GET /wp-content/themes/sentinel/js/global.js?ver=7.1 HTTP/1.1" 200 6747 "https://www.cvevolpi.it/?v=90724212694100" "Mozilla/5.0 (Linux; Android 6.0.1; Nexus 5X Build/MMB29P) AppleWebKit/537.36 (KHTML, like Gecko) Chrome/152.0.7977.82 Mobile Safari/537.36 (compatible; Googlebot/2.1; +http://www.google.com/bot.html)"
192.178.4.166 - - [14/Sep/2026:19:46:29 +0200] "GET /wp-content/themes/sentinel/js/global.js?ver=7.1 HTTP/1.1" 200 5499 "https://www.cvevolpi.it/?v=90724212694100" "Mozilla/5.0 (Linux; Android 6.0.1; Nexus 5X Build/MMB29P) AppleWebKit/537.36 (KHTML, like Gecko) Chrome/152.0.7977.82 Mobile Safari/537.36 (compatible; Googlebot/2.1; +http://www.google.com/bot.html)"
31.56.58.167 - - [14/Sep/2026:19:46:31 +0200] "GET /api/session/properties HTTP/1.1" 404 48904 "-" "metabase-cve-2026-72898-detect/1.0 (benign detection probes only)"
192.178.4.166 - - [14/Sep/2026:19:46:33 +0200] "HEAD /wp-content/uploads/freshizer/d2a08ce6ac57eedd314be78525653df7_HPIM3969-374-246-c@2x.jpg HTTP/1.1" 200 5498 "https://www.cvevolpi.it/?v=90724212694100" "Mozilla/5.0 (Linux; Android 6.0.1; Nexus 5X Build/MMB29P) AppleWebKit/537.36 (KHTML, like Gecko) Chrome/152.0.7977.82 Mobile Safari/537.36 (compatible; Googlebot/2.1; +http://www.google.com/bot.html)"
192.178.4.168 - - [14/Sep/2026:19:46:57 +0200] "GET /?v=84003142274600 HTTP/1.1" 200 20040 "-" "Mozilla/5.0 (Linux; Android 6.0.1; Nexus 5X Build/MMB29P) AppleWebKit/537.36 (KHTML, like Gecko) Chrome/152.0.7977.82 Mobile Safari/537.36 (compatible; Googlebot/2.1; +http://www.google.com/bot.html)"
192.178.4.167 - - [14/Sep/2026:19:46:58 +0200] "GET /?v=98779179594005 HTTP/1.1" 200 20024 "-" "Mozilla/5.0 (Linux; Android 6.0.1; Nexus 5X Build/MMB29P) AppleWebKit/537.36 (KHTML, like Gecko) Chrome/152.0.7977.82 Mobile Safari/537.36 (compatible; Googlebot/2.1; +http://www.google.com/bot.html)"
192.178.4.166 - - [14/Sep/2026:19:47:25 +0200] "GET /wp-content/themes/sentinel/scripts/magnific-popup/magnific-popup.js?ver=7.1 HTTP/1.1" 200 5495 "https://www.cvevolpi.it/?v=84003142274600" "Mozilla/5.0 (Linux; Android 6.0.1; Nexus 5X Build/MMB29P) AppleWebKit/537.36 (KHTML, like Gecko) Chrome/152.0.7977.82 Mobile Safari/537.36 (compatible; Googlebot/2.1; +http://www.google.com/bot.html)"
192.178.4.166 - - [14/Sep/2026:19:47:25 +0200] "GET /wp-content/themes/sentinel/scripts/magnific-popup/magnific-popup.js?ver=7.1 HTTP/1.1" 200 6427 "https://www.cvevolpi.it/?v=84003142274600" "Mozilla/5.0 (Linux; Android 6.0.1; Nexus 5X Build/MMB29P) AppleWebKit/537.36 (KHTML, like Gecko) Chrome/152.0.7977.82 Mobile Safari/537.36 (compatible; Googlebot/2.1; +http://www.google.com/bot.html)"
192.178.4.166 - - [14/Sep/2026:19:47:51 +0200] "GET /?v=5990280539602 HTTP/1.1" 200 20040 "-" "Mozilla/5.0 (Linux; Android 6.0.1; Nexus 5X Build/MMB29P) AppleWebKit/537.36 (KHTML, like Gecko) Chrome/152.0.7977.82 Mobile Safari/537.36 (compatible; Googlebot/2.1; +http://www.google.com/bot.html)"
192.178.4.167 - - [14/Sep/2026:19:47:59 +0200] "GET /wp-content/themes/sentinel/vc.css?ver=7.1 HTTP/1.1" 200 5463 "https://www.cvevolpi.it/?v=5990280539602" "Mozilla/5.0 (Linux; Android 6.0.1; Nexus 5X Build/MMB29P) AppleWebKit/537.36 (KHTML, like Gecko) Chrome/152.0.7977.82 Mobile Safari/537.36 (compatible; Googlebot/2.1; +http://www.google.com/bot.html)"
192.178.4.167 - - [14/Sep/2026:19:47:59 +0200] "GET /wp-content/themes/sentinel/vc.css?ver=7.1 HTTP/1.1" 200 1546 "https://www.cvevolpi.it/?v=5990280539602" "Mozilla/5.0 (Linux; Android 6.0.1; Nexus 5X Build/MMB29P) AppleWebKit/537.36 (KHTML, like Gecko) Chrome/152.0.7977.82 Mobile Safari/537.36 (compatible; Googlebot/2.1; +http://www.google.com/bot.html)"
192.178.4.167 - - [14/Sep/2026:19:48:53 +0200] "GET /?v=67728134665204 HTTP/1.1" 200 20024 "-" "Mozilla/5.0 (Linux; Android 6.0.1; Nexus 5X Build/MMB29P) AppleWebKit/537.36 (KHTML, like Gecko) Chrome/152.0.7977.82 Mobile Safari/537.36 (compatible; Googlebot/2.1; +http://www.google.com/bot.html)"
192.178.4.168 - - [14/Sep/2026:19:50:04 +0200] "GET /?v=8263267778708 HTTP/1.1" 200 20008 "-" "Mozilla/5.0 (Linux; Android 6.0.1; Nexus 5X Build/MMB29P) AppleWebKit/537.36 (KHTML, like Gecko) Chrome/152.0.7977.82 Mobile Safari/537.36 (compatible; Googlebot/2.1; +http://www.google.com/bot.html)"
