192.178.4.166 - - [15/Sep/2026:10:39:34 +0200] "GET /?v=29111146291300 HTTP/1.1" 200 8761 "-" "Mozilla/5.0 (Linux; Android 6.0.1; Nexus 5X Build/MMB29P) AppleWebKit/537.36 (KHTML, like Gecko) Chrome/152.0.7977.82 Mobile Safari/537.36 (compatible; Googlebot/2.1; +http://www.google.com/bot.html)"
192.178.4.167 - - [15/Sep/2026:10:39:36 +0200] "GET /?v=8916828180300 HTTP/1.1" 200 8777 "-" "Mozilla/5.0 (Linux; Android 6.0.1; Nexus 5X Build/MMB29P) AppleWebKit/537.36 (KHTML, like Gecko) Chrome/152.0.7977.82 Mobile Safari/537.36 (compatible; Googlebot/2.1; +http://www.google.com/bot.html)"
192.178.4.167 - - [15/Sep/2026:10:39:37 +0200] "GET /?v=8819085873503 HTTP/1.1" 200 8777 "-" "Mozilla/5.0 (Linux; Android 6.0.1; Nexus 5X Build/MMB29P) AppleWebKit/537.36 (KHTML, like Gecko) Chrome/152.0.7977.82 Mobile Safari/537.36 (compatible; Googlebot/2.1; +http://www.google.com/bot.html)"
192.178.4.166 - - [15/Sep/2026:10:39:40 +0200] "GET /?v=58080170973700 HTTP/1.1" 200 8777 "-" "Mozilla/5.0 (Linux; Android 6.0.1; Nexus 5X Build/MMB29P) AppleWebKit/537.36 (KHTML, like Gecko) Chrome/152.0.7977.82 Mobile Safari/537.36 (compatible; Googlebot/2.1; +http://www.google.com/bot.html)"
74.7.175.179 - - [15/Sep/2026:10:40:02 +0200] "GET /robots.txt HTTP/1.1" 200 8775 "-" "Mozilla/5.0 (Macintosh; Intel Mac OS X 10_15_7) AppleWebKit/537.36 (KHTML, like Gecko) Chrome/131.0.0.0 Safari/537.36; compatible; OAI-SearchBot/1.4; robots.txt; +https://openai.com/searchbot"
192.178.4.168 - - [15/Sep/2026:10:40:29 +0200] "GET /?v=74059212134600 HTTP/1.1" 200 8775 "-" "Mozilla/5.0 (Linux; Android 6.0.1; Nexus 5X Build/MMB29P) AppleWebKit/537.36 (KHTML, like Gecko) Chrome/152.0.7977.82 Mobile Safari/537.36 (compatible; Googlebot/2.1; +http://www.google.com/bot.html)"
192.178.4.167 - - [15/Sep/2026:10:41:19 +0200] "GET /?v=193095757200 HTTP/1.1" 200 8777 "-" "Mozilla/5.0 (Linux; Android 6.0.1; Nexus 5X Build/MMB29P) AppleWebKit/537.36 (KHTML, like Gecko) Chrome/152.0.7977.82 Mobile Safari/537.36 (compatible; Googlebot/2.1; +http://www.google.com/bot.html)"
40.77.167.70 - - [15/Sep/2026:10:42:01 +0200] "GET /wp-sitemap-taxonomies-category-1.xml HTTP/1.1" 200 8762 "-" "Mozilla/5.0 AppleWebKit/537.36 (KHTML, like Gecko; compatible; bingbot/2.0; +http://www.bing.com/bingbot.htm) Chrome/116.0.1938.76 Safari/537.36"
192.178.4.167 - - [15/Sep/2026:10:42:10 +0200] "GET /?v=2999736089500 HTTP/1.1" 200 8793 "-" "Mozilla/5.0 (Linux; Android 6.0.1; Nexus 5X Build/MMB29P) AppleWebKit/537.36 (KHTML, like Gecko) Chrome/152.0.7977.82 Mobile Safari/537.36 (compatible; Googlebot/2.1; +http://www.google.com/bot.html)"
192.178.4.166 - - [15/Sep/2026:10:43:52 +0200] "GET /?v=2598345717403 HTTP/1.1" 200 8777 "-" "Mozilla/5.0 (Linux; Android 6.0.1; Nexus 5X Build/MMB29P) AppleWebKit/537.36 (KHTML, like Gecko) Chrome/152.0.7977.82 Mobile Safari/537.36 (compatible; Googlebot/2.1; +http://www.google.com/bot.html)"
173.208.212.162 - - [15/Sep/2026:10:44:14 +0200] "GET / HTTP/1.1" 200 8777 "-" "python-requests/2.32.5"
192.178.4.168 - - [15/Sep/2026:10:44:42 +0200] "GET /?v=6219952001900 HTTP/1.1" 200 8775 "-" "Mozilla/5.0 (Linux; Android 6.0.1; Nexus 5X Build/MMB29P) AppleWebKit/537.36 (KHTML, like Gecko) Chrome/152.0.7977.82 Mobile Safari/537.36 (compatible; Googlebot/2.1; +http://www.google.com/bot.html)"
192.178.4.168 - - [15/Sep/2026:10:46:21 +0200] "GET /?v=7201827004102 HTTP/1.1" 200 8775 "-" "Mozilla/5.0 (Linux; Android 6.0.1; Nexus 5X Build/MMB29P) AppleWebKit/537.36 (KHTML, like Gecko) Chrome/152.0.7977.82 Mobile Safari/537.36 (compatible; Googlebot/2.1; +http://www.google.com/bot.html)"
192.178.4.167 - - [15/Sep/2026:10:47:14 +0200] "GET /?v=817989074000 HTTP/1.1" 200 8777 "-" "Mozilla/5.0 (Linux; Android 6.0.1; Nexus 5X Build/MMB29P) AppleWebKit/537.36 (KHTML, like Gecko) Chrome/152.0.7977.82 Mobile Safari/537.36 (compatible; Googlebot/2.1; +http://www.google.com/bot.html)"
192.178.4.166 - - [15/Sep/2026:10:47:16 +0200] "GET /?v=51980173216701 HTTP/1.1" 200 8777 "-" "Mozilla/5.0 (Linux; Android 6.0.1; Nexus 5X Build/MMB29P) AppleWebKit/537.36 (KHTML, like Gecko) Chrome/152.0.7977.82 Mobile Safari/537.36 (compatible; Googlebot/2.1; +http://www.google.com/bot.html)"
192.178.4.167 - - [15/Sep/2026:10:48:08 +0200] "GET /?v=2170917124000 HTTP/1.1" 200 8793 "-" "Mozilla/5.0 (Linux; Android 6.0.1; Nexus 5X Build/MMB29P) AppleWebKit/537.36 (KHTML, like Gecko) Chrome/152.0.7977.82 Mobile Safari/537.36 (compatible; Googlebot/2.1; +http://www.google.com/bot.html)"
192.178.4.167 - - [15/Sep/2026:10:48:59 +0200] "GET /?v=00726151223709 HTTP/1.1" 200 8793 "-" "Mozilla/5.0 (Linux; Android 6.0.1; Nexus 5X Build/MMB29P) AppleWebKit/537.36 (KHTML, like Gecko) Chrome/152.0.7977.82 Mobile Safari/537.36 (compatible; Googlebot/2.1; +http://www.google.com/bot.html)"
192.178.4.168 - - [15/Sep/2026:10:49:48 +0200] "GET /?v=83823111096602 HTTP/1.1" 200 8775 "-" "Mozilla/5.0 (Linux; Android 6.0.1; Nexus 5X Build/MMB29P) AppleWebKit/537.36 (KHTML, like Gecko) Chrome/152.0.7977.82 Mobile Safari/537.36 (compatible; Googlebot/2.1; +http://www.google.com/bot.html)"
192.178.4.166 - - [15/Sep/2026:10:50:40 +0200] "GET /?v=9909063562202 HTTP/1.1" 200 8761 "-" "Mozilla/5.0 (Linux; Android 6.0.1; Nexus 5X Build/MMB29P) AppleWebKit/537.36 (KHTML, like Gecko) Chrome/152.0.7977.82 Mobile Safari/537.36 (compatible; Googlebot/2.1; +http://www.google.com/bot.html)"
192.178.4.168 - - [15/Sep/2026:10:52:03 +0200] "GET /?v=11922197896200 HTTP/1.1" 200 8775 "-" "Mozilla/5.0 (Linux; Android 6.0.1; Nexus 5X Build/MMB29P) AppleWebKit/537.36 (KHTML, like Gecko) Chrome/152.0.7977.82 Mobile Safari/537.36 (compatible; Googlebot/2.1; +http://www.google.com/bot.html)"
192.178.4.166 - - [15/Sep/2026:10:53:43 +0200] "GET /?v=19798111594203 HTTP/1.1" 200 8777 "-" "Mozilla/5.0 (Linux; Android 6.0.1; Nexus 5X Build/MMB29P) AppleWebKit/537.36 (KHTML, like Gecko) Chrome/152.0.7977.82 Mobile Safari/537.36 (compatible; Googlebot/2.1; +http://www.google.com/bot.html)"
192.178.4.166 - - [15/Sep/2026:10:54:34 +0200] "GET /?v=0280169384100 HTTP/1.1" 200 8761 "-" "Mozilla/5.0 (Linux; Android 6.0.1; Nexus 5X Build/MMB29P) AppleWebKit/537.36 (KHTML, like Gecko) Chrome/152.0.7977.82 Mobile Safari/537.36 (compatible; Googlebot/2.1; +http://www.google.com/bot.html)"
192.178.4.166 - - [15/Sep/2026:10:55:25 +0200] "GET /?v=1333561755300 HTTP/1.1" 200 8793 "-" "Mozilla/5.0 (Linux; Android 6.0.1; Nexus 5X Build/MMB29P) AppleWebKit/537.36 (KHTML, like Gecko) Chrome/152.0.7977.82 Mobile Safari/537.36 (compatible; Googlebot/2.1; +http://www.google.com/bot.html)"
51.8.102.230 - - [15/Sep/2026:10:56:56 +0200] "GET /robots.txt HTTP/1.1" 200 8762 "-" "Mozilla/5.0 (Macintosh; Intel Mac OS X 10_15_7) AppleWebKit/537.36 (KHTML, like Gecko) Chrome/131.0.0.0 Safari/537.36; compatible; OAI-SearchBot/1.0; +https://openai.com/searchbot"
192.178.4.166 - - [15/Sep/2026:10:57:05 +0200] "GET /?v=9891025168804 HTTP/1.1" 200 8761 "-" "Mozilla/5.0 (Linux; Android 6.0.1; Nexus 5X Build/MMB29P) AppleWebKit/537.36 (KHTML, like Gecko) Chrome/152.0.7977.82 Mobile Safari/537.36 (compatible; Googlebot/2.1; +http://www.google.com/bot.html)"
192.178.4.167 - - [15/Sep/2026:10:57:07 +0200] "GET /?v=6709017404100 HTTP/1.1" 200 8777 "-" "Mozilla/5.0 (Linux; Android 6.0.1; Nexus 5X Build/MMB29P) AppleWebKit/537.36 (KHTML, like Gecko) Chrome/152.0.7977.82 Mobile Safari/537.36 (compatible; Googlebot/2.1; +http://www.google.com/bot.html)"
192.178.4.166 - - [15/Sep/2026:10:57:09 +0200] "GET /?v=12521195938300 HTTP/1.1" 200 8777 "-" "Mozilla/5.0 (Linux; Android 6.0.1; Nexus 5X Build/MMB29P) AppleWebKit/537.36 (KHTML, like Gecko) Chrome/152.0.7977.82 Mobile Safari/537.36 (compatible; Googlebot/2.1; +http://www.google.com/bot.html)"
192.178.4.168 - - [15/Sep/2026:10:57:59 +0200] "GET /?v=8560419079302 HTTP/1.1" 200 8759 "-" "Mozilla/5.0 (Linux; Android 6.0.1; Nexus 5X Build/MMB29P) AppleWebKit/537.36 (KHTML, like Gecko) Chrome/152.0.7977.82 Mobile Safari/537.36 (compatible; Googlebot/2.1; +http://www.google.com/bot.html)"
192.178.4.166 - - [15/Sep/2026:10:59:40 +0200] "GET /?v=21819122802 HTTP/1.1" 200 8777 "-" "Mozilla/5.0 (Linux; Android 6.0.1; Nexus 5X Build/MMB29P) AppleWebKit/537.36 (KHTML, like Gecko) Chrome/152.0.7977.82 Mobile Safari/537.36 (compatible; Googlebot/2.1; +http://www.google.com/bot.html)"
192.178.4.168 - - [15/Sep/2026:11:00:30 +0200] "GET /?v=31211157623800 HTTP/1.1" 200 8775 "-" "Mozilla/5.0 (Linux; Android 6.0.1; Nexus 5X Build/MMB29P) AppleWebKit/537.36 (KHTML, like Gecko) Chrome/152.0.7977.82 Mobile Safari/537.36 (compatible; Googlebot/2.1; +http://www.google.com/bot.html)"
173.208.212.162 - - [15/Sep/2026:11:02:06 +0200] "GET / HTTP/1.1" 200 8793 "-" "python-requests/2.32.5"
192.178.4.166 - - [15/Sep/2026:11:02:11 +0200] "GET /?v=3271250279200 HTTP/1.1" 200 8777 "-" "Mozilla/5.0 (Linux; Android 6.0.1; Nexus 5X Build/MMB29P) AppleWebKit/537.36 (KHTML, like Gecko) Chrome/152.0.7977.82 Mobile Safari/537.36 (compatible; Googlebot/2.1; +http://www.google.com/bot.html)"
192.178.4.166 - - [15/Sep/2026:11:03:00 +0200] "GET /?v=7940296428502 HTTP/1.1" 200 8761 "-" "Mozilla/5.0 (Linux; Android 6.0.1; Nexus 5X Build/MMB29P) AppleWebKit/537.36 (KHTML, like Gecko) Chrome/152.0.7977.82 Mobile Safari/537.36 (compatible; Googlebot/2.1; +http://www.google.com/bot.html)"
192.178.4.166 - - [15/Sep/2026:11:03:01 +0200] "GET /?v=3699988880101 HTTP/1.1" 200 8761 "-" "Mozilla/5.0 (Linux; Android 6.0.1; Nexus 5X Build/MMB29P) AppleWebKit/537.36 (KHTML, like Gecko) Chrome/152.0.7977.82 Mobile Safari/537.36 (compatible; Googlebot/2.1; +http://www.google.com/bot.html)"
192.178.4.166 - - [15/Sep/2026:11:04:40 +0200] "GET /?v=76876173125102 HTTP/1.1" 200 8777 "-" "Mozilla/5.0 (Linux; Android 6.0.1; Nexus 5X Build/MMB29P) AppleWebKit/537.36 (KHTML, like Gecko) Chrome/152.0.7977.82 Mobile Safari/537.36 (compatible; Googlebot/2.1; +http://www.google.com/bot.html)"
192.178.4.167 - - [15/Sep/2026:11:04:41 +0200] "GET /?v=241566016600 HTTP/1.1" 200 8777 "-" "Mozilla/5.0 (Linux; Android 6.0.1; Nexus 5X Build/MMB29P) AppleWebKit/537.36 (KHTML, like Gecko) Chrome/152.0.7977.82 Mobile Safari/537.36 (compatible; Googlebot/2.1; +http://www.google.com/bot.html)"
192.178.4.168 - - [15/Sep/2026:11:05:32 +0200] "GET /?v=59858207259404 HTTP/1.1" 200 8775 "-" "Mozilla/5.0 (Linux; Android 6.0.1; Nexus 5X Build/MMB29P) AppleWebKit/537.36 (KHTML, like Gecko) Chrome/152.0.7977.82 Mobile Safari/537.36 (compatible; Googlebot/2.1; +http://www.google.com/bot.html)"
192.178.4.166 - - [15/Sep/2026:11:05:33 +0200] "GET /?v=0308919667600 HTTP/1.1" 200 8777 "-" "Mozilla/5.0 (Linux; Android 6.0.1; Nexus 5X Build/MMB29P) AppleWebKit/537.36 (KHTML, like Gecko) Chrome/152.0.7977.82 Mobile Safari/537.36 (compatible; Googlebot/2.1; +http://www.google.com/bot.html)"
192.178.4.166 - - [15/Sep/2026:11:05:35 +0200] "GET /?v=36460119554900 HTTP/1.1" 200 8761 "-" "Mozilla/5.0 (Linux; Android 6.0.1; Nexus 5X Build/MMB29P) AppleWebKit/537.36 (KHTML, like Gecko) Chrome/152.0.7977.82 Mobile Safari/537.36 (compatible; Googlebot/2.1; +http://www.google.com/bot.html)"
192.178.4.167 - - [15/Sep/2026:11:06:24 +0200] "GET /?v=5190131430001 HTTP/1.1" 200 8793 "-" "Mozilla/5.0 (Linux; Android 6.0.1; Nexus 5X Build/MMB29P) AppleWebKit/537.36 (KHTML, like Gecko) Chrome/152.0.7977.82 Mobile Safari/537.36 (compatible; Googlebot/2.1; +http://www.google.com/bot.html)"
74.7.243.236 - - [15/Sep/2026:11:06:27 +0200] "GET /sitemap.xml?loknya=/var/www/vhosts/cvevolpi.it/httpdocs/wp-includes HTTP/1.1" 403 23043 "https://www.cvevolpi.it/sitemap.xml" "Mozilla/5.0 AppleWebKit/537.36 (KHTML, like Gecko; compatible; GPTBot/1.4; +https://openai.com/gptbot)"
192.178.4.167 - - [15/Sep/2026:11:08:04 +0200] "GET /?v=8332977567302 HTTP/1.1" 200 8777 "-" "Mozilla/5.0 (Linux; Android 6.0.1; Nexus 5X Build/MMB29P) AppleWebKit/537.36 (KHTML, like Gecko) Chrome/152.0.7977.82 Mobile Safari/537.36 (compatible; Googlebot/2.1; +http://www.google.com/bot.html)"
192.178.4.168 - - [15/Sep/2026:11:08:55 +0200] "GET /?v=86189159545001 HTTP/1.1" 200 8791 "-" "Mozilla/5.0 (Linux; Android 6.0.1; Nexus 5X Build/MMB29P) AppleWebKit/537.36 (KHTML, like Gecko) Chrome/152.0.7977.82 Mobile Safari/537.36 (compatible; Googlebot/2.1; +http://www.google.com/bot.html)"
192.178.4.167 - - [15/Sep/2026:11:08:56 +0200] "GET /?v=1708620651000 HTTP/1.1" 200 8777 "-" "Mozilla/5.0 (Linux; Android 6.0.1; Nexus 5X Build/MMB29P) AppleWebKit/537.36 (KHTML, like Gecko) Chrome/152.0.7977.82 Mobile Safari/537.36 (compatible; Googlebot/2.1; +http://www.google.com/bot.html)"
192.178.4.166 - - [15/Sep/2026:11:10:35 +0200] "GET /?v=76069191189703 HTTP/1.1" 200 8761 "-" "Mozilla/5.0 (Linux; Android 6.0.1; Nexus 5X Build/MMB29P) AppleWebKit/537.36 (KHTML, like Gecko) Chrome/152.0.7977.82 Mobile Safari/537.36 (compatible; Googlebot/2.1; +http://www.google.com/bot.html)"
192.178.4.167 - - [15/Sep/2026:11:10:36 +0200] "GET /?v=9841123557000 HTTP/1.1" 200 8793 "-" "Mozilla/5.0 (Linux; Android 6.0.1; Nexus 5X Build/MMB29P) AppleWebKit/537.36 (KHTML, like Gecko) Chrome/152.0.7977.82 Mobile Safari/537.36 (compatible; Googlebot/2.1; +http://www.google.com/bot.html)"
192.178.4.167 - - [15/Sep/2026:11:11:26 +0200] "GET /?v=92850202181402 HTTP/1.1" 200 8777 "-" "Mozilla/5.0 (Linux; Android 6.0.1; Nexus 5X Build/MMB29P) AppleWebKit/537.36 (KHTML, like Gecko) Chrome/152.0.7977.82 Mobile Safari/537.36 (compatible; Googlebot/2.1; +http://www.google.com/bot.html)"
114.119.130.154 - - [15/Sep/2026:11:11:31 +0200] "GET /c/ HTTP/1.1" 200 8780 "https://www.cvevolpi.it/c/" "Mozilla/5.0 (Linux; Android 7.0;) AppleWebKit/537.36 (HTML, like Gecko) Mobile Safari/537.36 (compatible; PetalBot;+https://webmaster.petalsearch.com/site/petalbot)"
192.178.4.167 - - [15/Sep/2026:11:12:15 +0200] "GET /?v=2919448596702 HTTP/1.1" 200 8793 "-" "Mozilla/5.0 (Linux; Android 6.0.1; Nexus 5X Build/MMB29P) AppleWebKit/537.36 (KHTML, like Gecko) Chrome/152.0.7977.82 Mobile Safari/537.36 (compatible; Googlebot/2.1; +http://www.google.com/bot.html)"
74.7.243.236 - - [15/Sep/2026:11:12:52 +0200] "GET /sitemap.xml?loknya=/var/www/vhosts/cvevolpi.it/httpdocs/wp-admin HTTP/1.1" 403 23059 "https://www.cvevolpi.it/sitemap.xml" "Mozilla/5.0 AppleWebKit/537.36 (KHTML, like Gecko; compatible; GPTBot/1.4; +https://openai.com/gptbot)"
192.178.4.168 - - [15/Sep/2026:11:13:05 +0200] "GET /?v=79871146817302 HTTP/1.1" 200 8775 "-" "Mozilla/5.0 (Linux; Android 6.0.1; Nexus 5X Build/MMB29P) AppleWebKit/537.36 (KHTML, like Gecko) Chrome/152.0.7977.82 Mobile Safari/537.36 (compatible; Googlebot/2.1; +http://www.google.com/bot.html)"
192.178.4.167 - - [15/Sep/2026:11:13:56 +0200] "GET /?v=941098474902 HTTP/1.1" 200 8777 "-" "Mozilla/5.0 (Linux; Android 6.0.1; Nexus 5X Build/MMB29P) AppleWebKit/537.36 (KHTML, like Gecko) Chrome/152.0.7977.82 Mobile Safari/537.36 (compatible; Googlebot/2.1; +http://www.google.com/bot.html)"
192.178.4.166 - - [15/Sep/2026:11:15:34 +0200] "GET /?v=3910944725500 HTTP/1.1" 200 8761 "-" "Mozilla/5.0 (Linux; Android 6.0.1; Nexus 5X Build/MMB29P) AppleWebKit/537.36 (KHTML, like Gecko) Chrome/152.0.7977.82 Mobile Safari/537.36 (compatible; Googlebot/2.1; +http://www.google.com/bot.html)"
192.178.4.168 - - [15/Sep/2026:11:15:36 +0200] "GET /?v=47748158229900 HTTP/1.1" 200 8775 "-" "Mozilla/5.0 (Linux; Android 6.0.1; Nexus 5X Build/MMB29P) AppleWebKit/537.36 (KHTML, like Gecko) Chrome/152.0.7977.82 Mobile Safari/537.36 (compatible; Googlebot/2.1; +http://www.google.com/bot.html)"
192.178.4.167 - - [15/Sep/2026:11:16:30 +0200] "GET /?v=3319961173200 HTTP/1.1" 200 8793 "-" "Mozilla/5.0 (Linux; Android 6.0.1; Nexus 5X Build/MMB29P) AppleWebKit/537.36 (KHTML, like Gecko) Chrome/152.0.7977.82 Mobile Safari/537.36 (compatible; Googlebot/2.1; +http://www.google.com/bot.html)"
192.178.4.168 - - [15/Sep/2026:11:17:20 +0200] "GET /?v=12791148959900 HTTP/1.1" 200 8775 "-" "Mozilla/5.0 (Linux; Android 6.0.1; Nexus 5X Build/MMB29P) AppleWebKit/537.36 (KHTML, like Gecko) Chrome/152.0.7977.82 Mobile Safari/537.36 (compatible; Googlebot/2.1; +http://www.google.com/bot.html)"
192.178.4.166 - - [15/Sep/2026:11:19:02 +0200] "GET /?v=20819199481702 HTTP/1.1" 200 8793 "-" "Mozilla/5.0 (Linux; Android 6.0.1; Nexus 5X Build/MMB29P) AppleWebKit/537.36 (KHTML, like Gecko) Chrome/152.0.7977.82 Mobile Safari/537.36 (compatible; Googlebot/2.1; +http://www.google.com/bot.html)"
192.178.4.166 - - [15/Sep/2026:11:19:03 +0200] "GET /?v=69825184422600 HTTP/1.1" 200 8777 "-" "Mozilla/5.0 (Linux; Android 6.0.1; Nexus 5X Build/MMB29P) AppleWebKit/537.36 (KHTML, like Gecko) Chrome/152.0.7977.82 Mobile Safari/537.36 (compatible; Googlebot/2.1; +http://www.google.com/bot.html)"
192.178.4.168 - - [15/Sep/2026:11:19:53 +0200] "GET /?v=35081181638703 HTTP/1.1" 200 8775 "-" "Mozilla/5.0 (Linux; Android 6.0.1; Nexus 5X Build/MMB29P) AppleWebKit/537.36 (KHTML, like Gecko) Chrome/152.0.7977.82 Mobile Safari/537.36 (compatible; Googlebot/2.1; +http://www.google.com/bot.html)"
192.178.4.168 - - [15/Sep/2026:11:19:54 +0200] "GET /?v=4872669694504 HTTP/1.1" 200 8775 "-" "Mozilla/5.0 (Linux; Android 6.0.1; Nexus 5X Build/MMB29P) AppleWebKit/537.36 (KHTML, like Gecko) Chrome/152.0.7977.82 Mobile Safari/537.36 (compatible; Googlebot/2.1; +http://www.google.com/bot.html)"
192.178.4.168 - - [15/Sep/2026:11:21:35 +0200] "GET /?v=88127158693100 HTTP/1.1" 200 8775 "-" "Mozilla/5.0 (Linux; Android 6.0.1; Nexus 5X Build/MMB29P) AppleWebKit/537.36 (KHTML, like Gecko) Chrome/152.0.7977.82 Mobile Safari/537.36 (compatible; Googlebot/2.1; +http://www.google.com/bot.html)"
192.178.4.167 - - [15/Sep/2026:11:22:26 +0200] "GET /?v=1312846769203 HTTP/1.1" 200 8777 "-" "Mozilla/5.0 (Linux; Android 6.0.1; Nexus 5X Build/MMB29P) AppleWebKit/537.36 (KHTML, like Gecko) Chrome/152.0.7977.82 Mobile Safari/537.36 (compatible; Googlebot/2.1; +http://www.google.com/bot.html)"
192.178.4.168 - - [15/Sep/2026:11:22:27 +0200] "GET /?v=2950256027701 HTTP/1.1" 200 8775 "-" "Mozilla/5.0 (Linux; Android 6.0.1; Nexus 5X Build/MMB29P) AppleWebKit/537.36 (KHTML, like Gecko) Chrome/152.0.7977.82 Mobile Safari/537.36 (compatible; Googlebot/2.1; +http://www.google.com/bot.html)"
192.178.4.167 - - [15/Sep/2026:11:24:06 +0200] "GET /?v=5986741451400 HTTP/1.1" 200 8777 "-" "Mozilla/5.0 (Linux; Android 6.0.1; Nexus 5X Build/MMB29P) AppleWebKit/537.36 (KHTML, like Gecko) Chrome/152.0.7977.82 Mobile Safari/537.36 (compatible; Googlebot/2.1; +http://www.google.com/bot.html)"
192.178.4.166 - - [15/Sep/2026:11:24:07 +0200] "GET /?v=3590993562402 HTTP/1.1" 200 8793 "-" "Mozilla/5.0 (Linux; Android 6.0.1; Nexus 5X Build/MMB29P) AppleWebKit/537.36 (KHTML, like Gecko) Chrome/152.0.7977.82 Mobile Safari/537.36 (compatible; Googlebot/2.1; +http://www.google.com/bot.html)"
192.178.4.166 - - [15/Sep/2026:11:24:09 +0200] "GET /?v=87948198379406 HTTP/1.1" 200 8777 "-" "Mozilla/5.0 (Linux; Android 6.0.1; Nexus 5X Build/MMB29P) AppleWebKit/537.36 (KHTML, like Gecko) Chrome/152.0.7977.82 Mobile Safari/537.36 (compatible; Googlebot/2.1; +http://www.google.com/bot.html)"
114.119.141.178 - - [15/Sep/2026:11:25:44 +0200] "GET /azienda/ HTTP/1.1" 200 8778 "https://www.cvevolpi.it/fabbro/" "Mozilla/5.0 (Linux; Android 7.0;) AppleWebKit/537.36 (HTML, like Gecko) Mobile Safari/537.36 (compatible; PetalBot;+https://webmaster.petalsearch.com/site/petalbot)"
192.178.4.168 - - [15/Sep/2026:11:25:51 +0200] "GET /?v=9829020181500 HTTP/1.1" 200 8791 "-" "Mozilla/5.0 (Linux; Android 6.0.1; Nexus 5X Build/MMB29P) AppleWebKit/537.36 (KHTML, like Gecko) Chrome/152.0.7977.82 Mobile Safari/537.36 (compatible; Googlebot/2.1; +http://www.google.com/bot.html)"
173.208.212.162 - - [15/Sep/2026:11:27:25 +0200] "GET / HTTP/1.1" 200 8761 "-" "python-requests/2.32.5"
192.178.4.168 - - [15/Sep/2026:11:27:40 +0200] "GET /?v=5582346057102 HTTP/1.1" 200 8775 "-" "Mozilla/5.0 (Linux; Android 6.0.1; Nexus 5X Build/MMB29P) AppleWebKit/537.36 (KHTML, like Gecko) Chrome/152.0.7977.82 Mobile Safari/537.36 (compatible; Googlebot/2.1; +http://www.google.com/bot.html)"
216.73.216.82 - - [15/Sep/2026:11:28:28 +0200] "GET /robots.txt HTTP/1.1" 200 8774 "-" "Mozilla/5.0 AppleWebKit/537.36 (KHTML, like Gecko; compatible; ClaudeBot/1.0; +claudebot@anthropic.com)"
192.178.4.167 - - [15/Sep/2026:11:28:29 +0200] "GET /?v=44722122670602 HTTP/1.1" 200 8793 "-" "Mozilla/5.0 (Linux; Android 6.0.1; Nexus 5X Build/MMB29P) AppleWebKit/537.36 (KHTML, like Gecko) Chrome/152.0.7977.82 Mobile Safari/537.36 (compatible; Googlebot/2.1; +http://www.google.com/bot.html)"
192.178.4.166 - - [15/Sep/2026:11:30:14 +0200] "GET /?v=11818176259100 HTTP/1.1" 200 8777 "-" "Mozilla/5.0 (Linux; Android 6.0.1; Nexus 5X Build/MMB29P) AppleWebKit/537.36 (KHTML, like Gecko) Chrome/152.0.7977.82 Mobile Safari/537.36 (compatible; Googlebot/2.1; +http://www.google.com/bot.html)"
192.178.4.166 - - [15/Sep/2026:11:31:09 +0200] "GET /?v=4119992984101 HTTP/1.1" 200 8793 "-" "Mozilla/5.0 (Linux; Android 6.0.1; Nexus 5X Build/MMB29P) AppleWebKit/537.36 (KHTML, like Gecko) Chrome/152.0.7977.82 Mobile Safari/537.36 (compatible; Googlebot/2.1; +http://www.google.com/bot.html)"
74.7.243.236 - - [15/Sep/2026:11:31:23 +0200] "GET /sitemap.xml?lokasie=/var/www/vhosts/cvevolpi.it/httpdocs/wp-signup.php&loknya=/var/www/vhosts/cvevolpi.it/httpdocs HTTP/1.1" 403 23059 "https://www.cvevolpi.it/sitemap.xml" "Mozilla/5.0 AppleWebKit/537.36 (KHTML, like Gecko; compatible; GPTBot/1.4; +https://openai.com/gptbot)"
192.178.4.166 - - [15/Sep/2026:11:32:01 +0200] "GET /?v=7108537683600 HTTP/1.1" 200 8761 "-" "Mozilla/5.0 (Linux; Android 6.0.1; Nexus 5X Build/MMB29P) AppleWebKit/537.36 (KHTML, like Gecko) Chrome/152.0.7977.82 Mobile Safari/537.36 (compatible; Googlebot/2.1; +http://www.google.com/bot.html)"
192.178.4.167 - - [15/Sep/2026:11:32:53 +0200] "GET /?v=9341091031100 HTTP/1.1" 200 8761 "-" "Mozilla/5.0 (Linux; Android 6.0.1; Nexus 5X Build/MMB29P) AppleWebKit/537.36 (KHTML, like Gecko) Chrome/152.0.7977.82 Mobile Safari/537.36 (compatible; Googlebot/2.1; +http://www.google.com/bot.html)"
74.7.243.236 - - [15/Sep/2026:11:32:57 +0200] "GET /sitemap.xml?lokasie=/var/www/vhosts/cvevolpi.it/httpdocs/wp-login.php&loknya=/var/www/vhosts/cvevolpi.it/httpdocs HTTP/1.1" 403 23059 "https://www.cvevolpi.it/sitemap.xml" "Mozilla/5.0 AppleWebKit/537.36 (KHTML, like Gecko; compatible; GPTBot/1.4; +https://openai.com/gptbot)"
192.178.4.168 - - [15/Sep/2026:11:33:45 +0200] "GET /?v=5801938845100 HTTP/1.1" 200 8759 "-" "Mozilla/5.0 (Linux; Android 6.0.1; Nexus 5X Build/MMB29P) AppleWebKit/537.36 (KHTML, like Gecko) Chrome/152.0.7977.82 Mobile Safari/537.36 (compatible; Googlebot/2.1; +http://www.google.com/bot.html)"
192.178.4.167 - - [15/Sep/2026:11:34:35 +0200] "GET /?v=51012142970403 HTTP/1.1" 200 8761 "-" "Mozilla/5.0 (Linux; Android 6.0.1; Nexus 5X Build/MMB29P) AppleWebKit/537.36 (KHTML, like Gecko) Chrome/152.0.7977.82 Mobile Safari/537.36 (compatible; Googlebot/2.1; +http://www.google.com/bot.html)"
34.194.228.118 - - [15/Sep/2026:11:35:32 +0200] "GET /robots.txt HTTP/1.1" 200 8762 "-" "Mozilla/5.0 (Macintosh; Intel Mac OS X 10_10_1) AppleWebKit/600.2.5 (KHTML, like Gecko) Version/8.0.2 Safari/600.2.5 (Gort)"
192.178.4.166 - - [15/Sep/2026:11:36:13 +0200] "GET /?v=9808883313600 HTTP/1.1" 200 8761 "-" "Mozilla/5.0 (Linux; Android 6.0.1; Nexus 5X Build/MMB29P) AppleWebKit/537.36 (KHTML, like Gecko) Chrome/152.0.7977.82 Mobile Safari/537.36 (compatible; Googlebot/2.1; +http://www.google.com/bot.html)"
192.178.4.168 - - [15/Sep/2026:11:36:14 +0200] "GET /?v=7120659540803 HTTP/1.1" 200 8775 "-" "Mozilla/5.0 (Linux; Android 6.0.1; Nexus 5X Build/MMB29P) AppleWebKit/537.36 (KHTML, like Gecko) Chrome/152.0.7977.82 Mobile Safari/537.36 (compatible; Googlebot/2.1; +http://www.google.com/bot.html)"
192.178.4.166 - - [15/Sep/2026:11:37:04 +0200] "GET /?v=63467158975200 HTTP/1.1" 200 8777 "-" "Mozilla/5.0 (Linux; Android 6.0.1; Nexus 5X Build/MMB29P) AppleWebKit/537.36 (KHTML, like Gecko) Chrome/152.0.7977.82 Mobile Safari/537.36 (compatible; Googlebot/2.1; +http://www.google.com/bot.html)"
192.178.4.168 - - [15/Sep/2026:11:37:05 +0200] "GET /?v=1240967601100 HTTP/1.1" 200 8759 "-" "Mozilla/5.0 (Linux; Android 6.0.1; Nexus 5X Build/MMB29P) AppleWebKit/537.36 (KHTML, like Gecko) Chrome/152.0.7977.82 Mobile Safari/537.36 (compatible; Googlebot/2.1; +http://www.google.com/bot.html)"
74.7.243.236 - - [15/Sep/2026:11:38:08 +0200] "GET / HTTP/1.1" 200 8777 "-" "Mozilla/5.0 AppleWebKit/537.36 (KHTML, like Gecko; compatible; GPTBot/1.4; +https://openai.com/gptbot)"
74.7.243.236 - - [15/Sep/2026:11:38:14 +0200] "GET /?loknya=/var/www/vhosts/cvevolpi.it/ HTTP/1.1" 200 8079 "https://www.cvevolpi.it/" "Mozilla/5.0 AppleWebKit/537.36 (KHTML, like Gecko; compatible; GPTBot/1.4; +https://openai.com/gptbot)"
74.7.243.236 - - [15/Sep/2026:11:38:14 +0200] "GET /?lokasie=/var/www/vhosts/cvevolpi.it/httpdocs/readme.html&loknya=/var/www/vhosts/cvevolpi.it/httpdocs HTTP/1.1" 200 10199 "https://www.cvevolpi.it/" "Mozilla/5.0 AppleWebKit/537.36 (KHTML, like Gecko; compatible; GPTBot/1.4; +https://openai.com/gptbot)"
74.7.243.236 - - [15/Sep/2026:11:38:15 +0200] "GET /?lokasie=/var/www/vhosts/cvevolpi.it/httpdocs/.htaccess&loknya=/var/www/vhosts/cvevolpi.it/httpdocs HTTP/1.1" 403 5690 "https://www.cvevolpi.it/" "Mozilla/5.0 AppleWebKit/537.36 (KHTML, like Gecko; compatible; GPTBot/1.4; +https://openai.com/gptbot)"
74.7.243.236 - - [15/Sep/2026:11:38:15 +0200] "GET /?loknya=/ HTTP/1.1" 200 7314 "https://www.cvevolpi.it/" "Mozilla/5.0 AppleWebKit/537.36 (KHTML, like Gecko; compatible; GPTBot/1.4; +https://openai.com/gptbot)"
74.7.243.236 - - [15/Sep/2026:11:38:16 +0200] "GET /?loknya=/var/www HTTP/1.1" 200 7333 "https://www.cvevolpi.it/" "Mozilla/5.0 AppleWebKit/537.36 (KHTML, like Gecko; compatible; GPTBot/1.4; +https://openai.com/gptbot)"
74.7.243.236 - - [15/Sep/2026:11:38:16 +0200] "GET /?loknya=/var HTTP/1.1" 200 7338 "https://www.cvevolpi.it/" "Mozilla/5.0 AppleWebKit/537.36 (KHTML, like Gecko; compatible; GPTBot/1.4; +https://openai.com/gptbot)"
74.7.243.236 - - [15/Sep/2026:11:38:17 +0200] "GET /?lokasie=/var/www/vhosts/cvevolpi.it/httpdocs/index.php&loknya=/var/www/vhosts/cvevolpi.it/httpdocs HTTP/1.1" 200 7349 "https://www.cvevolpi.it/" "Mozilla/5.0 AppleWebKit/537.36 (KHTML, like Gecko; compatible; GPTBot/1.4; +https://openai.com/gptbot)"
74.7.243.236 - - [15/Sep/2026:11:38:17 +0200] "GET /?lokasie=/var/www/vhosts/cvevolpi.it/httpdocs/xmlrpc.php&loknya=/var/www/vhosts/cvevolpi.it/httpdocs HTTP/1.1" 200 8537 "https://www.cvevolpi.it/" "Mozilla/5.0 AppleWebKit/537.36 (KHTML, like Gecko; compatible; GPTBot/1.4; +https://openai.com/gptbot)"
74.7.243.236 - - [15/Sep/2026:11:38:18 +0200] "GET /?lokasie=/var/www/vhosts/cvevolpi.it/httpdocs/license.txt&loknya=/var/www/vhosts/cvevolpi.it/httpdocs HTTP/1.1" 200 14527 "https://www.cvevolpi.it/" "Mozilla/5.0 AppleWebKit/537.36 (KHTML, like Gecko; compatible; GPTBot/1.4; +https://openai.com/gptbot)"
74.7.243.236 - - [15/Sep/2026:11:38:18 +0200] "GET /?lokasie=/var/www/vhosts/cvevolpi.it/httpdocs/wp-links-opml.php&loknya=/var/www/vhosts/cvevolpi.it/httpdocs HTTP/1.1" 200 8263 "https://www.cvevolpi.it/" "Mozilla/5.0 AppleWebKit/537.36 (KHTML, like Gecko; compatible; GPTBot/1.4; +https://openai.com/gptbot)"
74.7.243.236 - - [15/Sep/2026:11:38:19 +0200] "GET /?lokasie=/var/www/vhosts/cvevolpi.it/httpdocs/wp-mail.php&loknya=/var/www/vhosts/cvevolpi.it/httpdocs HTTP/1.1" 200 10173 "https://www.cvevolpi.it/" "Mozilla/5.0 AppleWebKit/537.36 (KHTML, like Gecko; compatible; GPTBot/1.4; +https://openai.com/gptbot)"
74.7.243.236 - - [15/Sep/2026:11:38:19 +0200] "GET /?lokasie=/var/www/vhosts/cvevolpi.it//.imunify_patch_id&loknya=/var/www/vhosts/cvevolpi.it/ HTTP/1.1" 200 7209 "https://www.cvevolpi.it/?loknya=/var/www/vhosts/cvevolpi.it/" "Mozilla/5.0 AppleWebKit/537.36 (KHTML, like Gecko; compatible; GPTBot/1.4; +https://openai.com/gptbot)"
74.7.243.236 - - [15/Sep/2026:11:38:20 +0200] "GET /?lokasie=/var/www/vhosts/cvevolpi.it//.myimunify_id&loknya=/var/www/vhosts/cvevolpi.it/ HTTP/1.1" 200 7205 "https://www.cvevolpi.it/?loknya=/var/www/vhosts/cvevolpi.it/" "Mozilla/5.0 AppleWebKit/537.36 (KHTML, like Gecko; compatible; GPTBot/1.4; +https://openai.com/gptbot)"
74.7.243.236 - - [15/Sep/2026:11:38:20 +0200] "GET /?lokasie=/var/www/vhosts/cvevolpi.it/httpdocs/wp-cron.php&loknya=/var/www/vhosts/cvevolpi.it/httpdocs HTTP/1.1" 200 9192 "https://www.cvevolpi.it/" "Mozilla/5.0 AppleWebKit/537.36 (KHTML, like Gecko; compatible; GPTBot/1.4; +https://openai.com/gptbot)"
74.7.243.236 - - [15/Sep/2026:11:38:21 +0200] "GET /?loknya=/var/www/vhosts HTTP/1.1" 200 7356 "https://www.cvevolpi.it/" "Mozilla/5.0 AppleWebKit/537.36 (KHTML, like Gecko; compatible; GPTBot/1.4; +https://openai.com/gptbot)"
74.7.243.236 - - [15/Sep/2026:11:38:21 +0200] "GET /?loknya=/var/ HTTP/1.1" 200 7325 "https://www.cvevolpi.it/?loknya=/var/www" "Mozilla/5.0 AppleWebKit/537.36 (KHTML, like Gecko; compatible; GPTBot/1.4; +https://openai.com/gptbot)"
74.7.243.236 - - [15/Sep/2026:11:38:22 +0200] "GET /?lokasie=/var/www/vhosts/cvevolpi.it/httpdocs/wp-trackback.php&loknya=/var/www/vhosts/cvevolpi.it/httpdocs HTTP/1.1" 200 9075 "https://www.cvevolpi.it/" "Mozilla/5.0 AppleWebKit/537.36 (KHTML, like Gecko; compatible; GPTBot/1.4; +https://openai.com/gptbot)"
74.7.243.236 - - [15/Sep/2026:11:38:22 +0200] "GET /?lokasie=/var/www/vhosts/cvevolpi.it/httpdocs/wp-settings.php&loknya=/var/www/vhosts/cvevolpi.it/httpdocs HTTP/1.1" 200 13749 "https://www.cvevolpi.it/" "Mozilla/5.0 AppleWebKit/537.36 (KHTML, like Gecko; compatible; GPTBot/1.4; +https://openai.com/gptbot)"
74.7.243.236 - - [15/Sep/2026:11:38:23 +0200] "GET /?loknya=/var/www/vhosts/ HTTP/1.1" 200 7330 "https://www.cvevolpi.it/?loknya=/var/www/vhosts/cvevolpi.it/" "Mozilla/5.0 AppleWebKit/537.36 (KHTML, like Gecko; compatible; GPTBot/1.4; +https://openai.com/gptbot)"
74.7.243.236 - - [15/Sep/2026:11:38:23 +0200] "GET /?lokasie=/var/www/vhosts/cvevolpi.it/httpdocs/wp-config.php&loknya=/var/www/vhosts/cvevolpi.it/httpdocs HTTP/1.1" 403 5690 "https://www.cvevolpi.it/" "Mozilla/5.0 AppleWebKit/537.36 (KHTML, like Gecko; compatible; GPTBot/1.4; +https://openai.com/gptbot)"
74.7.243.236 - - [15/Sep/2026:11:38:24 +0200] "GET /?loknya=/var/www/vhosts/cvevolpi.it/.ssh HTTP/1.1" 200 7595 "https://www.cvevolpi.it/?loknya=/var/www/vhosts/cvevolpi.it/" "Mozilla/5.0 AppleWebKit/537.36 (KHTML, like Gecko; compatible; GPTBot/1.4; +https://openai.com/gptbot)"
74.7.243.236 - - [15/Sep/2026:11:38:24 +0200] "GET /?loknya=/var/www/vhosts/cvevolpi.it HTTP/1.1" 200 8058 "https://www.cvevolpi.it/" "Mozilla/5.0 AppleWebKit/537.36 (KHTML, like Gecko; compatible; GPTBot/1.4; +https://openai.com/gptbot)"
74.7.243.236 - - [15/Sep/2026:11:38:25 +0200] "GET /?lokasie=/var/www/vhosts/cvevolpi.it/httpdocs/wp-login.php&loknya=/var/www/vhosts/cvevolpi.it/httpdocs HTTP/1.1" 200 20509 "https://www.cvevolpi.it/" "Mozilla/5.0 AppleWebKit/537.36 (KHTML, like Gecko; compatible; GPTBot/1.4; +https://openai.com/gptbot)"
74.7.243.236 - - [15/Sep/2026:11:38:25 +0200] "GET /?loknya=/var/www/vhosts/cvevolpi.it/httpdocs HTTP/1.1" 200 8777 "https://www.cvevolpi.it/" "Mozilla/5.0 AppleWebKit/537.36 (KHTML, like Gecko; compatible; GPTBot/1.4; +https://openai.com/gptbot)"
74.7.243.236 - - [15/Sep/2026:11:38:26 +0200] "GET /?lokasie=/var/www/vhosts/cvevolpi.it/httpdocs/wp-load.php&loknya=/var/www/vhosts/cvevolpi.it/httpdocs HTTP/1.1" 200 8757 "https://www.cvevolpi.it/" "Mozilla/5.0 AppleWebKit/537.36 (KHTML, like Gecko; compatible; GPTBot/1.4; +https://openai.com/gptbot)"
74.7.243.236 - - [15/Sep/2026:11:38:26 +0200] "GET /?loknya=/var/www/ HTTP/1.1" 200 7338 "https://www.cvevolpi.it/?loknya=/var/www/vhosts" "Mozilla/5.0 AppleWebKit/537.36 (KHTML, like Gecko; compatible; GPTBot/1.4; +https://openai.com/gptbot)"
74.7.243.236 - - [15/Sep/2026:11:38:27 +0200] "GET /?lokasie=/var/www/vhosts/cvevolpi.it/httpdocs/wp.zip&loknya=/var/www/vhosts/cvevolpi.it/httpdocs HTTP/1.1" 200 7130 "https://www.cvevolpi.it/" "Mozilla/5.0 AppleWebKit/537.36 (KHTML, like Gecko; compatible; GPTBot/1.4; +https://openai.com/gptbot)"
74.7.243.236 - - [15/Sep/2026:11:38:27 +0200] "GET /?lokasie=/var/www/vhosts/cvevolpi.it/httpdocs/wp-activate.php&loknya=/var/www/vhosts/cvevolpi.it/httpdocs HTTP/1.1" 200 9761 "https://www.cvevolpi.it/" "Mozilla/5.0 AppleWebKit/537.36 (KHTML, like Gecko; compatible; GPTBot/1.4; +https://openai.com/gptbot)"
74.7.243.236 - - [15/Sep/2026:11:38:28 +0200] "GET /?loknya=/var/www/vhosts/cvevolpi.it/.composer HTTP/1.1" 200 7739 "https://www.cvevolpi.it/?loknya=/var/www/vhosts/cvevolpi.it/" "Mozilla/5.0 AppleWebKit/537.36 (KHTML, like Gecko; compatible; GPTBot/1.4; +https://openai.com/gptbot)"
74.7.243.236 - - [15/Sep/2026:11:38:28 +0200] "GET /?loknya=/var/www/vhosts/cvevolpi.it/.trash HTTP/1.1" 200 7394 "https://www.cvevolpi.it/?loknya=/var/www/vhosts/cvevolpi.it/" "Mozilla/5.0 AppleWebKit/537.36 (KHTML, like Gecko; compatible; GPTBot/1.4; +https://openai.com/gptbot)"
74.7.243.236 - - [15/Sep/2026:11:38:29 +0200] "GET /?lokasie=/var/www/vhosts/cvevolpi.it/httpdocs/wp-blog-header.php&loknya=/var/www/vhosts/cvevolpi.it/httpdocs HTTP/1.1" 200 7334 "https://www.cvevolpi.it/" "Mozilla/5.0 AppleWebKit/537.36 (KHTML, like Gecko; compatible; GPTBot/1.4; +https://openai.com/gptbot)"
74.7.243.236 - - [15/Sep/2026:11:38:29 +0200] "GET /?lokasie=/var/www/vhosts/cvevolpi.it/.ssh/id_rsa.pub&loknya=/var/www/vhosts/cvevolpi.it/.ssh HTTP/1.1" 403 5690 "https://www.cvevolpi.it/?loknya=/var/www/vhosts/cvevolpi.it/.ssh" "Mozilla/5.0 AppleWebKit/537.36 (KHTML, like Gecko; compatible; GPTBot/1.4; +https://openai.com/gptbot)"
74.7.243.236 - - [15/Sep/2026:11:38:30 +0200] "GET /?lokasie=/var/www/vhosts/cvevolpi.it/.ssh/id_rsa&loknya=/var/www/vhosts/cvevolpi.it/.ssh HTTP/1.1" 403 5674 "https://www.cvevolpi.it/?loknya=/var/www/vhosts/cvevolpi.it/.ssh" "Mozilla/5.0 AppleWebKit/537.36 (KHTML, like Gecko; compatible; GPTBot/1.4; +https://openai.com/gptbot)"
74.7.243.236 - - [15/Sep/2026:11:38:30 +0200] "GET /?lokasie=/var/www/vhosts/cvevolpi.it/.myimunify_id&loknya=/var/www/vhosts/cvevolpi.it HTTP/1.1" 200 7221 "https://www.cvevolpi.it/?loknya=/var/www/vhosts/cvevolpi.it" "Mozilla/5.0 AppleWebKit/537.36 (KHTML, like Gecko; compatible; GPTBot/1.4; +https://openai.com/gptbot)"
74.7.243.236 - - [15/Sep/2026:11:38:31 +0200] "GET /?lokasie=/var/www/vhosts/cvevolpi.it/.imunify_patch_id&loknya=/var/www/vhosts/cvevolpi.it HTTP/1.1" 200 7224 "https://www.cvevolpi.it/?loknya=/var/www/vhosts/cvevolpi.it" "Mozilla/5.0 AppleWebKit/537.36 (KHTML, like Gecko; compatible; GPTBot/1.4; +https://openai.com/gptbot)"
74.7.243.236 - - [15/Sep/2026:11:38:31 +0200] "GET /?loknya=/var/www/vhosts/cvevolpi.it/logs HTTP/1.1" 200 13552 "https://www.cvevolpi.it/?loknya=/var/www/vhosts/cvevolpi.it/" "Mozilla/5.0 AppleWebKit/537.36 (KHTML, like Gecko; compatible; GPTBot/1.4; +https://openai.com/gptbot)"
74.7.243.236 - - [15/Sep/2026:11:38:32 +0200] "GET /?loknya=/var/www/vhosts/cvevolpi.it/httpdocs/tmp HTTP/1.1" 200 7530 "https://www.cvevolpi.it/" "Mozilla/5.0 AppleWebKit/537.36 (KHTML, like Gecko; compatible; GPTBot/1.4; +https://openai.com/gptbot)"
74.7.243.236 - - [15/Sep/2026:11:38:32 +0200] "GET /?loknya=/var/www/vhosts/cvevolpi.it/httpdocs/cgi-bin HTTP/1.1" 200 7596 "https://www.cvevolpi.it/" "Mozilla/5.0 AppleWebKit/537.36 (KHTML, like Gecko; compatible; GPTBot/1.4; +https://openai.com/gptbot)"
74.7.243.236 - - [15/Sep/2026:11:38:33 +0200] "GET /?lokasie=/var/www/vhosts/cvevolpi.it/httpdocs/wp-config-sample.php&loknya=/var/www/vhosts/cvevolpi.it/httpdocs HTTP/1.1" 200 8400 "https://www.cvevolpi.it/" "Mozilla/5.0 AppleWebKit/537.36 (KHTML, like Gecko; compatible; GPTBot/1.4; +https://openai.com/gptbot)"
74.7.243.236 - - [15/Sep/2026:11:38:33 +0200] "GET /?lokasie=/var/www/vhosts/cvevolpi.it/.composer/.htaccess&loknya=/var/www/vhosts/cvevolpi.it/.composer HTTP/1.1" 403 5690 "https://www.cvevolpi.it/?loknya=/var/www/vhosts/cvevolpi.it/.composer" "Mozilla/5.0 AppleWebKit/537.36 (KHTML, like Gecko; compatible; GPTBot/1.4; +https://openai.com/gptbot)"
74.7.243.236 - - [15/Sep/2026:11:38:34 +0200] "GET /?lokasie=/var/www/vhosts/cvevolpi.it/.composer/composer.json&loknya=/var/www/vhosts/cvevolpi.it/.composer HTTP/1.1" 403 5674 "https://www.cvevolpi.it/?loknya=/var/www/vhosts/cvevolpi.it/.composer" "Mozilla/5.0 AppleWebKit/537.36 (KHTML, like Gecko; compatible; GPTBot/1.4; +https://openai.com/gptbot)"
192.178.4.167 - - [15/Sep/2026:11:38:47 +0200] "GET /?v=09082110061601 HTTP/1.1" 200 8777 "-" "Mozilla/5.0 (Linux; Android 6.0.1; Nexus 5X Build/MMB29P) AppleWebKit/537.36 (KHTML, like Gecko) Chrome/152.0.7977.82 Mobile Safari/537.36 (compatible; Googlebot/2.1; +http://www.google.com/bot.html)"
192.178.4.167 - - [15/Sep/2026:11:39:37 +0200] "GET /?v=7518810687400 HTTP/1.1" 200 8793 "-" "Mozilla/5.0 (Linux; Android 6.0.1; Nexus 5X Build/MMB29P) AppleWebKit/537.36 (KHTML, like Gecko) Chrome/152.0.7977.82 Mobile Safari/537.36 (compatible; Googlebot/2.1; +http://www.google.com/bot.html)"
192.178.4.166 - - [15/Sep/2026:11:40:26 +0200] "GET /?v=1402228225101 HTTP/1.1" 200 8777 "-" "Mozilla/5.0 (Linux; Android 6.0.1; Nexus 5X Build/MMB29P) AppleWebKit/537.36 (KHTML, like Gecko) Chrome/152.0.7977.82 Mobile Safari/537.36 (compatible; Googlebot/2.1; +http://www.google.com/bot.html)"
74.7.175.179 - - [15/Sep/2026:11:40:32 +0200] "GET /robots.txt HTTP/1.1" 200 8775 "-" "Mozilla/5.0 (Macintosh; Intel Mac OS X 10_15_7) AppleWebKit/537.36 (KHTML, like Gecko) Chrome/131.0.0.0 Safari/537.36; compatible; OAI-SearchBot/1.4; robots.txt; +https://openai.com/searchbot"
192.178.4.167 - - [15/Sep/2026:11:41:16 +0200] "GET /?v=04810120568100 HTTP/1.1" 200 8793 "-" "Mozilla/5.0 (Linux; Android 6.0.1; Nexus 5X Build/MMB29P) AppleWebKit/537.36 (KHTML, like Gecko) Chrome/152.0.7977.82 Mobile Safari/537.36 (compatible; Googlebot/2.1; +http://www.google.com/bot.html)"
192.178.4.167 - - [15/Sep/2026:11:41:17 +0200] "GET /?v=5115745070302 HTTP/1.1" 200 8777 "-" "Mozilla/5.0 (Linux; Android 6.0.1; Nexus 5X Build/MMB29P) AppleWebKit/537.36 (KHTML, like Gecko) Chrome/152.0.7977.82 Mobile Safari/537.36 (compatible; Googlebot/2.1; +http://www.google.com/bot.html)"
192.178.4.167 - - [15/Sep/2026:11:42:06 +0200] "GET /?v=0784715541601 HTTP/1.1" 200 8777 "-" "Mozilla/5.0 (Linux; Android 6.0.1; Nexus 5X Build/MMB29P) AppleWebKit/537.36 (KHTML, like Gecko) Chrome/152.0.7977.82 Mobile Safari/537.36 (compatible; Googlebot/2.1; +http://www.google.com/bot.html)"
192.178.4.168 - - [15/Sep/2026:11:44:00 +0200] "GET /?v=749529834600 HTTP/1.1" 200 8775 "-" "Mozilla/5.0 (Linux; Android 6.0.1; Nexus 5X Build/MMB29P) AppleWebKit/537.36 (KHTML, like Gecko) Chrome/152.0.7977.82 Mobile Safari/537.36 (compatible; Googlebot/2.1; +http://www.google.com/bot.html)"
192.178.4.166 - - [15/Sep/2026:11:45:04 +0200] "GET /?v=0871765759900 HTTP/1.1" 200 8761 "-" "Mozilla/5.0 (Linux; Android 6.0.1; Nexus 5X Build/MMB29P) AppleWebKit/537.36 (KHTML, like Gecko) Chrome/152.0.7977.82 Mobile Safari/537.36 (compatible; Googlebot/2.1; +http://www.google.com/bot.html)"
192.178.4.168 - - [15/Sep/2026:11:45:05 +0200] "GET /?v=0767515032206 HTTP/1.1" 200 8775 "-" "Mozilla/5.0 (Linux; Android 6.0.1; Nexus 5X Build/MMB29P) AppleWebKit/537.36 (KHTML, like Gecko) Chrome/152.0.7977.82 Mobile Safari/537.36 (compatible; Googlebot/2.1; +http://www.google.com/bot.html)"
192.178.4.166 - - [15/Sep/2026:11:46:58 +0200] "GET /?v=63253144623401 HTTP/1.1" 200 8761 "-" "Mozilla/5.0 (Linux; Android 6.0.1; Nexus 5X Build/MMB29P) AppleWebKit/537.36 (KHTML, like Gecko) Chrome/152.0.7977.82 Mobile Safari/537.36 (compatible; Googlebot/2.1; +http://www.google.com/bot.html)"
192.178.4.167 - - [15/Sep/2026:11:46:59 +0200] "GET /?v=41991169731702 HTTP/1.1" 200 8777 "-" "Mozilla/5.0 (Linux; Android 6.0.1; Nexus 5X Build/MMB29P) AppleWebKit/537.36 (KHTML, like Gecko) Chrome/152.0.7977.82 Mobile Safari/537.36 (compatible; Googlebot/2.1; +http://www.google.com/bot.html)"
192.178.4.167 - - [15/Sep/2026:11:48:23 +0200] "GET /?v=37751205108501 HTTP/1.1" 200 8793 "-" "Mozilla/5.0 (Linux; Android 6.0.1; Nexus 5X Build/MMB29P) AppleWebKit/537.36 (KHTML, like Gecko) Chrome/152.0.7977.82 Mobile Safari/537.36 (compatible; Googlebot/2.1; +http://www.google.com/bot.html)"
74.7.243.236 - - [15/Sep/2026:11:48:39 +0200] "GET /?lokasie=/var/www/vhosts/cvevolpi.it/logs/error_log.26.gz&loknya=/var/www/vhosts/cvevolpi.it/logs HTTP/1.1" 403 5706 "https://www.cvevolpi.it/?loknya=/var/www/vhosts/cvevolpi.it/logs" "Mozilla/5.0 AppleWebKit/537.36 (KHTML, like Gecko; compatible; GPTBot/1.4; +https://openai.com/gptbot)"
74.7.243.236 - - [15/Sep/2026:11:48:59 +0200] "GET /?lokasie=/var/www/vhosts/cvevolpi.it/logs/error_log.31.gz&loknya=/var/www/vhosts/cvevolpi.it/logs HTTP/1.1" 403 5674 "https://www.cvevolpi.it/?loknya=/var/www/vhosts/cvevolpi.it/logs" "Mozilla/5.0 AppleWebKit/537.36 (KHTML, like Gecko; compatible; GPTBot/1.4; +https://openai.com/gptbot)"
74.7.243.236 - - [15/Sep/2026:11:49:19 +0200] "GET /?lokasie=/var/www/vhosts/cvevolpi.it/logs/error_log.19.gz&loknya=/var/www/vhosts/cvevolpi.it/logs HTTP/1.1" 403 5690 "https://www.cvevolpi.it/?loknya=/var/www/vhosts/cvevolpi.it/logs" "Mozilla/5.0 AppleWebKit/537.36 (KHTML, like Gecko; compatible; GPTBot/1.4; +https://openai.com/gptbot)"
74.7.243.236 - - [15/Sep/2026:11:49:39 +0200] "GET /?lokasie=/var/www/vhosts/cvevolpi.it/logs/error_log.18.gz&loknya=/var/www/vhosts/cvevolpi.it/logs HTTP/1.1" 403 5674 "https://www.cvevolpi.it/?loknya=/var/www/vhosts/cvevolpi.it/logs" "Mozilla/5.0 AppleWebKit/537.36 (KHTML, like Gecko; compatible; GPTBot/1.4; +https://openai.com/gptbot)"
192.178.4.166 - - [15/Sep/2026:11:49:40 +0200] "GET /?v=1383971827700 HTTP/1.1" 200 8777 "-" "Mozilla/5.0 (Linux; Android 6.0.1; Nexus 5X Build/MMB29P) AppleWebKit/537.36 (KHTML, like Gecko) Chrome/152.0.7977.82 Mobile Safari/537.36 (compatible; Googlebot/2.1; +http://www.google.com/bot.html)"
74.7.243.236 - - [15/Sep/2026:11:49:59 +0200] "GET /?lokasie=/var/www/vhosts/cvevolpi.it/logs/error_log.30.gz&loknya=/var/www/vhosts/cvevolpi.it/logs HTTP/1.1" 403 5706 "https://www.cvevolpi.it/?loknya=/var/www/vhosts/cvevolpi.it/logs" "Mozilla/5.0 AppleWebKit/537.36 (KHTML, like Gecko; compatible; GPTBot/1.4; +https://openai.com/gptbot)"
192.178.4.168 - - [15/Sep/2026:11:51:43 +0200] "GET /?v=88229165319703 HTTP/1.1" 200 8775 "-" "Mozilla/5.0 (Linux; Android 6.0.1; Nexus 5X Build/MMB29P) AppleWebKit/537.36 (KHTML, like Gecko) Chrome/152.0.7977.82 Mobile Safari/537.36 (compatible; Googlebot/2.1; +http://www.google.com/bot.html)"
192.178.4.166 - - [15/Sep/2026:11:52:45 +0200] "GET /?v=97749115387404 HTTP/1.1" 200 8761 "-" "Mozilla/5.0 (Linux; Android 6.0.1; Nexus 5X Build/MMB29P) AppleWebKit/537.36 (KHTML, like Gecko) Chrome/152.0.7977.82 Mobile Safari/537.36 (compatible; Googlebot/2.1; +http://www.google.com/bot.html)"
192.178.4.167 - - [15/Sep/2026:11:53:02 +0200] "GET /portfolio/cancelli-2/ HTTP/1.1" 200 8761 "-" "Mozilla/5.0 (Linux; Android 6.0.1; Nexus 5X Build/MMB29P) AppleWebKit/537.36 (KHTML, like Gecko) Chrome/152.0.7977.82 Mobile Safari/537.36 (compatible; Googlebot/2.1; +http://www.google.com/bot.html)"
192.178.4.166 - - [15/Sep/2026:11:54:48 +0200] "GET /?v=9005897952100 HTTP/1.1" 200 8777 "-" "Mozilla/5.0 (Linux; Android 6.0.1; Nexus 5X Build/MMB29P) AppleWebKit/537.36 (KHTML, like Gecko) Chrome/152.0.7977.82 Mobile Safari/537.36 (compatible; Googlebot/2.1; +http://www.google.com/bot.html)"
192.178.4.167 - - [15/Sep/2026:11:54:50 +0200] "GET /?v=73544207180000 HTTP/1.1" 200 8761 "-" "Mozilla/5.0 (Linux; Android 6.0.1; Nexus 5X Build/MMB29P) AppleWebKit/537.36 (KHTML, like Gecko) Chrome/152.0.7977.82 Mobile Safari/537.36 (compatible; Googlebot/2.1; +http://www.google.com/bot.html)"
192.178.4.167 - - [15/Sep/2026:11:55:36 +0200] "GET /?v=2054566222801 HTTP/1.1" 200 8761 "-" "Mozilla/5.0 (Linux; Android 6.0.1; Nexus 5X Build/MMB29P) AppleWebKit/537.36 (KHTML, like Gecko) Chrome/152.0.7977.82 Mobile Safari/537.36 (compatible; Googlebot/2.1; +http://www.google.com/bot.html)"
51.81.169.199 - - [15/Sep/2026:11:56:54 +0200] "GET /wp-sitemap.xml HTTP/1.1" 200 8778 "-" "Mozilla/5.0 (compatible; AhrefsBot/7.0; +http://ahrefs.com/robot/)"
192.178.4.168 - - [15/Sep/2026:11:57:59 +0200] "GET /?v=4553055606900 HTTP/1.1" 200 8759 "-" "Mozilla/5.0 (Linux; Android 6.0.1; Nexus 5X Build/MMB29P) AppleWebKit/537.36 (KHTML, like Gecko) Chrome/152.0.7977.82 Mobile Safari/537.36 (compatible; Googlebot/2.1; +http://www.google.com/bot.html)"
192.178.4.166 - - [15/Sep/2026:11:59:01 +0200] "GET /?v=8156273888100 HTTP/1.1" 200 8777 "-" "Mozilla/5.0 (Linux; Android 6.0.1; Nexus 5X Build/MMB29P) AppleWebKit/537.36 (KHTML, like Gecko) Chrome/152.0.7977.82 Mobile Safari/537.36 (compatible; Googlebot/2.1; +http://www.google.com/bot.html)"
74.7.243.236 - - [15/Sep/2026:12:00:29 +0200] "GET /?lokasie=/var/www/vhosts/cvevolpi.it/logs/access_log.processed.13.gz&loknya=/var/www/vhosts/cvevolpi.it/logs HTTP/1.1" 403 5690 "https://www.cvevolpi.it/?loknya=/var/www/vhosts/cvevolpi.it/logs" "Mozilla/5.0 AppleWebKit/537.36 (KHTML, like Gecko; compatible; GPTBot/1.4; +https://openai.com/gptbot)"
74.7.243.236 - - [15/Sep/2026:12:00:49 +0200] "GET /?lokasie=/var/www/vhosts/cvevolpi.it/logs/access_log.processed.10.gz&loknya=/var/www/vhosts/cvevolpi.it/logs HTTP/1.1" 403 5690 "https://www.cvevolpi.it/?loknya=/var/www/vhosts/cvevolpi.it/logs" "Mozilla/5.0 AppleWebKit/537.36 (KHTML, like Gecko; compatible; GPTBot/1.4; +https://openai.com/gptbot)"
192.178.4.167 - - [15/Sep/2026:12:01:03 +0200] "GET /?v=12705197305502 HTTP/1.1" 200 8777 "-" "Mozilla/5.0 (Linux; Android 6.0.1; Nexus 5X Build/MMB29P) AppleWebKit/537.36 (KHTML, like Gecko) Chrome/152.0.7977.82 Mobile Safari/537.36 (compatible; Googlebot/2.1; +http://www.google.com/bot.html)"
74.7.243.236 - - [15/Sep/2026:12:01:09 +0200] "GET /?lokasie=/var/www/vhosts/cvevolpi.it/logs/access_ssl_log.processed.23.gz&loknya=/var/www/vhosts/cvevolpi.it/logs HTTP/1.1" 200 7126 "https://www.cvevolpi.it/?loknya=/var/www/vhosts/cvevolpi.it/logs" "Mozilla/5.0 AppleWebKit/537.36 (KHTML, like Gecko; compatible; GPTBot/1.4; +https://openai.com/gptbot)"
74.7.243.236 - - [15/Sep/2026:12:01:29 +0200] "GET /?lokasie=/var/www/vhosts/cvevolpi.it/logs/access_ssl_log.processed.13.gz&loknya=/var/www/vhosts/cvevolpi.it/logs HTTP/1.1" 200 7126 "https://www.cvevolpi.it/?loknya=/var/www/vhosts/cvevolpi.it/logs" "Mozilla/5.0 AppleWebKit/537.36 (KHTML, like Gecko; compatible; GPTBot/1.4; +https://openai.com/gptbot)"
74.7.243.236 - - [15/Sep/2026:12:01:45 +0200] "GET /?lokasie=/var/www/vhosts/cvevolpi.it/logs/access_log.processed.17.gz&loknya=/var/www/vhosts/cvevolpi.it/logs HTTP/1.1" 403 5690 "https://www.cvevolpi.it/?loknya=/var/www/vhosts/cvevolpi.it/logs" "Mozilla/5.0 AppleWebKit/537.36 (KHTML, like Gecko; compatible; GPTBot/1.4; +https://openai.com/gptbot)"
74.7.243.236 - - [15/Sep/2026:12:01:58 +0200] "GET /?lokasie=/var/www/vhosts/cvevolpi.it/logs/access_log.processed.29.gz&loknya=/var/www/vhosts/cvevolpi.it/logs HTTP/1.1" 403 5690 "https://www.cvevolpi.it/?loknya=/var/www/vhosts/cvevolpi.it/logs" "Mozilla/5.0 AppleWebKit/537.36 (KHTML, like Gecko; compatible; GPTBot/1.4; +https://openai.com/gptbot)"
192.178.4.168 - - [15/Sep/2026:12:02:04 +0200] "GET /?v=700792846600 HTTP/1.1" 200 8759 "-" "Mozilla/5.0 (Linux; Android 6.0.1; Nexus 5X Build/MMB29P) AppleWebKit/537.36 (KHTML, like Gecko) Chrome/152.0.7977.82 Mobile Safari/537.36 (compatible; Googlebot/2.1; +http://www.google.com/bot.html)"
74.7.243.236 - - [15/Sep/2026:12:02:10 +0200] "GET /?lokasie=/var/www/vhosts/cvevolpi.it/logs/access_ssl_log.processed.28.gz&loknya=/var/www/vhosts/cvevolpi.it/logs HTTP/1.1" 200 7161 "https://www.cvevolpi.it/?loknya=/var/www/vhosts/cvevolpi.it/logs" "Mozilla/5.0 AppleWebKit/537.36 (KHTML, like Gecko; compatible; GPTBot/1.4; +https://openai.com/gptbot)"
74.7.243.236 - - [15/Sep/2026:12:02:23 +0200] "GET /?lokasie=/var/www/vhosts/cvevolpi.it/logs/access_ssl_log.processed.27.gz&loknya=/var/www/vhosts/cvevolpi.it/logs HTTP/1.1" 200 7161 "https://www.cvevolpi.it/?loknya=/var/www/vhosts/cvevolpi.it/logs" "Mozilla/5.0 AppleWebKit/537.36 (KHTML, like Gecko; compatible; GPTBot/1.4; +https://openai.com/gptbot)"
74.7.243.236 - - [15/Sep/2026:12:02:34 +0200] "GET /?lokasie=/var/www/vhosts/cvevolpi.it/logs/access_ssl_log.processed.24.gz&loknya=/var/www/vhosts/cvevolpi.it/logs HTTP/1.1" 200 7142 "https://www.cvevolpi.it/?loknya=/var/www/vhosts/cvevolpi.it/logs" "Mozilla/5.0 AppleWebKit/537.36 (KHTML, like Gecko; compatible; GPTBot/1.4; +https://openai.com/gptbot)"
74.7.243.236 - - [15/Sep/2026:12:02:42 +0200] "GET /?lokasie=/var/www/vhosts/cvevolpi.it/logs/access_ssl_log.processed.31.gz&loknya=/var/www/vhosts/cvevolpi.it/logs HTTP/1.1" 200 7126 "https://www.cvevolpi.it/?loknya=/var/www/vhosts/cvevolpi.it/logs" "Mozilla/5.0 AppleWebKit/537.36 (KHTML, like Gecko; compatible; GPTBot/1.4; +https://openai.com/gptbot)"
74.7.243.236 - - [15/Sep/2026:12:02:48 +0200] "GET /?lokasie=/var/www/vhosts/cvevolpi.it/logs/access_log.processed.30.gz&loknya=/var/www/vhosts/cvevolpi.it/logs HTTP/1.1" 403 5706 "https://www.cvevolpi.it/?loknya=/var/www/vhosts/cvevolpi.it/logs" "Mozilla/5.0 AppleWebKit/537.36 (KHTML, like Gecko; compatible; GPTBot/1.4; +https://openai.com/gptbot)"
192.178.4.166 - - [15/Sep/2026:12:04:08 +0200] "GET /?v=13998158308903 HTTP/1.1" 200 8777 "-" "Mozilla/5.0 (Linux; Android 6.0.1; Nexus 5X Build/MMB29P) AppleWebKit/537.36 (KHTML, like Gecko) Chrome/152.0.7977.82 Mobile Safari/537.36 (compatible; Googlebot/2.1; +http://www.google.com/bot.html)"
192.178.4.167 - - [15/Sep/2026:12:05:07 +0200] "GET /?v=5822094832900 HTTP/1.1" 200 8793 "-" "Mozilla/5.0 (Linux; Android 6.0.1; Nexus 5X Build/MMB29P) AppleWebKit/537.36 (KHTML, like Gecko) Chrome/153.0.8010.36 Mobile Safari/537.36 (compatible; Googlebot/2.1; +http://www.google.com/bot.html)"
