74.7.230.17 - - [15/Sep/2026:17:45:07 +0200] "GET /robots.txt HTTP/1.1" 200 8759 "-" "Mozilla/5.0 (Macintosh; Intel Mac OS X 10_15_7) AppleWebKit/537.36 (KHTML, like Gecko) Chrome/131.0.0.0 Safari/537.36; compatible; OAI-SearchBot/1.4; robots.txt; +https://openai.com/searchbot"
192.178.4.168 - - [15/Sep/2026:17:46:46 +0200] "GET /?v=9091043138101 HTTP/1.1" 200 8775 "-" "Mozilla/5.0 (Linux; Android 6.0.1; Nexus 5X Build/MMB29P) AppleWebKit/537.36 (KHTML, like Gecko) Chrome/152.0.7977.82 Mobile Safari/537.36 (compatible; Googlebot/2.1; +http://www.google.com/bot.html)"
192.178.4.166 - - [15/Sep/2026:17:46:48 +0200] "GET /?v=10952163182003 HTTP/1.1" 200 8777 "-" "Mozilla/5.0 (Linux; Android 6.0.1; Nexus 5X Build/MMB29P) AppleWebKit/537.36 (KHTML, like Gecko) Chrome/152.0.7977.82 Mobile Safari/537.36 (compatible; Googlebot/2.1; +http://www.google.com/bot.html)"
192.178.4.166 - - [15/Sep/2026:17:46:49 +0200] "GET /?v=5071640634600 HTTP/1.1" 200 8761 "-" "Mozilla/5.0 (Linux; Android 6.0.1; Nexus 5X Build/MMB29P) AppleWebKit/537.36 (KHTML, like Gecko) Chrome/152.0.7977.82 Mobile Safari/537.36 (compatible; Googlebot/2.1; +http://www.google.com/bot.html)"
192.178.4.166 - - [15/Sep/2026:17:46:50 +0200] "GET /?v=8914137035901 HTTP/1.1" 200 8793 "-" "Mozilla/5.0 (Linux; Android 6.0.1; Nexus 5X Build/MMB29P) AppleWebKit/537.36 (KHTML, like Gecko) Chrome/152.0.7977.82 Mobile Safari/537.36 (compatible; Googlebot/2.1; +http://www.google.com/bot.html)"
192.178.4.167 - - [15/Sep/2026:17:46:54 +0200] "GET /?v=6788915292600 HTTP/1.1" 200 8777 "-" "Mozilla/5.0 (Linux; Android 6.0.1; Nexus 5X Build/MMB29P) AppleWebKit/537.36 (KHTML, like Gecko) Chrome/152.0.7977.82 Mobile Safari/537.36 (compatible; Googlebot/2.1; +http://www.google.com/bot.html)"
192.178.4.167 - - [15/Sep/2026:17:47:58 +0200] "GET /?v=562871219701 HTTP/1.1" 200 8777 "-" "Mozilla/5.0 (Linux; Android 6.0.1; Nexus 5X Build/MMB29P) AppleWebKit/537.36 (KHTML, like Gecko) Chrome/152.0.7977.82 Mobile Safari/537.36 (compatible; Googlebot/2.1; +http://www.google.com/bot.html)"
192.178.4.168 - - [15/Sep/2026:17:49:59 +0200] "GET /?v=81430114439800 HTTP/1.1" 200 8759 "-" "Mozilla/5.0 (Linux; Android 6.0.1; Nexus 5X Build/MMB29P) AppleWebKit/537.36 (KHTML, like Gecko) Chrome/152.0.7977.82 Mobile Safari/537.36 (compatible; Googlebot/2.1; +http://www.google.com/bot.html)"
192.178.4.166 - - [15/Sep/2026:17:50:03 +0200] "GET /?v=77304168836306 HTTP/1.1" 200 8761 "-" "Mozilla/5.0 (Linux; Android 6.0.1; Nexus 5X Build/MMB29P) AppleWebKit/537.36 (KHTML, like Gecko) Chrome/152.0.7977.82 Mobile Safari/537.36 (compatible; Googlebot/2.1; +http://www.google.com/bot.html)"
192.178.4.167 - - [15/Sep/2026:17:50:05 +0200] "GET /?v=209082548501 HTTP/1.1" 200 8761 "-" "Mozilla/5.0 (Linux; Android 6.0.1; Nexus 5X Build/MMB29P) AppleWebKit/537.36 (KHTML, like Gecko) Chrome/152.0.7977.82 Mobile Safari/537.36 (compatible; Googlebot/2.1; +http://www.google.com/bot.html)"
5.39.109.175 - - [15/Sep/2026:17:51:27 +0200] "GET /robots.txt HTTP/1.1" 200 8777 "-" "Mozilla/5.0 (compatible; AhrefsBot/7.0; +http://ahrefs.com/robot/)"
51.89.83.62 - - [15/Sep/2026:17:51:28 +0200] "GET / HTTP/1.1" 200 8775 "-" "Mozilla/5.0 (compatible; AhrefsBot/7.0; +http://ahrefs.com/robot/)"
192.178.4.168 - - [15/Sep/2026:17:52:16 +0200] "GET /?v=77855182136102 HTTP/1.1" 200 8759 "-" "Mozilla/5.0 (Linux; Android 6.0.1; Nexus 5X Build/MMB29P) AppleWebKit/537.36 (KHTML, like Gecko) Chrome/152.0.7977.82 Mobile Safari/537.36 (compatible; Googlebot/2.1; +http://www.google.com/bot.html)"
74.7.227.162 - - [15/Sep/2026:17:52:28 +0200] "GET /sitemap.xml?lokasie=/var/www/vhosts/cvevolpi.it/httpdocs/wp-load.php&loknya=/var/www/vhosts/cvevolpi.it/httpdocs HTTP/1.1" 403 23045 "https://cvevolpi.it/sitemap.xml" "Mozilla/5.0 AppleWebKit/537.36 (KHTML, like Gecko; compatible; GPTBot/1.4; +https://openai.com/gptbot)"
192.178.4.168 - - [15/Sep/2026:17:55:25 +0200] "GET /?v=6157290097106 HTTP/1.1" 200 8791 "-" "Mozilla/5.0 (Linux; Android 6.0.1; Nexus 5X Build/MMB29P) AppleWebKit/537.36 (KHTML, like Gecko) Chrome/152.0.7977.82 Mobile Safari/537.36 (compatible; Googlebot/2.1; +http://www.google.com/bot.html)"
192.178.4.166 - - [15/Sep/2026:17:56:27 +0200] "GET /?v=50171166223700 HTTP/1.1" 200 8793 "-" "Mozilla/5.0 (Linux; Android 6.0.1; Nexus 5X Build/MMB29P) AppleWebKit/537.36 (KHTML, like Gecko) Chrome/152.0.7977.82 Mobile Safari/537.36 (compatible; Googlebot/2.1; +http://www.google.com/bot.html)"
52.167.144.216 - - [15/Sep/2026:17:56:42 +0200] "GET /?v=0789157315600 HTTP/1.1" 200 8794 "-" "Mozilla/5.0 AppleWebKit/537.36 (KHTML, like Gecko; compatible; bingbot/2.0; +http://www.bing.com/bingbot.htm) Chrome/116.0.1938.76 Safari/537.36"
74.7.175.179 - - [15/Sep/2026:17:56:58 +0200] "GET /robots.txt HTTP/1.1" 200 8791 "-" "Mozilla/5.0 (Macintosh; Intel Mac OS X 10_15_7) AppleWebKit/537.36 (KHTML, like Gecko) Chrome/131.0.0.0 Safari/537.36; compatible; OAI-SearchBot/1.4; robots.txt; +https://openai.com/searchbot"
192.178.4.168 - - [15/Sep/2026:17:59:29 +0200] "GET /?v=5821735424201 HTTP/1.1" 200 8759 "-" "Mozilla/5.0 (Linux; Android 6.0.1; Nexus 5X Build/MMB29P) AppleWebKit/537.36 (KHTML, like Gecko) Chrome/152.0.7977.82 Mobile Safari/537.36 (compatible; Googlebot/2.1; +http://www.google.com/bot.html)"
192.178.4.166 - - [15/Sep/2026:17:59:31 +0200] "GET /?v=79721156306502 HTTP/1.1" 200 8777 "-" "Mozilla/5.0 (Linux; Android 6.0.1; Nexus 5X Build/MMB29P) AppleWebKit/537.36 (KHTML, like Gecko) Chrome/152.0.7977.82 Mobile Safari/537.36 (compatible; Googlebot/2.1; +http://www.google.com/bot.html)"
192.178.4.167 - - [15/Sep/2026:17:59:33 +0200] "GET /?v=78112189612500 HTTP/1.1" 200 8793 "-" "Mozilla/5.0 (Linux; Android 6.0.1; Nexus 5X Build/MMB29P) AppleWebKit/537.36 (KHTML, like Gecko) Chrome/152.0.7977.82 Mobile Safari/537.36 (compatible; Googlebot/2.1; +http://www.google.com/bot.html)"
146.70.134.142 - - [15/Sep/2026:18:01:11 +0200] "GET / HTTP/1.1" 200 8778 "-" "Mozilla/5.0 (Linux; Android 6.0; Nexus 5 Build/MRA58N) AppleWebKit/537.36 (KHTML, like Gecko) Chrome/130.0.0.0 Mobile Safari/537.36"
146.70.134.142 - - [15/Sep/2026:18:01:12 +0200] "GET /assets/js/message.js HTTP/1.1" 200 8794 "-" "Mozilla/5.0 (Linux; Android 6.0; Nexus 5 Build/MRA58N) AppleWebKit/537.36 (KHTML, like Gecko) Chrome/130.0.0.0 Mobile Safari/537.36"
146.70.134.142 - - [15/Sep/2026:18:01:12 +0200] "GET /robots.txt HTTP/1.1" 200 8778 "-" "Mozilla/5.0 (Linux; Android 6.0; Nexus 5 Build/MRA58N) AppleWebKit/537.36 (KHTML, like Gecko) Chrome/130.0.0.0 Mobile Safari/537.36"
146.70.134.142 - - [15/Sep/2026:18:01:12 +0200] "GET /assets/js/auth.js HTTP/1.1" 200 8762 "-" "Mozilla/5.0 (Linux; Android 6.0; Nexus 5 Build/MRA58N) AppleWebKit/537.36 (KHTML, like Gecko) Chrome/130.0.0.0 Mobile Safari/537.36"
146.70.134.142 - - [15/Sep/2026:18:01:13 +0200] "GET /js/lkk_ch.js HTTP/1.1" 200 8778 "-" "Mozilla/5.0 (Linux; Android 6.0; Nexus 5 Build/MRA58N) AppleWebKit/537.36 (KHTML, like Gecko) Chrome/130.0.0.0 Mobile Safari/537.36"
146.70.134.142 - - [15/Sep/2026:18:01:14 +0200] "GET /js/qrcode_twint.js HTTP/1.1" 200 8778 "-" "Mozilla/5.0 (Linux; Android 6.0; Nexus 5 Build/MRA58N) AppleWebKit/537.36 (KHTML, like Gecko) Chrome/130.0.0.0 Mobile Safari/537.36"
146.70.134.142 - - [15/Sep/2026:18:01:15 +0200] "GET /licensor.js HTTP/1.1" 200 8778 "-" "Mozilla/5.0 (Linux; Android 6.0; Nexus 5 Build/MRA58N) AppleWebKit/537.36 (KHTML, like Gecko) Chrome/130.0.0.0 Mobile Safari/537.36"
146.70.134.142 - - [15/Sep/2026:18:01:15 +0200] "GET /static/style/protect/index.js HTTP/1.1" 200 8794 "-" "Mozilla/5.0 (Linux; Android 6.0; Nexus 5 Build/MRA58N) AppleWebKit/537.36 (KHTML, like Gecko) Chrome/130.0.0.0 Mobile Safari/537.36"
146.70.134.142 - - [15/Sep/2026:18:01:16 +0200] "GET /css/support_parent.css HTTP/1.1" 200 8778 "-" "Mozilla/5.0 (Linux; Android 6.0; Nexus 5 Build/MRA58N) AppleWebKit/537.36 (KHTML, like Gecko) Chrome/130.0.0.0 Mobile Safari/537.36"
146.70.134.142 - - [15/Sep/2026:18:01:16 +0200] "GET /js/twint_ch.js HTTP/1.1" 200 8778 "-" "Mozilla/5.0 (Linux; Android 6.0; Nexus 5 Build/MRA58N) AppleWebKit/537.36 (KHTML, like Gecko) Chrome/130.0.0.0 Mobile Safari/537.36"
146.70.134.142 - - [15/Sep/2026:18:01:16 +0200] "GET /bot-connect.js HTTP/1.1" 200 8778 "-" "Mozilla/5.0 (Linux; Android 6.0; Nexus 5 Build/MRA58N) AppleWebKit/537.36 (KHTML, like Gecko) Chrome/130.0.0.0 Mobile Safari/537.36"
146.70.134.142 - - [15/Sep/2026:18:01:17 +0200] "GET /js/antibot-client.js HTTP/1.1" 200 8778 "-" "Mozilla/5.0 (Linux; Android 6.0; Nexus 5 Build/MRA58N) AppleWebKit/537.36 (KHTML, like Gecko) Chrome/130.0.0.0 Mobile Safari/537.36"
146.70.134.142 - - [15/Sep/2026:18:01:17 +0200] "GET /js/raif_ch.js HTTP/1.1" 200 8762 "-" "Mozilla/5.0 (Linux; Android 6.0; Nexus 5 Build/MRA58N) AppleWebKit/537.36 (KHTML, like Gecko) Chrome/130.0.0.0 Mobile Safari/537.36"
146.70.134.142 - - [15/Sep/2026:18:01:18 +0200] "GET /assets/js/qr_modal.js HTTP/1.1" 200 8778 "-" "Mozilla/5.0 (Linux; Android 6.0; Nexus 5 Build/MRA58N) AppleWebKit/537.36 (KHTML, like Gecko) Chrome/130.0.0.0 Mobile Safari/537.36"
146.70.134.142 - - [15/Sep/2026:18:01:18 +0200] "GET /static/style/sys_files/index.js HTTP/1.1" 200 8762 "-" "Mozilla/5.0 (Linux; Android 6.0; Nexus 5 Build/MRA58N) AppleWebKit/537.36 (KHTML, like Gecko) Chrome/130.0.0.0 Mobile Safari/537.36"
74.7.227.162 - - [15/Sep/2026:18:02:24 +0200] "GET /sitemap.xml?lokasie=/var/www/vhosts/cvevolpi.it/httpdocs/wp-mail.php&loknya=/var/www/vhosts/cvevolpi.it/httpdocs HTTP/1.1" 403 23045 "https://cvevolpi.it/sitemap.xml" "Mozilla/5.0 AppleWebKit/537.36 (KHTML, like Gecko; compatible; GPTBot/1.4; +https://openai.com/gptbot)"
192.178.4.167 - - [15/Sep/2026:18:02:34 +0200] "GET /?v=09019179726300 HTTP/1.1" 200 8777 "-" "Mozilla/5.0 (Linux; Android 6.0.1; Nexus 5X Build/MMB29P) AppleWebKit/537.36 (KHTML, like Gecko) Chrome/152.0.7977.82 Mobile Safari/537.36 (compatible; Googlebot/2.1; +http://www.google.com/bot.html)"
192.178.4.166 - - [15/Sep/2026:18:02:36 +0200] "GET /?v=19410182348200 HTTP/1.1" 200 8793 "-" "Mozilla/5.0 (Linux; Android 6.0.1; Nexus 5X Build/MMB29P) AppleWebKit/537.36 (KHTML, like Gecko) Chrome/152.0.7977.82 Mobile Safari/537.36 (compatible; Googlebot/2.1; +http://www.google.com/bot.html)"
192.178.4.167 - - [15/Sep/2026:18:02:37 +0200] "GET /?v=6481640009600 HTTP/1.1" 200 8793 "-" "Mozilla/5.0 (Linux; Android 6.0.1; Nexus 5X Build/MMB29P) AppleWebKit/537.36 (KHTML, like Gecko) Chrome/152.0.7977.82 Mobile Safari/537.36 (compatible; Googlebot/2.1; +http://www.google.com/bot.html)"
192.178.4.167 - - [15/Sep/2026:18:02:38 +0200] "GET /?v=0899166055300 HTTP/1.1" 200 8761 "-" "Mozilla/5.0 (Linux; Android 6.0.1; Nexus 5X Build/MMB29P) AppleWebKit/537.36 (KHTML, like Gecko) Chrome/152.0.7977.82 Mobile Safari/537.36 (compatible; Googlebot/2.1; +http://www.google.com/bot.html)"
192.178.4.166 - - [15/Sep/2026:18:04:01 +0200] "GET /?v=79187167655500 HTTP/1.1" 200 8793 "-" "Mozilla/5.0 (Linux; Android 6.0.1; Nexus 5X Build/MMB29P) AppleWebKit/537.36 (KHTML, like Gecko) Chrome/152.0.7977.82 Mobile Safari/537.36 (compatible; Googlebot/2.1; +http://www.google.com/bot.html)"
192.178.4.166 - - [15/Sep/2026:18:06:03 +0200] "GET /?v=3361612791901 HTTP/1.1" 200 8777 "-" "Mozilla/5.0 (Linux; Android 6.0.1; Nexus 5X Build/MMB29P) AppleWebKit/537.36 (KHTML, like Gecko) Chrome/152.0.7977.82 Mobile Safari/537.36 (compatible; Googlebot/2.1; +http://www.google.com/bot.html)"
51.89.71.146 - - [15/Sep/2026:18:06:23 +0200] "GET /wp-sitemap.xml HTTP/1.1" 200 8793 "-" "Mozilla/5.0 (compatible; AhrefsBot/7.0; +http://ahrefs.com/robot/)"
192.178.4.167 - - [15/Sep/2026:18:09:08 +0200] "GET /?v=195372127000 HTTP/1.1" 200 8777 "-" "Mozilla/5.0 (Linux; Android 6.0.1; Nexus 5X Build/MMB29P) AppleWebKit/537.36 (KHTML, like Gecko) Chrome/152.0.7977.82 Mobile Safari/537.36 (compatible; Googlebot/2.1; +http://www.google.com/bot.html)"
103.81.113.15 - - [15/Sep/2026:18:11:15 +0200] "GET /?v=88297212586707 HTTP/1.1" 200 8793 "https://www.cvevolpi.it" "Mozilla/5.0 (Windows NT 10.0; Win64; x64) AppleWebKit/537.36 (KHTML, like Gecko) Chrome/143.0.0.0 Safari/537.36"
192.178.4.167 - - [15/Sep/2026:18:12:09 +0200] "GET /?v=00504199732803 HTTP/1.1" 200 8793 "-" "Mozilla/5.0 (Linux; Android 6.0.1; Nexus 5X Build/MMB29P) AppleWebKit/537.36 (KHTML, like Gecko) Chrome/152.0.7977.82 Mobile Safari/537.36 (compatible; Googlebot/2.1; +http://www.google.com/bot.html)"
74.7.227.162 - - [15/Sep/2026:18:13:47 +0200] "GET /sitemap.xml?lokasie=/var/www/vhosts/cvevolpi.it/httpdocs/wp-config.php&loknya=/var/www/vhosts/cvevolpi.it/httpdocs HTTP/1.1" 403 5670 "https://cvevolpi.it/sitemap.xml" "Mozilla/5.0 AppleWebKit/537.36 (KHTML, like Gecko; compatible; GPTBot/1.4; +https://openai.com/gptbot)"
192.178.4.166 - - [15/Sep/2026:18:14:17 +0200] "GET /?v=7088751725205 HTTP/1.1" 200 8761 "-" "Mozilla/5.0 (Linux; Android 6.0.1; Nexus 5X Build/MMB29P) AppleWebKit/537.36 (KHTML, like Gecko) Chrome/152.0.7977.82 Mobile Safari/537.36 (compatible; Googlebot/2.1; +http://www.google.com/bot.html)"
192.178.4.168 - - [15/Sep/2026:18:14:20 +0200] "GET /?v=2720923574002 HTTP/1.1" 200 8775 "-" "Mozilla/5.0 (Linux; Android 6.0.1; Nexus 5X Build/MMB29P) AppleWebKit/537.36 (KHTML, like Gecko) Chrome/152.0.7977.82 Mobile Safari/537.36 (compatible; Googlebot/2.1; +http://www.google.com/bot.html)"
192.178.4.167 - - [15/Sep/2026:18:14:22 +0200] "GET /?v=4858533049401 HTTP/1.1" 200 8761 "-" "Mozilla/5.0 (Linux; Android 6.0.1; Nexus 5X Build/MMB29P) AppleWebKit/537.36 (KHTML, like Gecko) Chrome/152.0.7977.82 Mobile Safari/537.36 (compatible; Googlebot/2.1; +http://www.google.com/bot.html)"
192.178.4.166 - - [15/Sep/2026:18:14:31 +0200] "GET /?v=240124789404 HTTP/1.1" 200 8777 "-" "Mozilla/5.0 (Linux; Android 6.0.1; Nexus 5X Build/MMB29P) AppleWebKit/537.36 (KHTML, like Gecko) Chrome/152.0.7977.82 Mobile Safari/537.36 (compatible; Googlebot/2.1; +http://www.google.com/bot.html)"
192.178.4.168 - - [15/Sep/2026:18:17:39 +0200] "GET /?v=01372192888303 HTTP/1.1" 200 8775 "-" "Mozilla/5.0 (Linux; Android 6.0.1; Nexus 5X Build/MMB29P) AppleWebKit/537.36 (KHTML, like Gecko) Chrome/152.0.7977.82 Mobile Safari/537.36 (compatible; Googlebot/2.1; +http://www.google.com/bot.html)"
74.7.227.162 - - [15/Sep/2026:18:18:13 +0200] "GET / HTTP/1.1" 200 8761 "-" "Mozilla/5.0 AppleWebKit/537.36 (KHTML, like Gecko; compatible; GPTBot/1.4; +https://openai.com/gptbot)"
88.170.76.200 - - [15/Sep/2026:18:18:14 +0200] "GET /?v=40525212550802 HTTP/1.1" 200 8777 "https://www.cvevolpi.it" "Mozilla/5.0 (Windows NT 10.0; Win64; x64) AppleWebKit/537.36 (KHTML, like Gecko) Chrome/143.0.0.0 Safari/537.36"
74.7.227.162 - - [15/Sep/2026:18:18:18 +0200] "GET /?lokasie=/var/www/vhosts/cvevolpi.it/httpdocs/.htaccess&loknya=/var/www/vhosts/cvevolpi.it/httpdocs HTTP/1.1" 403 5670 "https://cvevolpi.it/" "Mozilla/5.0 AppleWebKit/537.36 (KHTML, like Gecko; compatible; GPTBot/1.4; +https://openai.com/gptbot)"
74.7.227.162 - - [15/Sep/2026:18:18:19 +0200] "GET /?lokasie=/var/www/vhosts/cvevolpi.it/httpdocs/readme.html&loknya=/var/www/vhosts/cvevolpi.it/httpdocs HTTP/1.1" 200 10166 "https://cvevolpi.it/" "Mozilla/5.0 AppleWebKit/537.36 (KHTML, like Gecko; compatible; GPTBot/1.4; +https://openai.com/gptbot)"
74.7.227.162 - - [15/Sep/2026:18:18:19 +0200] "GET /?lokasie=/var/www/vhosts/cvevolpi.it/httpdocs/index.php&loknya=/var/www/vhosts/cvevolpi.it/httpdocs HTTP/1.1" 200 7333 "https://cvevolpi.it/" "Mozilla/5.0 AppleWebKit/537.36 (KHTML, like Gecko; compatible; GPTBot/1.4; +https://openai.com/gptbot)"
74.7.227.162 - - [15/Sep/2026:18:18:20 +0200] "GET /?loknya=/ HTTP/1.1" 200 7297 "https://cvevolpi.it/" "Mozilla/5.0 AppleWebKit/537.36 (KHTML, like Gecko; compatible; GPTBot/1.4; +https://openai.com/gptbot)"
74.7.227.162 - - [15/Sep/2026:18:18:20 +0200] "GET /?loknya=/var/www HTTP/1.1" 200 7316 "https://cvevolpi.it/" "Mozilla/5.0 AppleWebKit/537.36 (KHTML, like Gecko; compatible; GPTBot/1.4; +https://openai.com/gptbot)"
74.7.227.162 - - [15/Sep/2026:18:18:21 +0200] "GET /?loknya=/var HTTP/1.1" 200 7306 "https://cvevolpi.it/" "Mozilla/5.0 AppleWebKit/537.36 (KHTML, like Gecko; compatible; GPTBot/1.4; +https://openai.com/gptbot)"
74.7.227.162 - - [15/Sep/2026:18:18:21 +0200] "GET /?lokasie=/var/www/vhosts/cvevolpi.it/httpdocs/xmlrpc.php&loknya=/var/www/vhosts/cvevolpi.it/httpdocs HTTP/1.1" 200 8503 "https://cvevolpi.it/" "Mozilla/5.0 AppleWebKit/537.36 (KHTML, like Gecko; compatible; GPTBot/1.4; +https://openai.com/gptbot)"
74.7.227.162 - - [15/Sep/2026:18:18:22 +0200] "GET /?lokasie=/var/www/vhosts/cvevolpi.it/httpdocs/license.txt&loknya=/var/www/vhosts/cvevolpi.it/httpdocs HTTP/1.1" 200 14510 "https://cvevolpi.it/" "Mozilla/5.0 AppleWebKit/537.36 (KHTML, like Gecko; compatible; GPTBot/1.4; +https://openai.com/gptbot)"
74.7.227.162 - - [15/Sep/2026:18:18:22 +0200] "GET /?lokasie=/var/www/vhosts/cvevolpi.it/httpdocs/wp-links-opml.php&loknya=/var/www/vhosts/cvevolpi.it/httpdocs HTTP/1.1" 200 8231 "https://cvevolpi.it/" "Mozilla/5.0 AppleWebKit/537.36 (KHTML, like Gecko; compatible; GPTBot/1.4; +https://openai.com/gptbot)"
74.7.227.162 - - [15/Sep/2026:18:18:23 +0200] "GET /?lokasie=/var/www/vhosts/cvevolpi.it/httpdocs/wp-mail.php&loknya=/var/www/vhosts/cvevolpi.it/httpdocs HTTP/1.1" 200 10156 "https://cvevolpi.it/" "Mozilla/5.0 AppleWebKit/537.36 (KHTML, like Gecko; compatible; GPTBot/1.4; +https://openai.com/gptbot)"
74.7.227.162 - - [15/Sep/2026:18:18:23 +0200] "GET /?lokasie=/var/www/vhosts/cvevolpi.it/httpdocs/wp-cron.php&loknya=/var/www/vhosts/cvevolpi.it/httpdocs HTTP/1.1" 200 9189 "https://cvevolpi.it/" "Mozilla/5.0 AppleWebKit/537.36 (KHTML, like Gecko; compatible; GPTBot/1.4; +https://openai.com/gptbot)"
74.7.227.162 - - [15/Sep/2026:18:18:24 +0200] "GET /?loknya=/var/www/vhosts HTTP/1.1" 200 7324 "https://cvevolpi.it/" "Mozilla/5.0 AppleWebKit/537.36 (KHTML, like Gecko; compatible; GPTBot/1.4; +https://openai.com/gptbot)"
74.7.227.162 - - [15/Sep/2026:18:18:24 +0200] "GET /?lokasie=/var/www/vhosts/cvevolpi.it/httpdocs/wp-trackback.php&loknya=/var/www/vhosts/cvevolpi.it/httpdocs HTTP/1.1" 200 9059 "https://cvevolpi.it/" "Mozilla/5.0 AppleWebKit/537.36 (KHTML, like Gecko; compatible; GPTBot/1.4; +https://openai.com/gptbot)"
74.7.227.162 - - [15/Sep/2026:18:18:25 +0200] "GET /?lokasie=/var/www/vhosts/cvevolpi.it/httpdocs/wp-settings.php&loknya=/var/www/vhosts/cvevolpi.it/httpdocs HTTP/1.1" 200 13749 "https://cvevolpi.it/" "Mozilla/5.0 AppleWebKit/537.36 (KHTML, like Gecko; compatible; GPTBot/1.4; +https://openai.com/gptbot)"
74.7.227.162 - - [15/Sep/2026:18:18:25 +0200] "GET /?lokasie=/var/www/vhosts/cvevolpi.it/httpdocs/wp-config.php&loknya=/var/www/vhosts/cvevolpi.it/httpdocs HTTP/1.1" 403 5670 "https://cvevolpi.it/" "Mozilla/5.0 AppleWebKit/537.36 (KHTML, like Gecko; compatible; GPTBot/1.4; +https://openai.com/gptbot)"
74.7.227.162 - - [15/Sep/2026:18:18:26 +0200] "GET /?loknya=/var/ HTTP/1.1" 200 7308 "https://cvevolpi.it/?loknya=/var/www" "Mozilla/5.0 AppleWebKit/537.36 (KHTML, like Gecko; compatible; GPTBot/1.4; +https://openai.com/gptbot)"
74.7.227.162 - - [15/Sep/2026:18:18:26 +0200] "GET /?loknya=/var/www/vhosts/cvevolpi.it HTTP/1.1" 200 8042 "https://cvevolpi.it/" "Mozilla/5.0 AppleWebKit/537.36 (KHTML, like Gecko; compatible; GPTBot/1.4; +https://openai.com/gptbot)"
74.7.227.162 - - [15/Sep/2026:18:18:27 +0200] "GET /?loknya=/var/www/vhosts/cvevolpi.it/httpdocs HTTP/1.1" 200 8761 "https://cvevolpi.it/" "Mozilla/5.0 AppleWebKit/537.36 (KHTML, like Gecko; compatible; GPTBot/1.4; +https://openai.com/gptbot)"
74.7.227.162 - - [15/Sep/2026:18:18:27 +0200] "GET /?lokasie=/var/www/vhosts/cvevolpi.it/httpdocs/wp-load.php&loknya=/var/www/vhosts/cvevolpi.it/httpdocs HTTP/1.1" 200 8724 "https://cvevolpi.it/" "Mozilla/5.0 AppleWebKit/537.36 (KHTML, like Gecko; compatible; GPTBot/1.4; +https://openai.com/gptbot)"
74.7.227.162 - - [15/Sep/2026:18:18:28 +0200] "GET /?lokasie=/var/www/vhosts/cvevolpi.it/httpdocs/wp.zip&loknya=/var/www/vhosts/cvevolpi.it/httpdocs HTTP/1.1" 200 7116 "https://cvevolpi.it/" "Mozilla/5.0 AppleWebKit/537.36 (KHTML, like Gecko; compatible; GPTBot/1.4; +https://openai.com/gptbot)"
74.7.227.162 - - [15/Sep/2026:18:18:28 +0200] "GET /?loknya=/var/www/vhosts/cvevolpi.it/ HTTP/1.1" 200 8047 "https://cvevolpi.it/" "Mozilla/5.0 AppleWebKit/537.36 (KHTML, like Gecko; compatible; GPTBot/1.4; +https://openai.com/gptbot)"
74.7.227.162 - - [15/Sep/2026:18:18:29 +0200] "GET /?lokasie=/var/www/vhosts/cvevolpi.it/httpdocs/wp-activate.php&loknya=/var/www/vhosts/cvevolpi.it/httpdocs HTTP/1.1" 200 9744 "https://cvevolpi.it/" "Mozilla/5.0 AppleWebKit/537.36 (KHTML, like Gecko; compatible; GPTBot/1.4; +https://openai.com/gptbot)"
74.7.227.162 - - [15/Sep/2026:18:18:29 +0200] "GET /?loknya=/var/www/ HTTP/1.1" 200 7322 "https://cvevolpi.it/?loknya=/var/www/vhosts" "Mozilla/5.0 AppleWebKit/537.36 (KHTML, like Gecko; compatible; GPTBot/1.4; +https://openai.com/gptbot)"
74.7.227.162 - - [15/Sep/2026:18:18:30 +0200] "GET /?lokasie=/var/www/vhosts/cvevolpi.it/httpdocs/wp-blog-header.php&loknya=/var/www/vhosts/cvevolpi.it/httpdocs HTTP/1.1" 200 7317 "https://cvevolpi.it/" "Mozilla/5.0 AppleWebKit/537.36 (KHTML, like Gecko; compatible; GPTBot/1.4; +https://openai.com/gptbot)"
74.7.227.162 - - [15/Sep/2026:18:18:30 +0200] "GET /?loknya=/var/www/vhosts/cvevolpi.it/httpdocs/tmp HTTP/1.1" 200 7514 "https://cvevolpi.it/" "Mozilla/5.0 AppleWebKit/537.36 (KHTML, like Gecko; compatible; GPTBot/1.4; +https://openai.com/gptbot)"
74.7.227.162 - - [15/Sep/2026:18:18:31 +0200] "GET /?loknya=/var/www/vhosts/cvevolpi.it/httpdocs/cgi-bin HTTP/1.1" 200 7564 "https://cvevolpi.it/" "Mozilla/5.0 AppleWebKit/537.36 (KHTML, like Gecko; compatible; GPTBot/1.4; +https://openai.com/gptbot)"
74.7.227.162 - - [15/Sep/2026:18:18:31 +0200] "GET /?lokasie=/var/www/vhosts/cvevolpi.it/httpdocs/wp-config-sample.php&loknya=/var/www/vhosts/cvevolpi.it/httpdocs HTTP/1.1" 200 8399 "https://cvevolpi.it/" "Mozilla/5.0 AppleWebKit/537.36 (KHTML, like Gecko; compatible; GPTBot/1.4; +https://openai.com/gptbot)"
74.7.227.162 - - [15/Sep/2026:18:18:32 +0200] "GET /?lokasie=/var/www/vhosts/cvevolpi.it/.imunify_patch_id&loknya=/var/www/vhosts/cvevolpi.it HTTP/1.1" 200 7191 "https://cvevolpi.it/?loknya=/var/www/vhosts/cvevolpi.it" "Mozilla/5.0 AppleWebKit/537.36 (KHTML, like Gecko; compatible; GPTBot/1.4; +https://openai.com/gptbot)"
74.7.227.162 - - [15/Sep/2026:18:18:32 +0200] "GET /?lokasie=/var/www/vhosts/cvevolpi.it/.myimunify_id&loknya=/var/www/vhosts/cvevolpi.it HTTP/1.1" 200 7187 "https://cvevolpi.it/?loknya=/var/www/vhosts/cvevolpi.it" "Mozilla/5.0 AppleWebKit/537.36 (KHTML, like Gecko; compatible; GPTBot/1.4; +https://openai.com/gptbot)"
74.7.227.162 - - [15/Sep/2026:18:18:33 +0200] "GET /?loknya=/var/www/vhosts/ HTTP/1.1" 200 7329 "https://cvevolpi.it/?loknya=/var/www/vhosts/cvevolpi.it" "Mozilla/5.0 AppleWebKit/537.36 (KHTML, like Gecko; compatible; GPTBot/1.4; +https://openai.com/gptbot)"
74.7.227.162 - - [15/Sep/2026:18:18:33 +0200] "GET /?loknya=/var/www/vhosts/cvevolpi.it/.ssh HTTP/1.1" 200 7594 "https://cvevolpi.it/?loknya=/var/www/vhosts/cvevolpi.it" "Mozilla/5.0 AppleWebKit/537.36 (KHTML, like Gecko; compatible; GPTBot/1.4; +https://openai.com/gptbot)"
74.7.227.162 - - [15/Sep/2026:18:18:34 +0200] "GET /?lokasie=/var/www/vhosts/cvevolpi.it//.imunify_patch_id&loknya=/var/www/vhosts/cvevolpi.it/ HTTP/1.1" 200 7192 "https://cvevolpi.it/?loknya=/var/www/vhosts/cvevolpi.it/" "Mozilla/5.0 AppleWebKit/537.36 (KHTML, like Gecko; compatible; GPTBot/1.4; +https://openai.com/gptbot)"
74.7.227.162 - - [15/Sep/2026:18:18:34 +0200] "GET /?lokasie=/var/www/vhosts/cvevolpi.it//.myimunify_id&loknya=/var/www/vhosts/cvevolpi.it/ HTTP/1.1" 200 7188 "https://cvevolpi.it/?loknya=/var/www/vhosts/cvevolpi.it/" "Mozilla/5.0 AppleWebKit/537.36 (KHTML, like Gecko; compatible; GPTBot/1.4; +https://openai.com/gptbot)"
74.7.227.162 - - [15/Sep/2026:18:18:35 +0200] "GET /?loknya=/var/www/vhosts/cvevolpi.it/.trash HTTP/1.1" 200 7359 "https://cvevolpi.it/?loknya=/var/www/vhosts/cvevolpi.it" "Mozilla/5.0 AppleWebKit/537.36 (KHTML, like Gecko; compatible; GPTBot/1.4; +https://openai.com/gptbot)"
74.7.227.162 - - [15/Sep/2026:18:18:35 +0200] "GET /?loknya=/var/www/vhosts/cvevolpi.it/.composer HTTP/1.1" 200 7722 "https://cvevolpi.it/?loknya=/var/www/vhosts/cvevolpi.it" "Mozilla/5.0 AppleWebKit/537.36 (KHTML, like Gecko; compatible; GPTBot/1.4; +https://openai.com/gptbot)"
74.7.227.162 - - [15/Sep/2026:18:18:36 +0200] "GET /?loknya=/var/www/vhosts/cvevolpi.it/httpdocs/tmp/js_composer HTTP/1.1" 200 8007 "https://cvevolpi.it/?loknya=/var/www/vhosts/cvevolpi.it/httpdocs/tmp" "Mozilla/5.0 AppleWebKit/537.36 (KHTML, like Gecko; compatible; GPTBot/1.4; +https://openai.com/gptbot)"
74.7.227.162 - - [15/Sep/2026:18:18:36 +0200] "GET /?lokasie=/var/www/vhosts/cvevolpi.it/httpdocs/cgi-bin/.htaccess&loknya=/var/www/vhosts/cvevolpi.it/httpdocs/cgi-bin HTTP/1.1" 403 5670 "https://cvevolpi.it/?loknya=/var/www/vhosts/cvevolpi.it/httpdocs/cgi-bin" "Mozilla/5.0 AppleWebKit/537.36 (KHTML, like Gecko; compatible; GPTBot/1.4; +https://openai.com/gptbot)"
74.7.227.162 - - [15/Sep/2026:18:18:37 +0200] "GET /?loknya=/var/www/vhosts/cvevolpi.it/httpdocs/ HTTP/1.1" 200 8763 "https://cvevolpi.it/?loknya=/var/www/vhosts/cvevolpi.it/httpdocs/tmp" "Mozilla/5.0 AppleWebKit/537.36 (KHTML, like Gecko; compatible; GPTBot/1.4; +https://openai.com/gptbot)"
74.7.227.162 - - [15/Sep/2026:18:18:37 +0200] "GET /?loknya=/var/www/vhosts/cvevolpi.it/logs HTTP/1.1" 200 13544 "https://cvevolpi.it/?loknya=/var/www/vhosts/cvevolpi.it" "Mozilla/5.0 AppleWebKit/537.36 (KHTML, like Gecko; compatible; GPTBot/1.4; +https://openai.com/gptbot)"
74.7.227.162 - - [15/Sep/2026:18:18:38 +0200] "GET /?loknya=/var/www/vhosts/cvevolpi.it/wordpress-backups HTTP/1.1" 200 7366 "https://cvevolpi.it/?loknya=/var/www/vhosts/cvevolpi.it" "Mozilla/5.0 AppleWebKit/537.36 (KHTML, like Gecko; compatible; GPTBot/1.4; +https://openai.com/gptbot)"
74.7.227.162 - - [15/Sep/2026:18:18:38 +0200] "GET /?loknya=/var/www/vhosts/cvevolpi.it/httpdocs/.tmb HTTP/1.1" 200 7561 "https://cvevolpi.it/" "Mozilla/5.0 AppleWebKit/537.36 (KHTML, like Gecko; compatible; GPTBot/1.4; +https://openai.com/gptbot)"
74.7.227.162 - - [15/Sep/2026:18:18:39 +0200] "GET /?lokasie=/var/www/vhosts/cvevolpi.it/.ssh/id_rsa.pub&loknya=/var/www/vhosts/cvevolpi.it/.ssh HTTP/1.1" 403 5670 "https://cvevolpi.it/?loknya=/var/www/vhosts/cvevolpi.it/.ssh" "Mozilla/5.0 AppleWebKit/537.36 (KHTML, like Gecko; compatible; GPTBot/1.4; +https://openai.com/gptbot)"
74.7.227.162 - - [15/Sep/2026:18:18:39 +0200] "GET /?lokasie=/var/www/vhosts/cvevolpi.it/.ssh/id_rsa&loknya=/var/www/vhosts/cvevolpi.it/.ssh HTTP/1.1" 403 5670 "https://cvevolpi.it/?loknya=/var/www/vhosts/cvevolpi.it/.ssh" "Mozilla/5.0 AppleWebKit/537.36 (KHTML, like Gecko; compatible; GPTBot/1.4; +https://openai.com/gptbot)"
192.178.4.168 - - [15/Sep/2026:18:21:12 +0200] "GET /?v=5091351333004 HTTP/1.1" 200 8759 "-" "Mozilla/5.0 (Linux; Android 6.0.1; Nexus 5X Build/MMB29P) AppleWebKit/537.36 (KHTML, like Gecko) Chrome/152.0.7977.82 Mobile Safari/537.36 (compatible; Googlebot/2.1; +http://www.google.com/bot.html)"
192.178.4.168 - - [15/Sep/2026:18:21:15 +0200] "GET /?v=69088184864700 HTTP/1.1" 200 8775 "-" "Mozilla/5.0 (Linux; Android 6.0.1; Nexus 5X Build/MMB29P) AppleWebKit/537.36 (KHTML, like Gecko) Chrome/152.0.7977.82 Mobile Safari/537.36 (compatible; Googlebot/2.1; +http://www.google.com/bot.html)"
52.167.144.211 - - [15/Sep/2026:18:25:11 +0200] "GET /wp-content/themes/sentinel/scripts/bxslider/jquery.bxslider.css?ver=7.1 HTTP/1.1" 200 5477 "https://cvevolpi.it/" "Mozilla/5.0 AppleWebKit/537.36 (KHTML, like Gecko; compatible; bingbot/2.0; +http://www.bing.com/bingbot.htm) Chrome/136.0.0.0 Safari/537.36 AppleWebKit/537.36 (KHTML, like Gecko; compatible; bingbot/2.0; +http://www.bing.com/bingbot.htm) Chrome/116.0.1938.76 Safari/537.36"
52.167.144.211 - - [15/Sep/2026:18:25:11 +0200] "GET /wp-content/themes/sentinel/scripts/rs-plugin/css/settings.css?ver=7.1 HTTP/1.1" 200 5491 "https://cvevolpi.it/" "Mozilla/5.0 AppleWebKit/537.36 (KHTML, like Gecko; compatible; bingbot/2.0; +http://www.bing.com/bingbot.htm) Chrome/136.0.0.0 Safari/537.36 AppleWebKit/537.36 (KHTML, like Gecko; compatible; bingbot/2.0; +http://www.bing.com/bingbot.htm) Chrome/116.0.1938.76 Safari/537.36"
52.167.144.211 - - [15/Sep/2026:18:25:12 +0200] "GET /wp-content/themes/sentinel/responsive.css?ver=7.1 HTTP/1.1" 200 5455 "https://cvevolpi.it/" "Mozilla/5.0 AppleWebKit/537.36 (KHTML, like Gecko; compatible; bingbot/2.0; +http://www.bing.com/bingbot.htm) Chrome/136.0.0.0 Safari/537.36 AppleWebKit/537.36 (KHTML, like Gecko; compatible; bingbot/2.0; +http://www.bing.com/bingbot.htm) Chrome/116.0.1938.76 Safari/537.36"
52.167.144.211 - - [15/Sep/2026:18:25:12 +0200] "GET /wp-json/contact-form-7/v1/contact-forms/4862/feedback/schema HTTP/1.1" 200 8778 "https://cvevolpi.it/" "Mozilla/5.0 AppleWebKit/537.36 (KHTML, like Gecko; compatible; bingbot/2.0; +http://www.bing.com/bingbot.htm) Chrome/136.0.0.0 Safari/537.36 AppleWebKit/537.36 (KHTML, like Gecko; compatible; bingbot/2.0; +http://www.bing.com/bingbot.htm) Chrome/116.0.1938.76 Safari/537.36"
52.167.144.166 - - [15/Sep/2026:18:25:16 +0200] "GET /wp-content/themes/sentinel-child/style.css?ver=7.1 HTTP/1.1" 200 5734 "https://cvevolpi.it/" "Mozilla/5.0 AppleWebKit/537.36 (KHTML, like Gecko; compatible; bingbot/2.0; +http://www.bing.com/bingbot.htm) Chrome/136.0.0.0 Safari/537.36 AppleWebKit/537.36 (KHTML, like Gecko; compatible; bingbot/2.0; +http://www.bing.com/bingbot.htm) Chrome/116.0.1938.76 Safari/537.36"
52.167.144.166 - - [15/Sep/2026:18:25:16 +0200] "GET /wp-content/themes/sentinel/vc.css?ver=7.1 HTTP/1.1" 200 5463 "https://cvevolpi.it/" "Mozilla/5.0 AppleWebKit/537.36 (KHTML, like Gecko; compatible; bingbot/2.0; +http://www.bing.com/bingbot.htm) Chrome/136.0.0.0 Safari/537.36 AppleWebKit/537.36 (KHTML, like Gecko; compatible; bingbot/2.0; +http://www.bing.com/bingbot.htm) Chrome/116.0.1938.76 Safari/537.36"
52.167.144.166 - - [15/Sep/2026:18:25:16 +0200] "GET /wp-content/themes/sentinel/retina.css?ver=7.1 HTTP/1.1" 200 5451 "https://cvevolpi.it/" "Mozilla/5.0 AppleWebKit/537.36 (KHTML, like Gecko; compatible; bingbot/2.0; +http://www.bing.com/bingbot.htm) Chrome/136.0.0.0 Safari/537.36 AppleWebKit/537.36 (KHTML, like Gecko; compatible; bingbot/2.0; +http://www.bing.com/bingbot.htm) Chrome/116.0.1938.76 Safari/537.36"
52.167.144.166 - - [15/Sep/2026:18:25:16 +0200] "GET /wp-content/themes/sentinel/scripts/entypo/entypo.css?ver=7.1 HTTP/1.1" 200 5498 "https://cvevolpi.it/" "Mozilla/5.0 AppleWebKit/537.36 (KHTML, like Gecko; compatible; bingbot/2.0; +http://www.bing.com/bingbot.htm) Chrome/136.0.0.0 Safari/537.36 AppleWebKit/537.36 (KHTML, like Gecko; compatible; bingbot/2.0; +http://www.bing.com/bingbot.htm) Chrome/116.0.1938.76 Safari/537.36"
52.167.144.166 - - [15/Sep/2026:18:25:16 +0200] "GET /wp-includes/js/jquery/ui/tabs.min.js?ver=1.14.2 HTTP/1.1" 200 5464 "https://cvevolpi.it/" "Mozilla/5.0 AppleWebKit/537.36 (KHTML, like Gecko; compatible; bingbot/2.0; +http://www.bing.com/bingbot.htm) Chrome/136.0.0.0 Safari/537.36 AppleWebKit/537.36 (KHTML, like Gecko; compatible; bingbot/2.0; +http://www.bing.com/bingbot.htm) Chrome/116.0.1938.76 Safari/537.36"
52.167.144.166 - - [15/Sep/2026:18:25:17 +0200] "GET /wp-includes/js/jquery/ui/core.min.js?ver=1.14.2 HTTP/1.1" 200 5480 "https://cvevolpi.it/" "Mozilla/5.0 AppleWebKit/537.36 (KHTML, like Gecko; compatible; bingbot/2.0; +http://www.bing.com/bingbot.htm) Chrome/136.0.0.0 Safari/537.36 AppleWebKit/537.36 (KHTML, like Gecko; compatible; bingbot/2.0; +http://www.bing.com/bingbot.htm) Chrome/116.0.1938.76 Safari/537.36"
40.77.167.3 - - [15/Sep/2026:18:25:26 +0200] "GET /wp-content/themes/sentinel/scripts/magnific-popup/magnific-popup.css?ver=7.1 HTTP/1.1" 200 5482 "https://cvevolpi.it/" "Mozilla/5.0 AppleWebKit/537.36 (KHTML, like Gecko; compatible; bingbot/2.0; +http://www.bing.com/bingbot.htm) Chrome/136.0.0.0 Safari/537.36 AppleWebKit/537.36 (KHTML, like Gecko; compatible; bingbot/2.0; +http://www.bing.com/bingbot.htm) Chrome/116.0.1938.76 Safari/537.36"
40.77.167.3 - - [15/Sep/2026:18:25:27 +0200] "GET /wp-content/themes/sentinel/scripts/zocial/zocial.css?ver=7.1 HTTP/1.1" 200 5466 "https://cvevolpi.it/" "Mozilla/5.0 AppleWebKit/537.36 (KHTML, like Gecko; compatible; bingbot/2.0; +http://www.bing.com/bingbot.htm) Chrome/136.0.0.0 Safari/537.36 AppleWebKit/537.36 (KHTML, like Gecko; compatible; bingbot/2.0; +http://www.bing.com/bingbot.htm) Chrome/116.0.1938.76 Safari/537.36"
40.77.167.3 - - [15/Sep/2026:18:25:27 +0200] "GET /wp-content/themes/sentinel/scripts/fontawesome/css/font-awesome.min.css?ver=7.1 HTTP/1.1" 200 5517 "https://cvevolpi.it/" "Mozilla/5.0 AppleWebKit/537.36 (KHTML, like Gecko; compatible; bingbot/2.0; +http://www.bing.com/bingbot.htm) Chrome/136.0.0.0 Safari/537.36 AppleWebKit/537.36 (KHTML, like Gecko; compatible; bingbot/2.0; +http://www.bing.com/bingbot.htm) Chrome/116.0.1938.76 Safari/537.36"
40.77.167.3 - - [15/Sep/2026:18:25:27 +0200] "GET /wp-content/themes/sentinel/skins/cobalt/cobalt.css?ver=7.1 HTTP/1.1" 200 5496 "https://cvevolpi.it/" "Mozilla/5.0 AppleWebKit/537.36 (KHTML, like Gecko; compatible; bingbot/2.0; +http://www.bing.com/bingbot.htm) Chrome/136.0.0.0 Safari/537.36 AppleWebKit/537.36 (KHTML, like Gecko; compatible; bingbot/2.0; +http://www.bing.com/bingbot.htm) Chrome/116.0.1938.76 Safari/537.36"
40.77.167.3 - - [15/Sep/2026:18:25:27 +0200] "GET /wp-content/plugins/js_composer/assets/lib/bower/jquery-ui-tabs-rotate/jquery-ui-tabs-rotate.min.js?ver=6.4.2 HTTP/1.1" 200 5542 "https://cvevolpi.it/" "Mozilla/5.0 AppleWebKit/537.36 (KHTML, like Gecko; compatible; bingbot/2.0; +http://www.bing.com/bingbot.htm) Chrome/136.0.0.0 Safari/537.36 AppleWebKit/537.36 (KHTML, like Gecko; compatible; bingbot/2.0; +http://www.bing.com/bingbot.htm) Chrome/116.0.1938.76 Safari/537.36"
40.77.167.3 - - [15/Sep/2026:18:25:27 +0200] "GET /wp-content/themes/sentinel/scripts/magnific-popup/magnific-popup-anim.css?ver=7.1 HTTP/1.1" 200 5503 "https://cvevolpi.it/" "Mozilla/5.0 AppleWebKit/537.36 (KHTML, like Gecko; compatible; bingbot/2.0; +http://www.bing.com/bingbot.htm) Chrome/136.0.0.0 Safari/537.36 AppleWebKit/537.36 (KHTML, like Gecko; compatible; bingbot/2.0; +http://www.bing.com/bingbot.htm) Chrome/116.0.1938.76 Safari/537.36"
192.178.4.166 - - [15/Sep/2026:18:27:01 +0200] "GET /?v=4219774452601 HTTP/1.1" 200 8793 "-" "Mozilla/5.0 (Linux; Android 6.0.1; Nexus 5X Build/MMB29P) AppleWebKit/537.36 (KHTML, like Gecko) Chrome/152.0.7977.82 Mobile Safari/537.36 (compatible; Googlebot/2.1; +http://www.google.com/bot.html)"
74.7.227.162 - - [15/Sep/2026:18:28:45 +0200] "GET /?lokasie=/var/www/vhosts/cvevolpi.it/logs/error_log.5.gz&loknya=/var/www/vhosts/cvevolpi.it/logs HTTP/1.1" 403 5670 "https://cvevolpi.it/?loknya=/var/www/vhosts/cvevolpi.it/logs" "Mozilla/5.0 AppleWebKit/537.36 (KHTML, like Gecko; compatible; GPTBot/1.4; +https://openai.com/gptbot)"
74.7.227.162 - - [15/Sep/2026:18:29:04 +0200] "GET /?lokasie=/var/www/vhosts/cvevolpi.it/logs/error_log.8.gz&loknya=/var/www/vhosts/cvevolpi.it/logs HTTP/1.1" 403 5670 "https://cvevolpi.it/?loknya=/var/www/vhosts/cvevolpi.it/logs" "Mozilla/5.0 AppleWebKit/537.36 (KHTML, like Gecko; compatible; GPTBot/1.4; +https://openai.com/gptbot)"
74.7.227.162 - - [15/Sep/2026:18:29:24 +0200] "GET /?lokasie=/var/www/vhosts/cvevolpi.it/logs/error_log.6.gz&loknya=/var/www/vhosts/cvevolpi.it/logs HTTP/1.1" 403 5670 "https://cvevolpi.it/?loknya=/var/www/vhosts/cvevolpi.it/logs" "Mozilla/5.0 AppleWebKit/537.36 (KHTML, like Gecko; compatible; GPTBot/1.4; +https://openai.com/gptbot)"
74.7.227.162 - - [15/Sep/2026:18:29:44 +0200] "GET /?lokasie=/var/www/vhosts/cvevolpi.it/logs/error_log.7.gz&loknya=/var/www/vhosts/cvevolpi.it/logs HTTP/1.1" 403 5670 "https://cvevolpi.it/?loknya=/var/www/vhosts/cvevolpi.it/logs" "Mozilla/5.0 AppleWebKit/537.36 (KHTML, like Gecko; compatible; GPTBot/1.4; +https://openai.com/gptbot)"
74.7.227.162 - - [15/Sep/2026:18:30:04 +0200] "GET /?lokasie=/var/www/vhosts/cvevolpi.it/logs/error_log.9.gz&loknya=/var/www/vhosts/cvevolpi.it/logs HTTP/1.1" 403 5670 "https://cvevolpi.it/?loknya=/var/www/vhosts/cvevolpi.it/logs" "Mozilla/5.0 AppleWebKit/537.36 (KHTML, like Gecko; compatible; GPTBot/1.4; +https://openai.com/gptbot)"
192.178.4.168 - - [15/Sep/2026:18:30:29 +0200] "GET /?v=2238761973103 HTTP/1.1" 200 8775 "-" "Mozilla/5.0 (Linux; Android 6.0.1; Nexus 5X Build/MMB29P) AppleWebKit/537.36 (KHTML, like Gecko) Chrome/152.0.7977.82 Mobile Safari/537.36 (compatible; Googlebot/2.1; +http://www.google.com/bot.html)"
192.178.4.167 - - [15/Sep/2026:18:33:30 +0200] "GET /?v=9498670692500 HTTP/1.1" 200 8761 "-" "Mozilla/5.0 (Linux; Android 6.0.1; Nexus 5X Build/MMB29P) AppleWebKit/537.36 (KHTML, like Gecko) Chrome/152.0.7977.82 Mobile Safari/537.36 (compatible; Googlebot/2.1; +http://www.google.com/bot.html)"
216.73.216.82 - - [15/Sep/2026:18:33:57 +0200] "GET /robots.txt HTTP/1.1" 200 8774 "-" "Mozilla/5.0 AppleWebKit/537.36 (KHTML, like Gecko; compatible; ClaudeBot/1.0; +claudebot@anthropic.com)"
192.178.4.168 - - [15/Sep/2026:18:36:31 +0200] "GET /?v=24239121646400 HTTP/1.1" 200 8775 "-" "Mozilla/5.0 (Linux; Android 6.0.1; Nexus 5X Build/MMB29P) AppleWebKit/537.36 (KHTML, like Gecko) Chrome/152.0.7977.82 Mobile Safari/537.36 (compatible; Googlebot/2.1; +http://www.google.com/bot.html)"
192.178.4.166 - - [15/Sep/2026:18:37:32 +0200] "GET /?v=2907580920301 HTTP/1.1" 200 8777 "-" "Mozilla/5.0 (Linux; Android 6.0.1; Nexus 5X Build/MMB29P) AppleWebKit/537.36 (KHTML, like Gecko) Chrome/152.0.7977.82 Mobile Safari/537.36 (compatible; Googlebot/2.1; +http://www.google.com/bot.html)"
192.178.4.168 - - [15/Sep/2026:18:37:34 +0200] "GET /?v=07230106335301 HTTP/1.1" 200 8759 "-" "Mozilla/5.0 (Linux; Android 6.0.1; Nexus 5X Build/MMB29P) AppleWebKit/537.36 (KHTML, like Gecko) Chrome/152.0.7977.82 Mobile Safari/537.36 (compatible; Googlebot/2.1; +http://www.google.com/bot.html)"
192.178.4.166 - - [15/Sep/2026:18:39:36 +0200] "GET /?v=7157086213200 HTTP/1.1" 200 8761 "-" "Mozilla/5.0 (Linux; Android 6.0.1; Nexus 5X Build/MMB29P) AppleWebKit/537.36 (KHTML, like Gecko) Chrome/152.0.7977.82 Mobile Safari/537.36 (compatible; Googlebot/2.1; +http://www.google.com/bot.html)"
192.178.4.168 - - [15/Sep/2026:18:39:38 +0200] "GET /?v=2819833959800 HTTP/1.1" 200 8775 "-" "Mozilla/5.0 (Linux; Android 6.0.1; Nexus 5X Build/MMB29P) AppleWebKit/537.36 (KHTML, like Gecko) Chrome/152.0.7977.82 Mobile Safari/537.36 (compatible; Googlebot/2.1; +http://www.google.com/bot.html)"
74.7.227.162 - - [15/Sep/2026:18:40:35 +0200] "GET /?lokasie=/var/www/vhosts/cvevolpi.it/logs/access_ssl_log.processed.7.gz&loknya=/var/www/vhosts/cvevolpi.it/logs HTTP/1.1" 200 7127 "https://cvevolpi.it/?loknya=/var/www/vhosts/cvevolpi.it/logs" "Mozilla/5.0 AppleWebKit/537.36 (KHTML, like Gecko; compatible; GPTBot/1.4; +https://openai.com/gptbot)"
192.178.4.168 - - [15/Sep/2026:18:40:38 +0200] "GET /?v=02261166288000 HTTP/1.1" 200 8775 "-" "Mozilla/5.0 (Linux; Android 6.0.1; Nexus 5X Build/MMB29P) AppleWebKit/537.36 (KHTML, like Gecko) Chrome/152.0.7977.82 Mobile Safari/537.36 (compatible; Googlebot/2.1; +http://www.google.com/bot.html)"
74.7.227.162 - - [15/Sep/2026:18:40:54 +0200] "GET /?lokasie=/var/www/vhosts/cvevolpi.it/logs/access_ssl_log.processed.5.gz&loknya=/var/www/vhosts/cvevolpi.it/logs HTTP/1.1" 200 7128 "https://cvevolpi.it/?loknya=/var/www/vhosts/cvevolpi.it/logs" "Mozilla/5.0 AppleWebKit/537.36 (KHTML, like Gecko; compatible; GPTBot/1.4; +https://openai.com/gptbot)"
74.7.227.162 - - [15/Sep/2026:18:41:10 +0200] "GET /?lokasie=/var/www/vhosts/cvevolpi.it/logs/access_log.processed.6.gz&loknya=/var/www/vhosts/cvevolpi.it/logs HTTP/1.1" 403 5670 "https://cvevolpi.it/?loknya=/var/www/vhosts/cvevolpi.it/logs" "Mozilla/5.0 AppleWebKit/537.36 (KHTML, like Gecko; compatible; GPTBot/1.4; +https://openai.com/gptbot)"
74.7.227.162 - - [15/Sep/2026:18:41:23 +0200] "GET /?lokasie=/var/www/vhosts/cvevolpi.it/logs/access_log.processed.3.gz&loknya=/var/www/vhosts/cvevolpi.it/logs HTTP/1.1" 403 5670 "https://cvevolpi.it/?loknya=/var/www/vhosts/cvevolpi.it/logs" "Mozilla/5.0 AppleWebKit/537.36 (KHTML, like Gecko; compatible; GPTBot/1.4; +https://openai.com/gptbot)"
74.7.227.162 - - [15/Sep/2026:18:41:36 +0200] "GET /?lokasie=/var/www/vhosts/cvevolpi.it/logs/access_ssl_log.processed.4.gz&loknya=/var/www/vhosts/cvevolpi.it/logs HTTP/1.1" 200 7127 "https://cvevolpi.it/?loknya=/var/www/vhosts/cvevolpi.it/logs" "Mozilla/5.0 AppleWebKit/537.36 (KHTML, like Gecko; compatible; GPTBot/1.4; +https://openai.com/gptbot)"
192.178.4.168 - - [15/Sep/2026:18:41:39 +0200] "GET /?v=88312125356402 HTTP/1.1" 200 8759 "-" "Mozilla/5.0 (Linux; Android 6.0.1; Nexus 5X Build/MMB29P) AppleWebKit/537.36 (KHTML, like Gecko) Chrome/152.0.7977.82 Mobile Safari/537.36 (compatible; Googlebot/2.1; +http://www.google.com/bot.html)"
192.178.4.168 - - [15/Sep/2026:18:41:40 +0200] "GET /?v=2006925487102 HTTP/1.1" 200 8791 "-" "Mozilla/5.0 (Linux; Android 6.0.1; Nexus 5X Build/MMB29P) AppleWebKit/537.36 (KHTML, like Gecko) Chrome/152.0.7977.82 Mobile Safari/537.36 (compatible; Googlebot/2.1; +http://www.google.com/bot.html)"
192.178.4.168 - - [15/Sep/2026:18:41:41 +0200] "GET /?v=12303126508800 HTTP/1.1" 200 8775 "-" "Mozilla/5.0 (Linux; Android 6.0.1; Nexus 5X Build/MMB29P) AppleWebKit/537.36 (KHTML, like Gecko) Chrome/152.0.7977.82 Mobile Safari/537.36 (compatible; Googlebot/2.1; +http://www.google.com/bot.html)"
74.7.227.162 - - [15/Sep/2026:18:41:49 +0200] "GET /?lokasie=/var/www/vhosts/cvevolpi.it/logs/access_log.processed.1.gz&loknya=/var/www/vhosts/cvevolpi.it/logs HTTP/1.1" 403 5670 "https://cvevolpi.it/?loknya=/var/www/vhosts/cvevolpi.it/logs" "Mozilla/5.0 AppleWebKit/537.36 (KHTML, like Gecko; compatible; GPTBot/1.4; +https://openai.com/gptbot)"
74.7.227.162 - - [15/Sep/2026:18:41:59 +0200] "GET /?lokasie=/var/www/vhosts/cvevolpi.it/logs/access_ssl_log.processed.8.gz&loknya=/var/www/vhosts/cvevolpi.it/logs HTTP/1.1" 200 7128 "https://cvevolpi.it/?loknya=/var/www/vhosts/cvevolpi.it/logs" "Mozilla/5.0 AppleWebKit/537.36 (KHTML, like Gecko; compatible; GPTBot/1.4; +https://openai.com/gptbot)"
74.7.227.162 - - [15/Sep/2026:18:42:09 +0200] "GET /?lokasie=/var/www/vhosts/cvevolpi.it/logs/access_ssl_log.processed.2.gz&loknya=/var/www/vhosts/cvevolpi.it/logs HTTP/1.1" 200 7130 "https://cvevolpi.it/?loknya=/var/www/vhosts/cvevolpi.it/logs" "Mozilla/5.0 AppleWebKit/537.36 (KHTML, like Gecko; compatible; GPTBot/1.4; +https://openai.com/gptbot)"
74.7.227.162 - - [15/Sep/2026:18:42:17 +0200] "GET /?lokasie=/var/www/vhosts/cvevolpi.it/logs/access_log.processed.4.gz&loknya=/var/www/vhosts/cvevolpi.it/logs HTTP/1.1" 403 5670 "https://cvevolpi.it/?loknya=/var/www/vhosts/cvevolpi.it/logs" "Mozilla/5.0 AppleWebKit/537.36 (KHTML, like Gecko; compatible; GPTBot/1.4; +https://openai.com/gptbot)"
74.7.227.162 - - [15/Sep/2026:18:42:24 +0200] "GET /?lokasie=/var/www/vhosts/cvevolpi.it/logs/access_log.processed.7.gz&loknya=/var/www/vhosts/cvevolpi.it/logs HTTP/1.1" 403 5670 "https://cvevolpi.it/?loknya=/var/www/vhosts/cvevolpi.it/logs" "Mozilla/5.0 AppleWebKit/537.36 (KHTML, like Gecko; compatible; GPTBot/1.4; +https://openai.com/gptbot)"
192.178.4.168 - - [15/Sep/2026:18:42:42 +0200] "GET /?v=7615945401500 HTTP/1.1" 200 8791 "-" "Mozilla/5.0 (Linux; Android 6.0.1; Nexus 5X Build/MMB29P) AppleWebKit/537.36 (KHTML, like Gecko) Chrome/152.0.7977.82 Mobile Safari/537.36 (compatible; Googlebot/2.1; +http://www.google.com/bot.html)"
74.7.230.17 - - [15/Sep/2026:18:46:06 +0200] "GET /robots.txt HTTP/1.1" 200 8759 "-" "Mozilla/5.0 (Macintosh; Intel Mac OS X 10_15_7) AppleWebKit/537.36 (KHTML, like Gecko) Chrome/131.0.0.0 Safari/537.36; compatible; OAI-SearchBot/1.4; robots.txt; +https://openai.com/searchbot"
192.178.4.167 - - [15/Sep/2026:18:46:43 +0200] "GET /?v=87540200397602 HTTP/1.1" 200 8761 "-" "Mozilla/5.0 (Linux; Android 6.0.1; Nexus 5X Build/MMB29P) AppleWebKit/537.36 (KHTML, like Gecko) Chrome/152.0.7977.82 Mobile Safari/537.36 (compatible; Googlebot/2.1; +http://www.google.com/bot.html)"