27.115.124.38 - - [28/Jul/2026:13:09:12 +0200] "GET /wp-includes/js/wp-emoji-release.min.js?ver=6.9.4 HTTP/1.1" 200 242 "http://www.cvevolpi.it/wp-content/plugins/galex_827aff9a/cache_a3a60052.php" "Mozilla/5.0 (Linux; U; Android 8.1.0; zh-cn; MI 8 Build/OPM1.171019.011) AppleWebKit/537.36 (KHTML, like Gecko) Version/4.0 Chrome/57.0.2987.108 Mobile Safari/537.36"
27.115.124.45 - - [28/Jul/2026:13:09:12 +0200] "GET /wp-content/plugins/revslider/public/assets/js/rs6.min.js?ver=6.6.20 HTTP/1.1" 200 410361 "http://www.cvevolpi.it/wp-content/plugins/galex_827aff9a/cache_a3a60052.php" "Mozilla/5.0 (Linux; U; Android 8.1.0; zh-cn; MI 8 Build/OPM1.171019.011) AppleWebKit/537.36 (KHTML, like Gecko) Version/4.0 Chrome/57.0.2987.108 Mobile Safari/537.36"
27.115.124.70 - - [28/Jul/2026:13:09:12 +0200] "GET /wp-content/themes/sentinel/images/widget_contact_address.png HTTP/1.1" 200 2978 "http://www.cvevolpi.it/wp-content/themes/sentinel/style.css" "Mozilla/5.0 (Linux; U; Android 8.1.0; zh-cn; MI 8 Build/OPM1.171019.011) AppleWebKit/537.36 (KHTML, like Gecko) Version/4.0 Chrome/57.0.2987.108 Mobile Safari/537.36"
27.115.124.118 - - [28/Jul/2026:13:09:12 +0200] "GET /wp-content/themes/sentinel/images/search_top_button.png HTTP/1.1" 200 3277 "http://www.cvevolpi.it/wp-content/themes/sentinel/style.css" "Mozilla/5.0 (Linux; U; Android 8.1.0; zh-cn; MI 8 Build/OPM1.171019.011) AppleWebKit/537.36 (KHTML, like Gecko) Version/4.0 Chrome/57.0.2987.108 Mobile Safari/537.36"
27.115.124.70 - - [28/Jul/2026:13:09:12 +0200] "GET /wp-content/themes/sentinel/images/widget_contact_email.png HTTP/1.1" 200 2870 "http://www.cvevolpi.it/wp-content/themes/sentinel/style.css" "Mozilla/5.0 (Linux; U; Android 8.1.0; zh-cn; MI 8 Build/OPM1.171019.011) AppleWebKit/537.36 (KHTML, like Gecko) Version/4.0 Chrome/57.0.2987.108 Mobile Safari/537.36"
27.115.124.118 - - [28/Jul/2026:13:09:12 +0200] "GET /wp-content/themes/sentinel/images/widget_contact_phone.png HTTP/1.1" 200 2855 "http://www.cvevolpi.it/wp-content/themes/sentinel/style.css" "Mozilla/5.0 (Linux; U; Android 8.1.0; zh-cn; MI 8 Build/OPM1.171019.011) AppleWebKit/537.36 (KHTML, like Gecko) Version/4.0 Chrome/57.0.2987.108 Mobile Safari/537.36"
27.115.124.38 - - [28/Jul/2026:13:09:12 +0200] "GET /wp-includes/js/wp-emoji-release.min.js?ver=6.9.4 HTTP/1.1" 200 22762 "http://www.cvevolpi.it/wp-content/plugins/galex_827aff9a/cache_a3a60052.php" "Mozilla/5.0 (Linux; U; Android 8.1.0; zh-cn; MI 8 Build/OPM1.171019.011) AppleWebKit/537.36 (KHTML, like Gecko) Version/4.0 Chrome/57.0.2987.108 Mobile Safari/537.36"
27.115.124.45 - - [28/Jul/2026:13:09:15 +0200] "GET /favicon.ico HTTP/1.1" 302 707 "-" "Mozilla/5.0 (Windows NT 10.0; WOW64) AppleWebKit/537.36 (KHTML, like Gecko) Chrome/129.0.3904.108 Safari/537.36"
27.115.124.45 - - [28/Jul/2026:13:09:16 +0200] "GET /wp-includes/images/w-logo-blue-white-bg.png HTTP/1.1" 200 234 "-" "Mozilla/5.0 (Windows NT 10.0; WOW64) AppleWebKit/537.36 (KHTML, like Gecko) Chrome/129.0.3904.108 Safari/537.36"
27.115.124.45 - - [28/Jul/2026:13:09:16 +0200] "GET /wp-content/themes/sentinel%204.1/favicon.ico HTTP/1.1" 404 52371 "-" "Mozilla/5.0 (Windows NT 10.0; WOW64) AppleWebKit/537.36 (KHTML, like Gecko) Chrome/129.0.3904.108 Safari/537.36"
27.115.124.45 - - [28/Jul/2026:13:09:16 +0200] "GET /wp-includes/images/w-logo-blue-white-bg.png HTTP/1.1" 200 4119 "-" "Mozilla/5.0 (Windows NT 10.0; WOW64) AppleWebKit/537.36 (KHTML, like Gecko) Chrome/129.0.3904.108 Safari/537.36"
27.115.124.6 - - [28/Jul/2026:13:09:17 +0200] "GET /favicon.ico HTTP/1.1" 302 707 "-" "Mozilla/5.0 (Windows NT 10.0; WOW64) AppleWebKit/537.36 (KHTML, like Gecko) Chrome/129.0.3904.108 Safari/537.36"
27.115.124.6 - - [28/Jul/2026:13:09:18 +0200] "GET /wp-includes/images/w-logo-blue-white-bg.png HTTP/1.1" 200 234 "-" "Mozilla/5.0 (Windows NT 10.0; WOW64) AppleWebKit/537.36 (KHTML, like Gecko) Chrome/129.0.3904.108 Safari/537.36"
27.115.124.6 - - [28/Jul/2026:13:09:18 +0200] "GET /wp-includes/images/w-logo-blue-white-bg.png HTTP/1.1" 200 4119 "-" "Mozilla/5.0 (Windows NT 10.0; WOW64) AppleWebKit/537.36 (KHTML, like Gecko) Chrome/129.0.3904.108 Safari/537.36"
27.115.124.6 - - [28/Jul/2026:13:09:20 +0200] "GET /favicon.ico HTTP/1.1" 302 707 "-" "Mozilla/5.0 (Windows NT 10.0; Win64; x64) AppleWebKit/537.36 (KHTML, like Gecko) Chrome/120.0.0.0 Safari/537.36"
27.115.124.109 - - [28/Jul/2026:13:09:20 +0200] "GET /wp-content/themes/sentinel%204.1/favicon.ico HTTP/1.1" 404 52371 "-" "Mozilla/5.0 (Windows NT 10.0; Win64; x64) AppleWebKit/537.36 (KHTML, like Gecko) Chrome/120.0.0.0 Safari/537.36"
27.115.124.6 - - [28/Jul/2026:13:09:21 +0200] "GET /wp-includes/images/w-logo-blue-white-bg.png HTTP/1.1" 200 234 "http://www.cvevolpi.it/favicon.ico" "Mozilla/5.0 (Windows NT 10.0; Win64; x64) AppleWebKit/537.36 (KHTML, like Gecko) Chrome/120.0.0.0 Safari/537.36"
27.115.124.6 - - [28/Jul/2026:13:09:21 +0200] "GET /wp-includes/images/w-logo-blue-white-bg.png HTTP/1.1" 200 4119 "http://www.cvevolpi.it/favicon.ico" "Mozilla/5.0 (Windows NT 10.0; Win64; x64) AppleWebKit/537.36 (KHTML, like Gecko) Chrome/120.0.0.0 Safari/537.36"
123.6.49.15 - - [28/Jul/2026:13:09:26 +0200] "GET /wp-content/plugins/galex_827aff9a/cache_a3a60052.php HTTP/1.1" 404 52067 "-" "Mozilla/5.0 (Linux; Android 10; HUAWEI P30 Pro) AppleWebKit/537.36 (KHTML, like Gecko) Chrome/89.0.4389.105 Mobile Safari/537.36"
123.6.49.50 - - [28/Jul/2026:13:09:26 +0200] "GET /wp-content/themes/sentinel/vc.css?ver=6.9.4 HTTP/1.1" 200 10003 "http://www.cvevolpi.it/wp-content/plugins/galex_827aff9a/cache_a3a60052.php" "Mozilla/5.0 (Linux; Android 10; HUAWEI P30 Pro) AppleWebKit/537.36 (KHTML, like Gecko) Chrome/89.0.4389.105 Mobile Safari/537.36"
123.6.49.50 - - [28/Jul/2026:13:09:26 +0200] "GET /wp-content/themes/sentinel/vc.css?ver=6.9.4 HTTP/1.1" 200 223 "http://www.cvevolpi.it/wp-content/plugins/galex_827aff9a/cache_a3a60052.php" "Mozilla/5.0 (Linux; Android 10; HUAWEI P30 Pro) AppleWebKit/537.36 (KHTML, like Gecko) Chrome/89.0.4389.105 Mobile Safari/537.36"
123.6.49.50 - - [28/Jul/2026:13:09:27 +0200] "GET /wp-content/plugins/contact-form-7/includes/css/styles.css?ver=6.1.5 HTTP/1.1" 200 247 "http://www.cvevolpi.it/wp-content/plugins/galex_827aff9a/cache_a3a60052.php" "Mozilla/5.0 (Linux; Android 10; HUAWEI P30 Pro) AppleWebKit/537.36 (KHTML, like Gecko) Chrome/89.0.4389.105 Mobile Safari/537.36"
123.6.49.44 - - [28/Jul/2026:13:09:27 +0200] "GET /wp-content/plugins/cookie-law-info/legacy/public/css/cookie-law-info-public.css?ver=3.4.0 HTTP/1.1" 200 269 "http://www.cvevolpi.it/wp-content/plugins/galex_827aff9a/cache_a3a60052.php" "Mozilla/5.0 (Linux; Android 10; HUAWEI P30 Pro) AppleWebKit/537.36 (KHTML, like Gecko) Chrome/89.0.4389.105 Mobile Safari/537.36"
123.6.49.19 - - [28/Jul/2026:13:09:27 +0200] "GET /wp-content/plugins/cookie-law-info/legacy/public/css/cookie-law-info-gdpr.css?ver=3.4.0 HTTP/1.1" 200 267 "http://www.cvevolpi.it/wp-content/plugins/galex_827aff9a/cache_a3a60052.php" "Mozilla/5.0 (Linux; Android 10; HUAWEI P30 Pro) AppleWebKit/537.36 (KHTML, like Gecko) Chrome/89.0.4389.105 Mobile Safari/537.36"
123.6.49.18 - - [28/Jul/2026:13:09:27 +0200] "GET /wp-content/plugins/ffPackeryGallery/style_pack.css?ver=6.9.4 HTTP/1.1" 200 240 "http://www.cvevolpi.it/wp-content/plugins/galex_827aff9a/cache_a3a60052.php" "Mozilla/5.0 (Linux; Android 10; HUAWEI P30 Pro) AppleWebKit/537.36 (KHTML, like Gecko) Chrome/89.0.4389.105 Mobile Safari/537.36"
123.6.49.50 - - [28/Jul/2026:13:09:27 +0200] "GET /wp-content/themes/sentinel-child/style.css?ver=6.9.4 HTTP/1.1" 200 478 "http://www.cvevolpi.it/wp-content/plugins/galex_827aff9a/cache_a3a60052.php" "Mozilla/5.0 (Linux; Android 10; HUAWEI P30 Pro) AppleWebKit/537.36 (KHTML, like Gecko) Chrome/89.0.4389.105 Mobile Safari/537.36"
123.6.49.47 - - [28/Jul/2026:13:09:27 +0200] "GET /wp-content/themes/sentinel/retina.css?ver=6.9.4 HTTP/1.1" 200 227 "http://www.cvevolpi.it/wp-content/plugins/galex_827aff9a/cache_a3a60052.php" "Mozilla/5.0 (Linux; Android 10; HUAWEI P30 Pro) AppleWebKit/537.36 (KHTML, like Gecko) Chrome/89.0.4389.105 Mobile Safari/537.36"
123.6.49.15 - - [28/Jul/2026:13:09:27 +0200] "GET /wp-content/themes/sentinel/responsive.css?ver=6.9.4 HTTP/1.1" 200 231 "http://www.cvevolpi.it/wp-content/plugins/galex_827aff9a/cache_a3a60052.php" "Mozilla/5.0 (Linux; Android 10; HUAWEI P30 Pro) AppleWebKit/537.36 (KHTML, like Gecko) Chrome/89.0.4389.105 Mobile Safari/537.36"
123.6.49.44 - - [28/Jul/2026:13:09:27 +0200] "GET /wp-content/themes/sentinel/skins/cobalt/cobalt.css?ver=6.9.4 HTTP/1.1" 200 240 "http://www.cvevolpi.it/wp-content/plugins/galex_827aff9a/cache_a3a60052.php" "Mozilla/5.0 (Linux; Android 10; HUAWEI P30 Pro) AppleWebKit/537.36 (KHTML, like Gecko) Chrome/89.0.4389.105 Mobile Safari/537.36"
123.6.49.18 - - [28/Jul/2026:13:09:27 +0200] "GET /wp-content/themes/sentinel/scripts/bxslider/jquery.bxslider.css?ver=6.9.4 HTTP/1.1" 200 253 "http://www.cvevolpi.it/wp-content/plugins/galex_827aff9a/cache_a3a60052.php" "Mozilla/5.0 (Linux; Android 10; HUAWEI P30 Pro) AppleWebKit/537.36 (KHTML, like Gecko) Chrome/89.0.4389.105 Mobile Safari/537.36"
123.6.49.50 - - [28/Jul/2026:13:09:27 +0200] "GET /wp-content/themes/sentinel/scripts/rs-plugin/css/settings.css?ver=6.9.4 HTTP/1.1" 200 251 "http://www.cvevolpi.it/wp-content/plugins/galex_827aff9a/cache_a3a60052.php" "Mozilla/5.0 (Linux; Android 10; HUAWEI P30 Pro) AppleWebKit/537.36 (KHTML, like Gecko) Chrome/89.0.4389.105 Mobile Safari/537.36"
123.6.49.15 - - [28/Jul/2026:13:09:27 +0200] "GET /wp-content/themes/sentinel/scripts/magnific-popup/magnific-popup-anim.css?ver=6.9.4 HTTP/1.1" 200 263 "http://www.cvevolpi.it/wp-content/plugins/galex_827aff9a/cache_a3a60052.php" "Mozilla/5.0 (Linux; Android 10; HUAWEI P30 Pro) AppleWebKit/537.36 (KHTML, like Gecko) Chrome/89.0.4389.105 Mobile Safari/537.36"
123.6.49.47 - - [28/Jul/2026:13:09:27 +0200] "GET /wp-content/themes/sentinel/scripts/magnific-popup/magnific-popup.css?ver=6.9.4 HTTP/1.1" 200 258 "http://www.cvevolpi.it/wp-content/plugins/galex_827aff9a/cache_a3a60052.php" "Mozilla/5.0 (Linux; Android 10; HUAWEI P30 Pro) AppleWebKit/537.36 (KHTML, like Gecko) Chrome/89.0.4389.105 Mobile Safari/537.36"
123.6.49.44 - - [28/Jul/2026:13:09:27 +0200] "GET /wp-content/themes/sentinel/scripts/fontawesome/css/font-awesome.min.css?ver=6.9.4 HTTP/1.1" 200 261 "http://www.cvevolpi.it/wp-content/plugins/galex_827aff9a/cache_a3a60052.php" "Mozilla/5.0 (Linux; Android 10; HUAWEI P30 Pro) AppleWebKit/537.36 (KHTML, like Gecko) Chrome/89.0.4389.105 Mobile Safari/537.36"
123.6.49.50 - - [28/Jul/2026:13:09:27 +0200] "GET /wp-content/plugins/contact-form-7/includes/css/styles.css?ver=6.1.5 HTTP/1.1" 200 2947 "http://www.cvevolpi.it/wp-content/plugins/galex_827aff9a/cache_a3a60052.php" "Mozilla/5.0 (Linux; Android 10; HUAWEI P30 Pro) AppleWebKit/537.36 (KHTML, like Gecko) Chrome/89.0.4389.105 Mobile Safari/537.36"
123.6.49.44 - - [28/Jul/2026:13:09:27 +0200] "GET /wp-content/plugins/cookie-law-info/legacy/public/css/cookie-law-info-public.css?ver=3.4.0 HTTP/1.1" 200 3106 "http://www.cvevolpi.it/wp-content/plugins/galex_827aff9a/cache_a3a60052.php" "Mozilla/5.0 (Linux; Android 10; HUAWEI P30 Pro) AppleWebKit/537.36 (KHTML, like Gecko) Chrome/89.0.4389.105 Mobile Safari/537.36"
123.6.49.19 - - [28/Jul/2026:13:09:27 +0200] "GET /wp-content/plugins/cookie-law-info/legacy/public/css/cookie-law-info-gdpr.css?ver=3.4.0 HTTP/1.1" 200 27249 "http://www.cvevolpi.it/wp-content/plugins/galex_827aff9a/cache_a3a60052.php" "Mozilla/5.0 (Linux; Android 10; HUAWEI P30 Pro) AppleWebKit/537.36 (KHTML, like Gecko) Chrome/89.0.4389.105 Mobile Safari/537.36"
123.6.49.18 - - [28/Jul/2026:13:09:27 +0200] "GET /wp-content/plugins/ffPackeryGallery/style_pack.css?ver=6.9.4 HTTP/1.1" 200 4566 "http://www.cvevolpi.it/wp-content/plugins/galex_827aff9a/cache_a3a60052.php" "Mozilla/5.0 (Linux; Android 10; HUAWEI P30 Pro) AppleWebKit/537.36 (KHTML, like Gecko) Chrome/89.0.4389.105 Mobile Safari/537.36"
123.6.49.47 - - [28/Jul/2026:13:09:27 +0200] "GET /wp-content/themes/sentinel/retina.css?ver=6.9.4 HTTP/1.1" 200 6377 "http://www.cvevolpi.it/wp-content/plugins/galex_827aff9a/cache_a3a60052.php" "Mozilla/5.0 (Linux; Android 10; HUAWEI P30 Pro) AppleWebKit/537.36 (KHTML, like Gecko) Chrome/89.0.4389.105 Mobile Safari/537.36"
123.6.49.15 - - [28/Jul/2026:13:09:27 +0200] "GET /wp-content/themes/sentinel/responsive.css?ver=6.9.4 HTTP/1.1" 200 9072 "http://www.cvevolpi.it/wp-content/plugins/galex_827aff9a/cache_a3a60052.php" "Mozilla/5.0 (Linux; Android 10; HUAWEI P30 Pro) AppleWebKit/537.36 (KHTML, like Gecko) Chrome/89.0.4389.105 Mobile Safari/537.36"
123.6.49.44 - - [28/Jul/2026:13:09:27 +0200] "GET /wp-content/themes/sentinel/skins/cobalt/cobalt.css?ver=6.9.4 HTTP/1.1" 200 10144 "http://www.cvevolpi.it/wp-content/plugins/galex_827aff9a/cache_a3a60052.php" "Mozilla/5.0 (Linux; Android 10; HUAWEI P30 Pro) AppleWebKit/537.36 (KHTML, like Gecko) Chrome/89.0.4389.105 Mobile Safari/537.36"
123.6.49.18 - - [28/Jul/2026:13:09:27 +0200] "GET /wp-content/themes/sentinel/scripts/bxslider/jquery.bxslider.css?ver=6.9.4 HTTP/1.1" 200 4040 "http://www.cvevolpi.it/wp-content/plugins/galex_827aff9a/cache_a3a60052.php" "Mozilla/5.0 (Linux; Android 10; HUAWEI P30 Pro) AppleWebKit/537.36 (KHTML, like Gecko) Chrome/89.0.4389.105 Mobile Safari/537.36"
123.6.49.50 - - [28/Jul/2026:13:09:27 +0200] "GET /wp-content/themes/sentinel/scripts/rs-plugin/css/settings.css?ver=6.9.4 HTTP/1.1" 200 37202 "http://www.cvevolpi.it/wp-content/plugins/galex_827aff9a/cache_a3a60052.php" "Mozilla/5.0 (Linux; Android 10; HUAWEI P30 Pro) AppleWebKit/537.36 (KHTML, like Gecko) Chrome/89.0.4389.105 Mobile Safari/537.36"
123.6.49.15 - - [28/Jul/2026:13:09:27 +0200] "GET /wp-content/themes/sentinel/scripts/magnific-popup/magnific-popup-anim.css?ver=6.9.4 HTTP/1.1" 200 13870 "http://www.cvevolpi.it/wp-content/plugins/galex_827aff9a/cache_a3a60052.php" "Mozilla/5.0 (Linux; Android 10; HUAWEI P30 Pro) AppleWebKit/537.36 (KHTML, like Gecko) Chrome/89.0.4389.105 Mobile Safari/537.36"
123.6.49.47 - - [28/Jul/2026:13:09:27 +0200] "GET /wp-content/themes/sentinel/scripts/magnific-popup/magnific-popup.css?ver=6.9.4 HTTP/1.1" 200 9687 "http://www.cvevolpi.it/wp-content/plugins/galex_827aff9a/cache_a3a60052.php" "Mozilla/5.0 (Linux; Android 10; HUAWEI P30 Pro) AppleWebKit/537.36 (KHTML, like Gecko) Chrome/89.0.4389.105 Mobile Safari/537.36"
123.6.49.44 - - [28/Jul/2026:13:09:27 +0200] "GET /wp-content/themes/sentinel/scripts/fontawesome/css/font-awesome.min.css?ver=6.9.4 HTTP/1.1" 200 22487 "http://www.cvevolpi.it/wp-content/plugins/galex_827aff9a/cache_a3a60052.php" "Mozilla/5.0 (Linux; Android 10; HUAWEI P30 Pro) AppleWebKit/537.36 (KHTML, like Gecko) Chrome/89.0.4389.105 Mobile Safari/537.36"
123.6.49.44 - - [28/Jul/2026:13:09:28 +0200] "GET /wp-content/plugins/revslider/public/assets/css/rs6.css?ver=6.6.20 HTTP/1.1" 200 58327 "http://www.cvevolpi.it/wp-content/plugins/galex_827aff9a/cache_a3a60052.php" "Mozilla/5.0 (Linux; Android 10; HUAWEI P30 Pro) AppleWebKit/537.36 (KHTML, like Gecko) Chrome/89.0.4389.105 Mobile Safari/537.36"
123.6.49.15 - - [28/Jul/2026:13:09:28 +0200] "GET /wp-content/themes/sentinel/scripts/entypo/entypo.css?ver=6.9.4 HTTP/1.1" 200 13982 "http://www.cvevolpi.it/wp-content/plugins/galex_827aff9a/cache_a3a60052.php" "Mozilla/5.0 (Linux; Android 10; HUAWEI P30 Pro) AppleWebKit/537.36 (KHTML, like Gecko) Chrome/89.0.4389.105 Mobile Safari/537.36"
123.6.49.47 - - [28/Jul/2026:13:09:28 +0200] "GET /wp-content/themes/sentinel/scripts/zocial/zocial.css?ver=6.9.4 HTTP/1.1" 200 6922 "http://www.cvevolpi.it/wp-content/plugins/galex_827aff9a/cache_a3a60052.php" "Mozilla/5.0 (Linux; Android 10; HUAWEI P30 Pro) AppleWebKit/537.36 (KHTML, like Gecko) Chrome/89.0.4389.105 Mobile Safari/537.36"
123.6.49.50 - - [28/Jul/2026:13:09:28 +0200] "GET /wp-includes/js/jquery/jquery-migrate.min.js?ver=3.4.1 HTTP/1.1" 200 13577 "http://www.cvevolpi.it/wp-content/plugins/galex_827aff9a/cache_a3a60052.php" "Mozilla/5.0 (Linux; Android 10; HUAWEI P30 Pro) AppleWebKit/537.36 (KHTML, like Gecko) Chrome/89.0.4389.105 Mobile Safari/537.36"
123.6.49.15 - - [28/Jul/2026:13:09:28 +0200] "GET /wp-content/plugins/cookie-law-info/legacy/public/js/cookie-law-info-public.js?ver=3.4.0 HTTP/1.1" 200 34185 "http://www.cvevolpi.it/wp-content/plugins/galex_827aff9a/cache_a3a60052.php" "Mozilla/5.0 (Linux; Android 10; HUAWEI P30 Pro) AppleWebKit/537.36 (KHTML, like Gecko) Chrome/89.0.4389.105 Mobile Safari/537.36"
123.6.49.47 - - [28/Jul/2026:13:09:28 +0200] "GET /wp-content/themes/sentinel/scripts/bxslider/jquery.bxslider.min.js?ver=6.9.4 HTTP/1.1" 200 19368 "http://www.cvevolpi.it/wp-content/plugins/galex_827aff9a/cache_a3a60052.php" "Mozilla/5.0 (Linux; Android 10; HUAWEI P30 Pro) AppleWebKit/537.36 (KHTML, like Gecko) Chrome/89.0.4389.105 Mobile Safari/537.36"
123.6.49.44 - - [28/Jul/2026:13:09:28 +0200] "GET /wp-content/themes/sentinel/scripts/caroufredsel/jquery.caroufredsel.min.js?ver=6.9.4 HTTP/1.1" 200 54795 "http://www.cvevolpi.it/wp-content/plugins/galex_827aff9a/cache_a3a60052.php" "Mozilla/5.0 (Linux; Android 10; HUAWEI P30 Pro) AppleWebKit/537.36 (KHTML, like Gecko) Chrome/89.0.4389.105 Mobile Safari/537.36"
123.6.49.50 - - [28/Jul/2026:13:09:28 +0200] "GET /wp-includes/js/dist/hooks.min.js?ver=dd5603f07f9220ed27f1 HTTP/1.1" 200 5661 "http://www.cvevolpi.it/wp-content/plugins/galex_827aff9a/cache_a3a60052.php" "Mozilla/5.0 (Linux; Android 10; HUAWEI P30 Pro) AppleWebKit/537.36 (KHTML, like Gecko) Chrome/89.0.4389.105 Mobile Safari/537.36"
123.6.49.44 - - [28/Jul/2026:13:09:28 +0200] "GET /wp-includes/js/dist/i18n.min.js?ver=c26c3dc7bed366793375 HTTP/1.1" 200 5314 "http://www.cvevolpi.it/wp-content/plugins/galex_827aff9a/cache_a3a60052.php" "Mozilla/5.0 (Linux; Android 10; HUAWEI P30 Pro) AppleWebKit/537.36 (KHTML, like Gecko) Chrome/89.0.4389.105 Mobile Safari/537.36"
123.6.49.44 - - [28/Jul/2026:13:09:28 +0200] "GET /wp-content/plugins/revslider/public/assets/css/rs6.css?ver=6.6.20 HTTP/1.1" 200 244 "http://www.cvevolpi.it/wp-content/plugins/galex_827aff9a/cache_a3a60052.php" "Mozilla/5.0 (Linux; Android 10; HUAWEI P30 Pro) AppleWebKit/537.36 (KHTML, like Gecko) Chrome/89.0.4389.105 Mobile Safari/537.36"
123.6.49.15 - - [28/Jul/2026:13:09:28 +0200] "GET /wp-content/themes/sentinel/scripts/entypo/entypo.css?ver=6.9.4 HTTP/1.1" 200 242 "http://www.cvevolpi.it/wp-content/plugins/galex_827aff9a/cache_a3a60052.php" "Mozilla/5.0 (Linux; Android 10; HUAWEI P30 Pro) AppleWebKit/537.36 (KHTML, like Gecko) Chrome/89.0.4389.105 Mobile Safari/537.36"
123.6.49.19 - - [28/Jul/2026:13:09:28 +0200] "GET /wp-content/themes/sentinel/style.css HTTP/1.1" 200 226 "http://www.cvevolpi.it/wp-content/plugins/galex_827aff9a/cache_a3a60052.php" "Mozilla/5.0 (Linux; Android 10; HUAWEI P30 Pro) AppleWebKit/537.36 (KHTML, like Gecko) Chrome/89.0.4389.105 Mobile Safari/537.36"
123.6.49.47 - - [28/Jul/2026:13:09:28 +0200] "GET /wp-content/themes/sentinel/scripts/zocial/zocial.css?ver=6.9.4 HTTP/1.1" 200 242 "http://www.cvevolpi.it/wp-content/plugins/galex_827aff9a/cache_a3a60052.php" "Mozilla/5.0 (Linux; Android 10; HUAWEI P30 Pro) AppleWebKit/537.36 (KHTML, like Gecko) Chrome/89.0.4389.105 Mobile Safari/537.36"
123.6.49.50 - - [28/Jul/2026:13:09:28 +0200] "GET /wp-includes/js/jquery/jquery-migrate.min.js?ver=3.4.1 HTTP/1.1" 200 247 "http://www.cvevolpi.it/wp-content/plugins/galex_827aff9a/cache_a3a60052.php" "Mozilla/5.0 (Linux; Android 10; HUAWEI P30 Pro) AppleWebKit/537.36 (KHTML, like Gecko) Chrome/89.0.4389.105 Mobile Safari/537.36"
123.6.49.18 - - [28/Jul/2026:13:09:28 +0200] "GET /wp-includes/js/jquery/jquery.min.js?ver=3.7.1 HTTP/1.1" 200 239 "http://www.cvevolpi.it/wp-content/plugins/galex_827aff9a/cache_a3a60052.php" "Mozilla/5.0 (Linux; Android 10; HUAWEI P30 Pro) AppleWebKit/537.36 (KHTML, like Gecko) Chrome/89.0.4389.105 Mobile Safari/537.36"
123.6.49.15 - - [28/Jul/2026:13:09:28 +0200] "GET /wp-content/plugins/cookie-law-info/legacy/public/js/cookie-law-info-public.js?ver=3.4.0 HTTP/1.1" 200 281 "http://www.cvevolpi.it/wp-content/plugins/galex_827aff9a/cache_a3a60052.php" "Mozilla/5.0 (Linux; Android 10; HUAWEI P30 Pro) AppleWebKit/537.36 (KHTML, like Gecko) Chrome/89.0.4389.105 Mobile Safari/537.36"
123.6.49.47 - - [28/Jul/2026:13:09:28 +0200] "GET /wp-content/themes/sentinel/scripts/bxslider/jquery.bxslider.min.js?ver=6.9.4 HTTP/1.1" 200 270 "http://www.cvevolpi.it/wp-content/plugins/galex_827aff9a/cache_a3a60052.php" "Mozilla/5.0 (Linux; Android 10; HUAWEI P30 Pro) AppleWebKit/537.36 (KHTML, like Gecko) Chrome/89.0.4389.105 Mobile Safari/537.36"
123.6.49.44 - - [28/Jul/2026:13:09:28 +0200] "GET /wp-content/themes/sentinel/scripts/caroufredsel/jquery.caroufredsel.min.js?ver=6.9.4 HTTP/1.1" 200 278 "http://www.cvevolpi.it/wp-content/plugins/galex_827aff9a/cache_a3a60052.php" "Mozilla/5.0 (Linux; Android 10; HUAWEI P30 Pro) AppleWebKit/537.36 (KHTML, like Gecko) Chrome/89.0.4389.105 Mobile Safari/537.36"
123.6.49.50 - - [28/Jul/2026:13:09:28 +0200] "GET /wp-includes/js/dist/hooks.min.js?ver=dd5603f07f9220ed27f1 HTTP/1.1" 200 236 "http://www.cvevolpi.it/wp-content/plugins/galex_827aff9a/cache_a3a60052.php" "Mozilla/5.0 (Linux; Android 10; HUAWEI P30 Pro) AppleWebKit/537.36 (KHTML, like Gecko) Chrome/89.0.4389.105 Mobile Safari/537.36"
123.6.49.44 - - [28/Jul/2026:13:09:28 +0200] "GET /wp-includes/js/dist/i18n.min.js?ver=c26c3dc7bed366793375 HTTP/1.1" 200 235 "http://www.cvevolpi.it/wp-content/plugins/galex_827aff9a/cache_a3a60052.php" "Mozilla/5.0 (Linux; Android 10; HUAWEI P30 Pro) AppleWebKit/537.36 (KHTML, like Gecko) Chrome/89.0.4389.105 Mobile Safari/537.36"
123.6.49.47 - - [28/Jul/2026:13:09:29 +0200] "GET /wp-content/plugins/contact-form-7/includes/swv/js/index.js?ver=6.1.5 HTTP/1.1" 200 262 "http://www.cvevolpi.it/wp-content/plugins/galex_827aff9a/cache_a3a60052.php" "Mozilla/5.0 (Linux; Android 10; HUAWEI P30 Pro) AppleWebKit/537.36 (KHTML, like Gecko) Chrome/89.0.4389.105 Mobile Safari/537.36"
123.6.49.50 - - [28/Jul/2026:13:09:29 +0200] "GET /wp-content/plugins/contact-form-7/includes/js/index.js?ver=6.1.5 HTTP/1.1" 200 258 "http://www.cvevolpi.it/wp-content/plugins/galex_827aff9a/cache_a3a60052.php" "Mozilla/5.0 (Linux; Android 10; HUAWEI P30 Pro) AppleWebKit/537.36 (KHTML, like Gecko) Chrome/89.0.4389.105 Mobile Safari/537.36"
123.6.49.15 - - [28/Jul/2026:13:09:29 +0200] "GET /wp-content/plugins/ffPackeryGallery/packery/packery.pkgd.min.js?ver=6.9.4 HTTP/1.1" 200 267 "http://www.cvevolpi.it/wp-content/plugins/galex_827aff9a/cache_a3a60052.php" "Mozilla/5.0 (Linux; Android 10; HUAWEI P30 Pro) AppleWebKit/537.36 (KHTML, like Gecko) Chrome/89.0.4389.105 Mobile Safari/537.36"
123.6.49.44 - - [28/Jul/2026:13:09:29 +0200] "GET /wp-content/plugins/ffPackeryGallery/shortcodes.js?ver=6.9.4 HTTP/1.1" 200 743 "http://www.cvevolpi.it/wp-content/plugins/galex_827aff9a/cache_a3a60052.php" "Mozilla/5.0 (Linux; Android 10; HUAWEI P30 Pro) AppleWebKit/537.36 (KHTML, like Gecko) Chrome/89.0.4389.105 Mobile Safari/537.36"
123.6.49.47 - - [28/Jul/2026:13:09:29 +0200] "GET /wp-content/themes/sentinel/scripts/imagesloaded/imagesloaded.min.js?ver=6.9.4 HTTP/1.1" 200 271 "http://www.cvevolpi.it/wp-content/plugins/galex_827aff9a/cache_a3a60052.php" "Mozilla/5.0 (Linux; Android 10; HUAWEI P30 Pro) AppleWebKit/537.36 (KHTML, like Gecko) Chrome/89.0.4389.105 Mobile Safari/537.36"
123.6.49.50 - - [28/Jul/2026:13:09:29 +0200] "GET /wp-content/themes/sentinel/js/global.js?ver=6.9.4 HTTP/1.1" 200 243 "http://www.cvevolpi.it/wp-content/plugins/galex_827aff9a/cache_a3a60052.php" "Mozilla/5.0 (Linux; Android 10; HUAWEI P30 Pro) AppleWebKit/537.36 (KHTML, like Gecko) Chrome/89.0.4389.105 Mobile Safari/537.36"
123.6.49.44 - - [28/Jul/2026:13:09:29 +0200] "GET /wp-content/themes/sentinel/scripts/magnific-popup/magnific-popup.js?ver=6.9.4 HTTP/1.1" 200 271 "http://www.cvevolpi.it/wp-content/plugins/galex_827aff9a/cache_a3a60052.php" "Mozilla/5.0 (Linux; Android 10; HUAWEI P30 Pro) AppleWebKit/537.36 (KHTML, like Gecko) Chrome/89.0.4389.105 Mobile Safari/537.36"
123.6.49.47 - - [28/Jul/2026:13:09:29 +0200] "GET /wp-content/themes/sentinel/scripts/isotope/jquery.isotope.min.js?ver=6.9.4 HTTP/1.1" 200 268 "http://www.cvevolpi.it/wp-content/plugins/galex_827aff9a/cache_a3a60052.php" "Mozilla/5.0 (Linux; Android 10; HUAWEI P30 Pro) AppleWebKit/537.36 (KHTML, like Gecko) Chrome/89.0.4389.105 Mobile Safari/537.36"
123.6.49.50 - - [28/Jul/2026:13:09:29 +0200] "GET /wp-content/themes/sentinel/scripts/gmaps/jquery.gmaps.js?ver=6.9.4 HTTP/1.1" 200 260 "http://www.cvevolpi.it/wp-content/plugins/galex_827aff9a/cache_a3a60052.php" "Mozilla/5.0 (Linux; Android 10; HUAWEI P30 Pro) AppleWebKit/537.36 (KHTML, like Gecko) Chrome/89.0.4389.105 Mobile Safari/537.36"
123.6.49.44 - - [28/Jul/2026:13:09:29 +0200] "GET /wp-content/themes/sentinel/scripts/countdown/jquery.countdown.js?ver=6.9.4 HTTP/1.1" 200 268 "http://www.cvevolpi.it/wp-content/plugins/galex_827aff9a/cache_a3a60052.php" "Mozilla/5.0 (Linux; Android 10; HUAWEI P30 Pro) AppleWebKit/537.36 (KHTML, like Gecko) Chrome/89.0.4389.105 Mobile Safari/537.36"
123.6.49.47 - - [28/Jul/2026:13:09:29 +0200] "GET /wp-content/plugins/contact-form-7/includes/swv/js/index.js?ver=6.1.5 HTTP/1.1" 200 12512 "http://www.cvevolpi.it/wp-content/plugins/galex_827aff9a/cache_a3a60052.php" "Mozilla/5.0 (Linux; Android 10; HUAWEI P30 Pro) AppleWebKit/537.36 (KHTML, like Gecko) Chrome/89.0.4389.105 Mobile Safari/537.36"
123.6.49.50 - - [28/Jul/2026:13:09:29 +0200] "GET /wp-content/plugins/contact-form-7/includes/js/index.js?ver=6.1.5 HTTP/1.1" 200 13452 "http://www.cvevolpi.it/wp-content/plugins/galex_827aff9a/cache_a3a60052.php" "Mozilla/5.0 (Linux; Android 10; HUAWEI P30 Pro) AppleWebKit/537.36 (KHTML, like Gecko) Chrome/89.0.4389.105 Mobile Safari/537.36"
123.6.49.15 - - [28/Jul/2026:13:09:29 +0200] "GET /wp-content/plugins/ffPackeryGallery/packery/packery.pkgd.min.js?ver=6.9.4 HTTP/1.1" 200 31264 "http://www.cvevolpi.it/wp-content/plugins/galex_827aff9a/cache_a3a60052.php" "Mozilla/5.0 (Linux; Android 10; HUAWEI P30 Pro) AppleWebKit/537.36 (KHTML, like Gecko) Chrome/89.0.4389.105 Mobile Safari/537.36"
123.6.49.47 - - [28/Jul/2026:13:09:29 +0200] "GET /wp-content/themes/sentinel/scripts/imagesloaded/imagesloaded.min.js?ver=6.9.4 HTTP/1.1" 200 1645 "http://www.cvevolpi.it/wp-content/plugins/galex_827aff9a/cache_a3a60052.php" "Mozilla/5.0 (Linux; Android 10; HUAWEI P30 Pro) AppleWebKit/537.36 (KHTML, like Gecko) Chrome/89.0.4389.105 Mobile Safari/537.36"
123.6.49.50 - - [28/Jul/2026:13:09:29 +0200] "GET /wp-content/themes/sentinel/js/global.js?ver=6.9.4 HTTP/1.1" 200 29438 "http://www.cvevolpi.it/wp-content/plugins/galex_827aff9a/cache_a3a60052.php" "Mozilla/5.0 (Linux; Android 10; HUAWEI P30 Pro) AppleWebKit/537.36 (KHTML, like Gecko) Chrome/89.0.4389.105 Mobile Safari/537.36"
123.6.49.44 - - [28/Jul/2026:13:09:29 +0200] "GET /wp-content/themes/sentinel/scripts/magnific-popup/magnific-popup.js?ver=6.9.4 HTTP/1.1" 200 18089 "http://www.cvevolpi.it/wp-content/plugins/galex_827aff9a/cache_a3a60052.php" "Mozilla/5.0 (Linux; Android 10; HUAWEI P30 Pro) AppleWebKit/537.36 (KHTML, like Gecko) Chrome/89.0.4389.105 Mobile Safari/537.36"
123.6.49.47 - - [28/Jul/2026:13:09:29 +0200] "GET /wp-content/themes/sentinel/scripts/isotope/jquery.isotope.min.js?ver=6.9.4 HTTP/1.1" 200 16045 "http://www.cvevolpi.it/wp-content/plugins/galex_827aff9a/cache_a3a60052.php" "Mozilla/5.0 (Linux; Android 10; HUAWEI P30 Pro) AppleWebKit/537.36 (KHTML, like Gecko) Chrome/89.0.4389.105 Mobile Safari/537.36"
123.6.49.50 - - [28/Jul/2026:13:09:29 +0200] "GET /wp-content/themes/sentinel/scripts/gmaps/jquery.gmaps.js?ver=6.9.4 HTTP/1.1" 200 3263 "http://www.cvevolpi.it/wp-content/plugins/galex_827aff9a/cache_a3a60052.php" "Mozilla/5.0 (Linux; Android 10; HUAWEI P30 Pro) AppleWebKit/537.36 (KHTML, like Gecko) Chrome/89.0.4389.105 Mobile Safari/537.36"
123.6.49.44 - - [28/Jul/2026:13:09:29 +0200] "GET /wp-content/themes/sentinel/scripts/countdown/jquery.countdown.js?ver=6.9.4 HTTP/1.1" 200 3617 "http://www.cvevolpi.it/wp-content/plugins/galex_827aff9a/cache_a3a60052.php" "Mozilla/5.0 (Linux; Android 10; HUAWEI P30 Pro) AppleWebKit/537.36 (KHTML, like Gecko) Chrome/89.0.4389.105 Mobile Safari/537.36"
123.6.49.18 - - [28/Jul/2026:13:09:29 +0200] "GET /wp-includes/js/jquery/jquery.min.js?ver=3.7.1 HTTP/1.1" 200 87553 "http://www.cvevolpi.it/wp-content/plugins/galex_827aff9a/cache_a3a60052.php" "Mozilla/5.0 (Linux; Android 10; HUAWEI P30 Pro) AppleWebKit/537.36 (KHTML, like Gecko) Chrome/89.0.4389.105 Mobile Safari/537.36"
123.6.49.44 - - [28/Jul/2026:13:09:30 +0200] "GET /wp-content/themes/sentinel/scripts/retinajs/retina-1.1.0-ff-updt.min.js?ver=6.9.4 HTTP/1.1" 200 3306 "http://www.cvevolpi.it/wp-content/plugins/galex_827aff9a/cache_a3a60052.php" "Mozilla/5.0 (Linux; Android 10; HUAWEI P30 Pro) AppleWebKit/537.36 (KHTML, like Gecko) Chrome/89.0.4389.105 Mobile Safari/537.36"
123.6.49.50 - - [28/Jul/2026:13:09:30 +0200] "GET /wp-content/uploads/2017/02/logo2017.jpg HTTP/1.1" 200 12043 "http://www.cvevolpi.it/wp-content/plugins/galex_827aff9a/cache_a3a60052.php" "Mozilla/5.0 (Linux; Android 10; HUAWEI P30 Pro) AppleWebKit/537.36 (KHTML, like Gecko) Chrome/89.0.4389.105 Mobile Safari/537.36"
123.6.49.47 - - [28/Jul/2026:13:09:30 +0200] "GET /wp-content/themes/sentinel/scripts/countdown/jquery.countdown_init.js?ver=6.9.4 HTTP/1.1" 200 1599 "http://www.cvevolpi.it/wp-content/plugins/galex_827aff9a/cache_a3a60052.php" "Mozilla/5.0 (Linux; Android 10; HUAWEI P30 Pro) AppleWebKit/537.36 (KHTML, like Gecko) Chrome/89.0.4389.105 Mobile Safari/537.36"
123.6.49.19 - - [28/Jul/2026:13:09:30 +0200] "GET /wp-content/themes/sentinel/style.css HTTP/1.1" 200 174977 "http://www.cvevolpi.it/wp-content/plugins/galex_827aff9a/cache_a3a60052.php" "Mozilla/5.0 (Linux; Android 10; HUAWEI P30 Pro) AppleWebKit/537.36 (KHTML, like Gecko) Chrome/89.0.4389.105 Mobile Safari/537.36"
123.6.49.44 - - [28/Jul/2026:13:09:30 +0200] "GET /wp-content/themes/sentinel/scripts/retinajs/retina-1.1.0-ff-updt.min.js?ver=6.9.4 HTTP/1.1" 200 275 "http://www.cvevolpi.it/wp-content/plugins/galex_827aff9a/cache_a3a60052.php" "Mozilla/5.0 (Linux; Android 10; HUAWEI P30 Pro) AppleWebKit/537.36 (KHTML, like Gecko) Chrome/89.0.4389.105 Mobile Safari/537.36"
123.6.49.50 - - [28/Jul/2026:13:09:30 +0200] "GET /wp-content/uploads/2017/02/logo2017.jpg HTTP/1.1" 200 231 "http://www.cvevolpi.it/wp-content/plugins/galex_827aff9a/cache_a3a60052.php" "Mozilla/5.0 (Linux; Android 10; HUAWEI P30 Pro) AppleWebKit/537.36 (KHTML, like Gecko) Chrome/89.0.4389.105 Mobile Safari/537.36"
123.6.49.15 - - [28/Jul/2026:13:09:30 +0200] "GET /wp-content/plugins/revslider/public/assets/js/rbtools.min.js?ver=6.6.20 HTTP/1.1" 200 264 "http://www.cvevolpi.it/wp-content/plugins/galex_827aff9a/cache_a3a60052.php" "Mozilla/5.0 (Linux; Android 10; HUAWEI P30 Pro) AppleWebKit/537.36 (KHTML, like Gecko) Chrome/89.0.4389.105 Mobile Safari/537.36"
123.6.49.47 - - [28/Jul/2026:13:09:30 +0200] "GET /wp-content/themes/sentinel/scripts/countdown/jquery.countdown_init.js?ver=6.9.4 HTTP/1.1" 200 273 "http://www.cvevolpi.it/wp-content/plugins/galex_827aff9a/cache_a3a60052.php" "Mozilla/5.0 (Linux; Android 10; HUAWEI P30 Pro) AppleWebKit/537.36 (KHTML, like Gecko) Chrome/89.0.4389.105 Mobile Safari/537.36"
123.6.49.44 - - [28/Jul/2026:13:09:30 +0200] "GET /wp-content/plugins/revslider/public/assets/js/rs6.min.js?ver=6.6.20 HTTP/1.1" 200 260 "http://www.cvevolpi.it/wp-content/plugins/galex_827aff9a/cache_a3a60052.php" "Mozilla/5.0 (Linux; Android 10; HUAWEI P30 Pro) AppleWebKit/537.36 (KHTML, like Gecko) Chrome/89.0.4389.105 Mobile Safari/537.36"
123.6.49.15 - - [28/Jul/2026:13:09:31 +0200] "GET /wp-content/plugins/revslider/public/assets/js/rbtools.min.js?ver=6.6.20 HTTP/1.1" 200 165339 "http://www.cvevolpi.it/wp-content/plugins/galex_827aff9a/cache_a3a60052.php" "Mozilla/5.0 (Linux; Android 10; HUAWEI P30 Pro) AppleWebKit/537.36 (KHTML, like Gecko) Chrome/89.0.4389.105 Mobile Safari/537.36"
123.6.49.44 - - [28/Jul/2026:13:09:31 +0200] "GET /wp-content/plugins/revslider/public/assets/js/rs6.min.js?ver=6.6.20 HTTP/1.1" 200 410361 "http://www.cvevolpi.it/wp-content/plugins/galex_827aff9a/cache_a3a60052.php" "Mozilla/5.0 (Linux; Android 10; HUAWEI P30 Pro) AppleWebKit/537.36 (KHTML, like Gecko) Chrome/89.0.4389.105 Mobile Safari/537.36"
123.6.49.12 - - [28/Jul/2026:13:09:32 +0200] "GET /wp-content/themes/sentinel%204.1/favicon.ico HTTP/1.1" 404 52371 "-" "Mozilla/5.0 (Windows NT 10.0; WOW64) AppleWebKit/537.36 (KHTML, like Gecko) Chrome/129.0.3904.108 Safari/537.36"
123.6.49.44 - - [28/Jul/2026:13:09:35 +0200] "GET /wp-content/themes/sentinel%204.1/favicon.ico HTTP/1.1" 404 52371 "-" "Mozilla/5.0 (Windows NT 10.0; Win64; x64) AppleWebKit/537.36 (KHTML, like Gecko) Chrome/120.0.0.0 Safari/537.36"
123.6.49.15 - - [28/Jul/2026:13:11:02 +0200] "GET /costruzioni/ HTTP/1.1" 200 17666 "-" "Mozilla/5.0 (Linux; U; Android 8.1.0; zh-cn; MI 8 Build/OPM1.171019.011) AppleWebKit/537.36 (KHTML, like Gecko) Version/4.0 Chrome/57.0.2987.108 Mobile Safari/537.36"
27.115.124.38 - - [28/Jul/2026:13:11:02 +0200] "GET /azienda/ HTTP/1.1" 200 14649 "-" "Mozilla/5.0 (Linux; Android 11; V2055A) AppleWebKit/537.36 (KHTML, like Gecko) Chrome/91.0.4472.101 Mobile Safari/537.36"
27.115.124.45 - - [28/Jul/2026:13:11:03 +0200] "GET /wp-content/themes/sentinel/vc.css?ver=6.9.4 HTTP/1.1" 200 223 "http://www.cvevolpi.it/azienda/" "Mozilla/5.0 (Linux; Android 11; V2055A) AppleWebKit/537.36 (KHTML, like Gecko) Chrome/91.0.4472.101 Mobile Safari/537.36"
27.115.124.45 - - [28/Jul/2026:13:11:03 +0200] "GET /wp-content/plugins/contact-form-7/includes/css/styles.css?ver=6.1.5 HTTP/1.1" 200 247 "http://www.cvevolpi.it/azienda/" "Mozilla/5.0 (Linux; Android 11; V2055A) AppleWebKit/537.36 (KHTML, like Gecko) Chrome/91.0.4472.101 Mobile Safari/537.36"
27.115.124.101 - - [28/Jul/2026:13:11:03 +0200] "GET /wp-content/plugins/cookie-law-info/legacy/public/css/cookie-law-info-public.css?ver=3.4.0 HTTP/1.1" 200 269 "http://www.cvevolpi.it/azienda/" "Mozilla/5.0 (Linux; Android 11; V2055A) AppleWebKit/537.36 (KHTML, like Gecko) Chrome/91.0.4472.101 Mobile Safari/537.36"
27.115.124.38 - - [28/Jul/2026:13:11:03 +0200] "GET /wp-content/plugins/cookie-law-info/legacy/public/css/cookie-law-info-gdpr.css?ver=3.4.0 HTTP/1.1" 200 267 "http://www.cvevolpi.it/azienda/" "Mozilla/5.0 (Linux; Android 11; V2055A) AppleWebKit/537.36 (KHTML, like Gecko) Chrome/91.0.4472.101 Mobile Safari/537.36"
27.115.124.109 - - [28/Jul/2026:13:11:03 +0200] "GET /wp-content/themes/sentinel-child/style.css?ver=6.9.4 HTTP/1.1" 200 478 "http://www.cvevolpi.it/azienda/" "Mozilla/5.0 (Linux; Android 11; V2055A) AppleWebKit/537.36 (KHTML, like Gecko) Chrome/91.0.4472.101 Mobile Safari/537.36"
27.115.124.6 - - [28/Jul/2026:13:11:03 +0200] "GET /wp-content/plugins/ffPackeryGallery/style_pack.css?ver=6.9.4 HTTP/1.1" 200 240 "http://www.cvevolpi.it/azienda/" "Mozilla/5.0 (Linux; Android 11; V2055A) AppleWebKit/537.36 (KHTML, like Gecko) Chrome/91.0.4472.101 Mobile Safari/537.36"
27.115.124.70 - - [28/Jul/2026:13:11:03 +0200] "GET /wp-content/themes/sentinel/retina.css?ver=6.9.4 HTTP/1.1" 200 227 "http://www.cvevolpi.it/azienda/" "Mozilla/5.0 (Linux; Android 11; V2055A) AppleWebKit/537.36 (KHTML, like Gecko) Chrome/91.0.4472.101 Mobile Safari/537.36"
27.115.124.45 - - [28/Jul/2026:13:11:03 +0200] "GET / HTTP/1.1" 200 17568 "-" "Mozilla/5.0 (Linux; Android 11; CPH2185) AppleWebKit/537.36 (KHTML, like Gecko) Chrome/91.0.4472.101 Mobile Safari/537.36"
27.115.124.101 - - [28/Jul/2026:13:11:03 +0200] "GET /wp-content/themes/sentinel/responsive.css?ver=6.9.4 HTTP/1.1" 200 231 "http://www.cvevolpi.it/azienda/" "Mozilla/5.0 (Linux; Android 11; V2055A) AppleWebKit/537.36 (KHTML, like Gecko) Chrome/91.0.4472.101 Mobile Safari/537.36"
27.115.124.45 - - [28/Jul/2026:13:11:03 +0200] "GET /wp-content/themes/sentinel/skins/cobalt/cobalt.css?ver=6.9.4 HTTP/1.1" 200 240 "http://www.cvevolpi.it/azienda/" "Mozilla/5.0 (Linux; Android 11; V2055A) AppleWebKit/537.36 (KHTML, like Gecko) Chrome/91.0.4472.101 Mobile Safari/537.36"
27.115.124.38 - - [28/Jul/2026:13:11:03 +0200] "GET /wp-content/themes/sentinel/scripts/bxslider/jquery.bxslider.css?ver=6.9.4 HTTP/1.1" 200 253 "http://www.cvevolpi.it/azienda/" "Mozilla/5.0 (Linux; Android 11; V2055A) AppleWebKit/537.36 (KHTML, like Gecko) Chrome/91.0.4472.101 Mobile Safari/537.36"
27.115.124.6 - - [28/Jul/2026:13:11:03 +0200] "GET /wp-content/themes/sentinel/scripts/rs-plugin/css/settings.css?ver=6.9.4 HTTP/1.1" 200 251 "http://www.cvevolpi.it/azienda/" "Mozilla/5.0 (Linux; Android 11; V2055A) AppleWebKit/537.36 (KHTML, like Gecko) Chrome/91.0.4472.101 Mobile Safari/537.36"
27.115.124.101 - - [28/Jul/2026:13:11:03 +0200] "GET /wp-content/themes/sentinel/scripts/magnific-popup/magnific-popup-anim.css?ver=6.9.4 HTTP/1.1" 200 263 "http://www.cvevolpi.it/azienda/" "Mozilla/5.0 (Linux; Android 11; V2055A) AppleWebKit/537.36 (KHTML, like Gecko) Chrome/91.0.4472.101 Mobile Safari/537.36"
27.115.124.45 - - [28/Jul/2026:13:11:03 +0200] "GET /wp-content/themes/sentinel/scripts/fontawesome/css/font-awesome.min.css?ver=6.9.4 HTTP/1.1" 200 261 "http://www.cvevolpi.it/azienda/" "Mozilla/5.0 (Linux; Android 11; V2055A) AppleWebKit/537.36 (KHTML, like Gecko) Chrome/91.0.4472.101 Mobile Safari/537.36"
27.115.124.109 - - [28/Jul/2026:13:11:03 +0200] "GET /wp-content/themes/sentinel/scripts/magnific-popup/magnific-popup.css?ver=6.9.4 HTTP/1.1" 200 258 "http://www.cvevolpi.it/azienda/" "Mozilla/5.0 (Linux; Android 11; V2055A) AppleWebKit/537.36 (KHTML, like Gecko) Chrome/91.0.4472.101 Mobile Safari/537.36"
27.115.124.6 - - [28/Jul/2026:13:11:03 +0200] "GET /wp-content/themes/sentinel/vc.css?ver=6.9.4 HTTP/1.1" 200 223 "http://www.cvevolpi.it/" "Mozilla/5.0 (Linux; Android 11; CPH2185) AppleWebKit/537.36 (KHTML, like Gecko) Chrome/91.0.4472.101 Mobile Safari/537.36"
27.115.124.70 - - [28/Jul/2026:13:11:03 +0200] "GET /wp-content/themes/sentinel/scripts/entypo/entypo.css?ver=6.9.4 HTTP/1.1" 200 242 "http://www.cvevolpi.it/azienda/" "Mozilla/5.0 (Linux; Android 11; V2055A) AppleWebKit/537.36 (KHTML, like Gecko) Chrome/91.0.4472.101 Mobile Safari/537.36"
27.115.124.45 - - [28/Jul/2026:13:11:03 +0200] "GET /wp-content/plugins/contact-form-7/includes/css/styles.css?ver=6.1.5 HTTP/1.1" 200 247 "http://www.cvevolpi.it/" "Mozilla/5.0 (Linux; Android 11; CPH2185) AppleWebKit/537.36 (KHTML, like Gecko) Chrome/91.0.4472.101 Mobile Safari/537.36"
27.115.124.38 - - [28/Jul/2026:13:11:03 +0200] "GET /wp-content/themes/sentinel/scripts/zocial/zocial.css?ver=6.9.4 HTTP/1.1" 200 242 "http://www.cvevolpi.it/azienda/" "Mozilla/5.0 (Linux; Android 11; V2055A) AppleWebKit/537.36 (KHTML, like Gecko) Chrome/91.0.4472.101 Mobile Safari/537.36"
27.115.124.118 - - [28/Jul/2026:13:11:03 +0200] "GET /wp-content/plugins/cookie-law-info/legacy/public/css/cookie-law-info-gdpr.css?ver=3.4.0 HTTP/1.1" 200 267 "http://www.cvevolpi.it/" "Mozilla/5.0 (Linux; Android 11; CPH2185) AppleWebKit/537.36 (KHTML, like Gecko) Chrome/91.0.4472.101 Mobile Safari/537.36"
27.115.124.101 - - [28/Jul/2026:13:11:03 +0200] "GET /wp-content/plugins/js_composer/assets/css/js_composer.min.css?ver=6.4.2 HTTP/1.1" 200 251 "http://www.cvevolpi.it/azienda/" "Mozilla/5.0 (Linux; Android 11; V2055A) AppleWebKit/537.36 (KHTML, like Gecko) Chrome/91.0.4472.101 Mobile Safari/537.36"
27.115.124.45 - - [28/Jul/2026:13:11:03 +0200] "GET /wp-content/themes/sentinel/vc.css?ver=6.9.4 HTTP/1.1" 200 10003 "http://www.cvevolpi.it/azienda/" "Mozilla/5.0 (Linux; Android 11; V2055A) AppleWebKit/537.36 (KHTML, like Gecko) Chrome/91.0.4472.101 Mobile Safari/537.36"
27.115.124.45 - - [28/Jul/2026:13:11:03 +0200] "GET /wp-content/plugins/contact-form-7/includes/css/styles.css?ver=6.1.5 HTTP/1.1" 200 2947 "http://www.cvevolpi.it/azienda/" "Mozilla/5.0 (Linux; Android 11; V2055A) AppleWebKit/537.36 (KHTML, like Gecko) Chrome/91.0.4472.101 Mobile Safari/537.36"
27.115.124.101 - - [28/Jul/2026:13:11:03 +0200] "GET /wp-content/plugins/cookie-law-info/legacy/public/css/cookie-law-info-public.css?ver=3.4.0 HTTP/1.1" 200 3106 "http://www.cvevolpi.it/azienda/" "Mozilla/5.0 (Linux; Android 11; V2055A) AppleWebKit/537.36 (KHTML, like Gecko) Chrome/91.0.4472.101 Mobile Safari/537.36"
27.115.124.38 - - [28/Jul/2026:13:11:03 +0200] "GET /wp-content/plugins/cookie-law-info/legacy/public/css/cookie-law-info-gdpr.css?ver=3.4.0 HTTP/1.1" 200 27249 "http://www.cvevolpi.it/azienda/" "Mozilla/5.0 (Linux; Android 11; V2055A) AppleWebKit/537.36 (KHTML, like Gecko) Chrome/91.0.4472.101 Mobile Safari/537.36"
27.115.124.6 - - [28/Jul/2026:13:11:03 +0200] "GET /wp-content/plugins/ffPackeryGallery/style_pack.css?ver=6.9.4 HTTP/1.1" 200 4566 "http://www.cvevolpi.it/azienda/" "Mozilla/5.0 (Linux; Android 11; V2055A) AppleWebKit/537.36 (KHTML, like Gecko) Chrome/91.0.4472.101 Mobile Safari/537.36"
27.115.124.70 - - [28/Jul/2026:13:11:03 +0200] "GET /wp-content/themes/sentinel/retina.css?ver=6.9.4 HTTP/1.1" 200 6377 "http://www.cvevolpi.it/azienda/" "Mozilla/5.0 (Linux; Android 11; V2055A) AppleWebKit/537.36 (KHTML, like Gecko) Chrome/91.0.4472.101 Mobile Safari/537.36"
27.115.124.101 - - [28/Jul/2026:13:11:03 +0200] "GET /wp-content/themes/sentinel/responsive.css?ver=6.9.4 HTTP/1.1" 200 9072 "http://www.cvevolpi.it/azienda/" "Mozilla/5.0 (Linux; Android 11; V2055A) AppleWebKit/537.36 (KHTML, like Gecko) Chrome/91.0.4472.101 Mobile Safari/537.36"
27.115.124.45 - - [28/Jul/2026:13:11:03 +0200] "GET /wp-content/themes/sentinel/skins/cobalt/cobalt.css?ver=6.9.4 HTTP/1.1" 200 10144 "http://www.cvevolpi.it/azienda/" "Mozilla/5.0 (Linux; Android 11; V2055A) AppleWebKit/537.36 (KHTML, like Gecko) Chrome/91.0.4472.101 Mobile Safari/537.36"
27.115.124.38 - - [28/Jul/2026:13:11:03 +0200] "GET /wp-content/themes/sentinel/scripts/bxslider/jquery.bxslider.css?ver=6.9.4 HTTP/1.1" 200 4040 "http://www.cvevolpi.it/azienda/" "Mozilla/5.0 (Linux; Android 11; V2055A) AppleWebKit/537.36 (KHTML, like Gecko) Chrome/91.0.4472.101 Mobile Safari/537.36"
27.115.124.6 - - [28/Jul/2026:13:11:03 +0200] "GET /wp-content/themes/sentinel/scripts/rs-plugin/css/settings.css?ver=6.9.4 HTTP/1.1" 200 37202 "http://www.cvevolpi.it/azienda/" "Mozilla/5.0 (Linux; Android 11; V2055A) AppleWebKit/537.36 (KHTML, like Gecko) Chrome/91.0.4472.101 Mobile Safari/537.36"
27.115.124.101 - - [28/Jul/2026:13:11:03 +0200] "GET /wp-content/themes/sentinel/scripts/magnific-popup/magnific-popup-anim.css?ver=6.9.4 HTTP/1.1" 200 13870 "http://www.cvevolpi.it/azienda/" "Mozilla/5.0 (Linux; Android 11; V2055A) AppleWebKit/537.36 (KHTML, like Gecko) Chrome/91.0.4472.101 Mobile Safari/537.36"
27.115.124.45 - - [28/Jul/2026:13:11:03 +0200] "GET /wp-content/themes/sentinel/scripts/fontawesome/css/font-awesome.min.css?ver=6.9.4 HTTP/1.1" 200 22487 "http://www.cvevolpi.it/azienda/" "Mozilla/5.0 (Linux; Android 11; V2055A) AppleWebKit/537.36 (KHTML, like Gecko) Chrome/91.0.4472.101 Mobile Safari/537.36"
27.115.124.109 - - [28/Jul/2026:13:11:03 +0200] "GET /wp-content/themes/sentinel/scripts/magnific-popup/magnific-popup.css?ver=6.9.4 HTTP/1.1" 200 9687 "http://www.cvevolpi.it/azienda/" "Mozilla/5.0 (Linux; Android 11; V2055A) AppleWebKit/537.36 (KHTML, like Gecko) Chrome/91.0.4472.101 Mobile Safari/537.36"
27.115.124.6 - - [28/Jul/2026:13:11:03 +0200] "GET /wp-content/themes/sentinel/vc.css?ver=6.9.4 HTTP/1.1" 200 10003 "http://www.cvevolpi.it/" "Mozilla/5.0 (Linux; Android 11; CPH2185) AppleWebKit/537.36 (KHTML, like Gecko) Chrome/91.0.4472.101 Mobile Safari/537.36"
27.115.124.70 - - [28/Jul/2026:13:11:03 +0200] "GET /wp-content/themes/sentinel/scripts/entypo/entypo.css?ver=6.9.4 HTTP/1.1" 200 13982 "http://www.cvevolpi.it/azienda/" "Mozilla/5.0 (Linux; Android 11; V2055A) AppleWebKit/537.36 (KHTML, like Gecko) Chrome/91.0.4472.101 Mobile Safari/537.36"
27.115.124.45 - - [28/Jul/2026:13:11:03 +0200] "GET /wp-content/plugins/contact-form-7/includes/css/styles.css?ver=6.1.5 HTTP/1.1" 200 2947 "http://www.cvevolpi.it/" "Mozilla/5.0 (Linux; Android 11; CPH2185) AppleWebKit/537.36 (KHTML, like Gecko) Chrome/91.0.4472.101 Mobile Safari/537.36"
27.115.124.38 - - [28/Jul/2026:13:11:03 +0200] "GET /wp-content/themes/sentinel/scripts/zocial/zocial.css?ver=6.9.4 HTTP/1.1" 200 6922 "http://www.cvevolpi.it/azienda/" "Mozilla/5.0 (Linux; Android 11; V2055A) AppleWebKit/537.36 (KHTML, like Gecko) Chrome/91.0.4472.101 Mobile Safari/537.36"
27.115.124.118 - - [28/Jul/2026:13:11:03 +0200] "GET /wp-content/plugins/cookie-law-info/legacy/public/css/cookie-law-info-gdpr.css?ver=3.4.0 HTTP/1.1" 200 27249 "http://www.cvevolpi.it/" "Mozilla/5.0 (Linux; Android 11; CPH2185) AppleWebKit/537.36 (KHTML, like Gecko) Chrome/91.0.4472.101 Mobile Safari/537.36"
27.115.124.45 - - [28/Jul/2026:13:11:04 +0200] "GET /wp-content/plugins/cookie-law-info/legacy/public/css/cookie-law-info-public.css?ver=3.4.0 HTTP/1.1" 200 3106 "http://www.cvevolpi.it/" "Mozilla/5.0 (Linux; Android 11; CPH2185) AppleWebKit/537.36 (KHTML, like Gecko) Chrome/91.0.4472.101 Mobile Safari/537.36"
27.115.124.45 - - [28/Jul/2026:13:11:04 +0200] "GET /wp-content/plugins/revslider/public/assets/css/rs6.css?ver=6.6.20 HTTP/1.1" 200 58327 "http://www.cvevolpi.it/azienda/" "Mozilla/5.0 (Linux; Android 11; V2055A) AppleWebKit/537.36 (KHTML, like Gecko) Chrome/91.0.4472.101 Mobile Safari/537.36"
27.115.124.6 - - [28/Jul/2026:13:11:04 +0200] "GET /wp-content/plugins/ffPackeryGallery/style_pack.css?ver=6.9.4 HTTP/1.1" 200 4566 "http://www.cvevolpi.it/" "Mozilla/5.0 (Linux; Android 11; CPH2185) AppleWebKit/537.36 (KHTML, like Gecko) Chrome/91.0.4472.101 Mobile Safari/537.36"
27.115.124.45 - - [28/Jul/2026:13:11:04 +0200] "GET /wp-content/themes/sentinel/retina.css?ver=6.9.4 HTTP/1.1" 200 6377 "http://www.cvevolpi.it/" "Mozilla/5.0 (Linux; Android 11; CPH2185) AppleWebKit/537.36 (KHTML, like Gecko) Chrome/91.0.4472.101 Mobile Safari/537.36"
27.115.124.70 - - [28/Jul/2026:13:11:04 +0200] "GET /wp-includes/js/jquery/jquery.min.js?ver=3.7.1 HTTP/1.1" 200 87553 "http://www.cvevolpi.it/azienda/" "Mozilla/5.0 (Linux; Android 11; V2055A) AppleWebKit/537.36 (KHTML, like Gecko) Chrome/91.0.4472.101 Mobile Safari/537.36"
27.115.124.38 - - [28/Jul/2026:13:11:04 +0200] "GET /wp-includes/js/jquery/jquery-migrate.min.js?ver=3.4.1 HTTP/1.1" 200 13577 "http://www.cvevolpi.it/azienda/" "Mozilla/5.0 (Linux; Android 11; V2055A) AppleWebKit/537.36 (KHTML, like Gecko) Chrome/91.0.4472.101 Mobile Safari/537.36"
27.115.124.6 - - [28/Jul/2026:13:11:04 +0200] "GET /wp-content/plugins/cookie-law-info/legacy/public/js/cookie-law-info-public.js?ver=3.4.0 HTTP/1.1" 200 34185 "http://www.cvevolpi.it/azienda/" "Mozilla/5.0 (Linux; Android 11; V2055A) AppleWebKit/537.36 (KHTML, like Gecko) Chrome/91.0.4472.101 Mobile Safari/537.36"
27.115.124.45 - - [28/Jul/2026:13:11:04 +0200] "GET /wp-content/themes/sentinel/responsive.css?ver=6.9.4 HTTP/1.1" 200 9072 "http://www.cvevolpi.it/" "Mozilla/5.0 (Linux; Android 11; CPH2185) AppleWebKit/537.36 (KHTML, like Gecko) Chrome/91.0.4472.101 Mobile Safari/537.36"
27.115.124.70 - - [28/Jul/2026:13:11:04 +0200] "GET /wp-content/themes/sentinel/scripts/bxslider/jquery.bxslider.css?ver=6.9.4 HTTP/1.1" 200 4040 "http://www.cvevolpi.it/" "Mozilla/5.0 (Linux; Android 11; CPH2185) AppleWebKit/537.36 (KHTML, like Gecko) Chrome/91.0.4472.101 Mobile Safari/537.36"
27.115.124.45 - - [28/Jul/2026:13:11:04 +0200] "GET /wp-content/themes/sentinel/scripts/rs-plugin/css/settings.css?ver=6.9.4 HTTP/1.1" 200 37202 "http://www.cvevolpi.it/" "Mozilla/5.0 (Linux; Android 11; CPH2185) AppleWebKit/537.36 (KHTML, like Gecko) Chrome/91.0.4472.101 Mobile Safari/537.36"
27.115.124.6 - - [28/Jul/2026:13:11:04 +0200] "GET /wp-content/themes/sentinel/skins/cobalt/cobalt.css?ver=6.9.4 HTTP/1.1" 200 10144 "http://www.cvevolpi.it/" "Mozilla/5.0 (Linux; Android 11; CPH2185) AppleWebKit/537.36 (KHTML, like Gecko) Chrome/91.0.4472.101 Mobile Safari/537.36"
27.115.124.109 - - [28/Jul/2026:13:11:04 +0200] "GET /wp-content/themes/sentinel/style.css HTTP/1.1" 200 174977 "http://www.cvevolpi.it/azienda/" "Mozilla/5.0 (Linux; Android 11; V2055A) AppleWebKit/537.36 (KHTML, like Gecko) Chrome/91.0.4472.101 Mobile Safari/537.36"
27.115.124.118 - - [28/Jul/2026:13:11:04 +0200] "GET /wp-content/themes/sentinel/scripts/magnific-popup/magnific-popup.css?ver=6.9.4 HTTP/1.1" 200 9687 "http://www.cvevolpi.it/" "Mozilla/5.0 (Linux; Android 11; CPH2185) AppleWebKit/537.36 (KHTML, like Gecko) Chrome/91.0.4472.101 Mobile Safari/537.36"
27.115.124.45 - - [28/Jul/2026:13:11:04 +0200] "GET /wp-content/themes/sentinel/scripts/magnific-popup/magnific-popup-anim.css?ver=6.9.4 HTTP/1.1" 200 13870 "http://www.cvevolpi.it/" "Mozilla/5.0 (Linux; Android 11; CPH2185) AppleWebKit/537.36 (KHTML, like Gecko) Chrome/91.0.4472.101 Mobile Safari/537.36"
27.115.124.38 - - [28/Jul/2026:13:11:04 +0200] "GET /wp-content/themes/sentinel/scripts/bxslider/jquery.bxslider.min.js?ver=6.9.4 HTTP/1.1" 200 19368 "http://www.cvevolpi.it/azienda/" "Mozilla/5.0 (Linux; Android 11; V2055A) AppleWebKit/537.36 (KHTML, like Gecko) Chrome/91.0.4472.101 Mobile Safari/537.36"
27.115.124.6 - - [28/Jul/2026:13:11:04 +0200] "GET /wp-content/themes/sentinel/scripts/caroufredsel/jquery.caroufredsel.min.js?ver=6.9.4 HTTP/1.1" 200 54795 "http://www.cvevolpi.it/azienda/" "Mozilla/5.0 (Linux; Android 11; V2055A) AppleWebKit/537.36 (KHTML, like Gecko) Chrome/91.0.4472.101 Mobile Safari/537.36"
123.6.49.47 - - [28/Jul/2026:13:11:04 +0200] "GET /wp-content/themes/sentinel/vc.css?ver=6.9.4 HTTP/1.1" 200 10003 "http://www.cvevolpi.it/costruzioni/" "Mozilla/5.0 (Linux; U; Android 8.1.0; zh-cn; MI 8 Build/OPM1.171019.011) AppleWebKit/537.36 (KHTML, like Gecko) Version/4.0 Chrome/57.0.2987.108 Mobile Safari/537.36"
